{"id":344,"date":"2017-06-23T15:44:44","date_gmt":"2017-06-23T13:44:44","guid":{"rendered":"https:\/\/www.nature-conservation-ubfc.com\/emme\/?page_id=344"},"modified":"2025-12-08T08:53:30","modified_gmt":"2025-12-08T07:53:30","slug":"inscription","status":"publish","type":"page","link":"https:\/\/www.nature-conservation-ubfc.com\/emme\/fr\/inscription\/","title":{"rendered":"Inscription"},"content":{"rendered":"<p>[et_pb_section bb_built=\u00a0\u00bb1&Prime; admin_label=\u00a0\u00bbsection\u00a0\u00bb inner_width=\u00a0\u00bb90%\u00a0\u00bb inner_max_width=\u00a0\u00bb1200px\u00a0\u00bb background_color_gradient_stops=\u00a0\u00bb#2b87da 0%|#29c4a9 100%\u00a0\u00bb][et_pb_row admin_label=\u00a0\u00bbrow\u00a0\u00bb background_position=\u00a0\u00bbtop_left\u00a0\u00bb background_repeat=\u00a0\u00bbrepeat\u00a0\u00bb background_size=\u00a0\u00bbinitial\u00a0\u00bb width=\u00a0\u00bb90%\u00a0\u00bb max_width=\u00a0\u00bb1200px\u00a0\u00bb _builder_version=\u00a0\u00bb4.11.4&Prime; background_color_gradient_stops=\u00a0\u00bb#2b87da 0%|#29c4a9 100%\u00a0\u00bb][et_pb_column type=\u00a0\u00bb4_4&Prime; custom_padding__hover=\u00a0\u00bb|||\u00a0\u00bb custom_padding=\u00a0\u00bb|||\u00a0\u00bb background_color_gradient_stops=\u00a0\u00bb#2b87da 0%|#29c4a9 100%\u00a0\u00bb][et_pb_text _builder_version=\u00a0\u00bb4.25.1&Prime; background_layout=\u00a0\u00bblight\u00a0\u00bb text_orientation=\u00a0\u00bbleft\u00a0\u00bb background_color_gradient_stops=\u00a0\u00bb#2b87da 0%|#29c4a9 100%\u00a0\u00bb]<\/p>\n<p>Capacit\u00e9 d\u2019accueil : 16 \u00e9tudiants en M1 et en M2<\/p>\n<p>Enseign\u00e9 en anglais \u00e0 85%, avec tous les supports et examens pouvant \u00eatre fournis en anglais \u00e9galement.<\/p>\n<p>NOUVEAU (8\/12\/2026): D\u00e9p\u00f4t du dossier de candidature sur (i) eCandidat <strong>pour les candidats nationaux <\/strong>(r\u00e9sidant en France)<strong> et internationaux<\/strong> (hors proc\u00e9dure \u00c9tudes en France) <strong>du 2 f\u00e9vrier au 15 avril 2026<\/strong>; (ii) sur Campus France (proc\u00e9dure \u00c9tudes en France) du <strong>19 janvier au 12 mars 2026<\/strong>.<\/p>\n<p>Pour postuler, cliquez sur <a href=\"http:\/\/admission.univ-fcomte.fr\/procedure.php\" target=\"_blank\" rel=\"noopener noreferrer\">http:\/\/admission.univ-fcomte.fr\/procedure.php<\/a><\/p>\n<p><strong>Constitution du dossier de candidature :<\/strong><\/p>\n<ul>\n<li>Un CV rappelant les \u00e9tapes du cursus, les mentions obtenues et toute autre exp\u00e9rience (stage, exp\u00e9rience professionnelle) permettant d&rsquo;appr\u00e9cier les acquis et comp\u00e9tences<\/li>\n<li>Une copie de chaque dipl\u00f4me obtenu apr\u00e8s le baccalaur\u00e9at<\/li>\n<li>Un relev\u00e9 de notes de chaque semestre du cursus de licence (jusqu&rsquo;au premier semestre de L3 au moins)<\/li>\n<li>Une lettre de motivation pr\u00e9cisant le projet professionnel<\/li>\n<li>Deux avis d&rsquo;enseignants ou\/et encadrants impliqu\u00e9s dans le cursus pr\u00e9c\u00e9dent ou\/et l&rsquo;encadrement de stage<\/li>\n<li>Dans le cas d&rsquo;un Master en d&rsquo;alternance: une lettre d&rsquo;un potentiel employeur attestant d&rsquo;un contact ou d&rsquo;un engagement<\/li>\n<\/ul>\n<p><strong>Conditions d&rsquo;examen des candidatures :<\/strong><\/p>\n<ul>\n<li>Examen par la commission de recrutement du parcours EMME<\/li>\n<li>Apr\u00e8s examen des dossiers de candidature, un nombre restreint de candidats pourra \u00eatre retenu pour un entretien t\u00e9l\u00e9phonique individuel avec les membres de la commission de recrutement<\/li>\n<\/ul>\n<p><strong>Crit\u00e8res d&rsquo;examen des candidatures :<\/strong><\/p>\n<ul>\n<li style=\"list-style-type: none\">\n<ul>\n<li style=\"list-style-type: none\">\n<ul>\n<li>Ad\u00e9quation du cursus (mention et parcours suivis en licence)<\/li>\n<li>Qualit\u00e9 du cursus (notes globales obtenues \u00e0 chaque semestre de licence, classement dans les promotions, mentions)<\/li>\n<li>Stages effectu\u00e9s dans le cursus et hors cursus (coh\u00e9rence th\u00e9matique, dur\u00e9e, \u00e9ventuellement \u00e9valuation appliqu\u00e9e)<\/li>\n<li>Motivation et projet professionnel<\/li>\n<li>Avis des personnes r\u00e9f\u00e9rentes (enseignants, encadrants).<\/li>\n<\/ul>\n<\/li>\n<\/ul>\n<\/li>\n<\/ul>\n<p><strong>Pr\u00e9-requis :<\/strong><\/p>\n<p>Licence en Biologie &#8211; Ecologie ou \u00e9quivalent<\/p>\n<p>Connaissances de base en biologie, \u00e9cologie, biostatistique, anglais (niveau B1 minimum, B2 conseill\u00e9)<\/p>\n<p>[\/et_pb_text][\/et_pb_column][\/et_pb_row][\/et_pb_section]<\/p>\n","protected":false},"excerpt":{"rendered":"<p>Capacit\u00e9 d\u2019accueil : 16 \u00e9tudiants en M1 et en M2Enseign\u00e9 en anglais \u00e0 85%, avec tous les supports et examens pouvant \u00eatre fournis en anglais \u00e9galement.NOUVEAU (8\/12\/2026): D\u00e9p\u00f4t du dossier de candidature sur (i) eCandidat pour les candidats nationaux (r\u00e9sidant en France) et internationaux (hors proc\u00e9dure \u00c9tudes en France) du 2 f\u00e9vrier au 15 avril [&hellip;]<\/p>\n","protected":false},"author":4,"featured_media":0,"parent":0,"menu_order":0,"comment_status":"closed","ping_status":"closed","template":"","meta":{"_et_pb_use_builder":"on","_et_pb_old_content":"","_et_gb_content_width":"","footnotes":""},"yoast_head":"<!-- This site is optimized with the Yoast SEO plugin v22.8 - https:\/\/yoast.com\/wordpress\/plugins\/seo\/ -->\n<title>Inscription - EMME<\/title>\n<meta name=\"robots\" content=\"index, follow, max-snippet:-1, max-image-preview:large, max-video-preview:-1\" \/>\n<link rel=\"canonical\" href=\"https:\/\/www.nature-conservation-ubfc.com\/emme\/fr\/inscription\/\" \/>\n<meta property=\"og:locale\" content=\"fr_FR\" \/>\n<meta property=\"og:type\" content=\"article\" \/>\n<meta property=\"og:title\" content=\"Inscription - EMME\" \/>\n<meta property=\"og:description\" content=\"Capacit\u00e9 d\u2019accueil : 16 \u00e9tudiants en M1 et en M2Enseign\u00e9 en anglais \u00e0 85%, avec tous les supports et examens pouvant \u00eatre fournis en anglais \u00e9galement.NOUVEAU (8\/12\/2026): D\u00e9p\u00f4t du dossier de candidature sur (i) eCandidat pour les candidats nationaux (r\u00e9sidant en France) et internationaux (hors proc\u00e9dure \u00c9tudes en France) du 2 f\u00e9vrier au 15 avril [&hellip;]\" \/>\n<meta property=\"og:url\" content=\"https:\/\/www.nature-conservation-ubfc.com\/emme\/fr\/inscription\/\" \/>\n<meta property=\"og:site_name\" content=\"EMME\" \/>\n<meta property=\"article:modified_time\" content=\"2025-12-08T07:53:30+00:00\" \/>\n<meta name=\"twitter:card\" content=\"summary_large_image\" \/>\n<meta name=\"twitter:label1\" content=\"Dur\u00e9e de lecture estim\u00e9e\" \/>\n\t<meta name=\"twitter:data1\" content=\"2 minutes\" \/>\n<script type=\"application\/ld+json\" class=\"yoast-schema-graph\">{\"@context\":\"https:\/\/schema.org\",\"@graph\":[{\"@type\":\"WebPage\",\"@id\":\"https:\/\/www.nature-conservation-ubfc.com\/emme\/fr\/inscription\/\",\"url\":\"https:\/\/www.nature-conservation-ubfc.com\/emme\/fr\/inscription\/\",\"name\":\"Inscription - EMME\",\"isPartOf\":{\"@id\":\"https:\/\/www.nature-conservation-ubfc.com\/emme\/#website\"},\"datePublished\":\"2017-06-23T13:44:44+00:00\",\"dateModified\":\"2025-12-08T07:53:30+00:00\",\"breadcrumb\":{\"@id\":\"https:\/\/www.nature-conservation-ubfc.com\/emme\/fr\/inscription\/#breadcrumb\"},\"inLanguage\":\"fr-FR\",\"potentialAction\":[{\"@type\":\"ReadAction\",\"target\":[\"https:\/\/www.nature-conservation-ubfc.com\/emme\/fr\/inscription\/\"]}]},{\"@type\":\"BreadcrumbList\",\"@id\":\"https:\/\/www.nature-conservation-ubfc.com\/emme\/fr\/inscription\/#breadcrumb\",\"itemListElement\":[{\"@type\":\"ListItem\",\"position\":1,\"name\":\"Accueil\",\"item\":\"https:\/\/www.nature-conservation-ubfc.com\/emme\/fr\/\"},{\"@type\":\"ListItem\",\"position\":2,\"name\":\"Inscription\"}]},{\"@type\":\"WebSite\",\"@id\":\"https:\/\/www.nature-conservation-ubfc.com\/emme\/#website\",\"url\":\"https:\/\/www.nature-conservation-ubfc.com\/emme\/\",\"name\":\"EMME\",\"description\":\"\",\"potentialAction\":[{\"@type\":\"SearchAction\",\"target\":{\"@type\":\"EntryPoint\",\"urlTemplate\":\"https:\/\/www.nature-conservation-ubfc.com\/emme\/?s={search_term_string}\"},\"query-input\":\"required name=search_term_string\"}],\"inLanguage\":\"fr-FR\"}]}<\/script>\n<!-- \/ Yoast SEO plugin. -->","yoast_head_json":{"title":"Inscription - EMME","robots":{"index":"index","follow":"follow","max-snippet":"max-snippet:-1","max-image-preview":"max-image-preview:large","max-video-preview":"max-video-preview:-1"},"canonical":"https:\/\/www.nature-conservation-ubfc.com\/emme\/fr\/inscription\/","og_locale":"fr_FR","og_type":"article","og_title":"Inscription - EMME","og_description":"Capacit\u00e9 d\u2019accueil : 16 \u00e9tudiants en M1 et en M2Enseign\u00e9 en anglais \u00e0 85%, avec tous les supports et examens pouvant \u00eatre fournis en anglais \u00e9galement.NOUVEAU (8\/12\/2026): D\u00e9p\u00f4t du dossier de candidature sur (i) eCandidat pour les candidats nationaux (r\u00e9sidant en France) et internationaux (hors proc\u00e9dure \u00c9tudes en France) du 2 f\u00e9vrier au 15 avril [&hellip;]","og_url":"https:\/\/www.nature-conservation-ubfc.com\/emme\/fr\/inscription\/","og_site_name":"EMME","article_modified_time":"2025-12-08T07:53:30+00:00","twitter_card":"summary_large_image","twitter_misc":{"Dur\u00e9e de lecture estim\u00e9e":"2 minutes"},"schema":{"@context":"https:\/\/schema.org","@graph":[{"@type":"WebPage","@id":"https:\/\/www.nature-conservation-ubfc.com\/emme\/fr\/inscription\/","url":"https:\/\/www.nature-conservation-ubfc.com\/emme\/fr\/inscription\/","name":"Inscription - EMME","isPartOf":{"@id":"https:\/\/www.nature-conservation-ubfc.com\/emme\/#website"},"datePublished":"2017-06-23T13:44:44+00:00","dateModified":"2025-12-08T07:53:30+00:00","breadcrumb":{"@id":"https:\/\/www.nature-conservation-ubfc.com\/emme\/fr\/inscription\/#breadcrumb"},"inLanguage":"fr-FR","potentialAction":[{"@type":"ReadAction","target":["https:\/\/www.nature-conservation-ubfc.com\/emme\/fr\/inscription\/"]}]},{"@type":"BreadcrumbList","@id":"https:\/\/www.nature-conservation-ubfc.com\/emme\/fr\/inscription\/#breadcrumb","itemListElement":[{"@type":"ListItem","position":1,"name":"Accueil","item":"https:\/\/www.nature-conservation-ubfc.com\/emme\/fr\/"},{"@type":"ListItem","position":2,"name":"Inscription"}]},{"@type":"WebSite","@id":"https:\/\/www.nature-conservation-ubfc.com\/emme\/#website","url":"https:\/\/www.nature-conservation-ubfc.com\/emme\/","name":"EMME","description":"","potentialAction":[{"@type":"SearchAction","target":{"@type":"EntryPoint","urlTemplate":"https:\/\/www.nature-conservation-ubfc.com\/emme\/?s={search_term_string}"},"query-input":"required name=search_term_string"}],"inLanguage":"fr-FR"}]}},"_links":{"self":[{"href":"https:\/\/www.nature-conservation-ubfc.com\/emme\/wp-json\/wp\/v2\/pages\/344"}],"collection":[{"href":"https:\/\/www.nature-conservation-ubfc.com\/emme\/wp-json\/wp\/v2\/pages"}],"about":[{"href":"https:\/\/www.nature-conservation-ubfc.com\/emme\/wp-json\/wp\/v2\/types\/page"}],"author":[{"embeddable":true,"href":"https:\/\/www.nature-conservation-ubfc.com\/emme\/wp-json\/wp\/v2\/users\/4"}],"replies":[{"embeddable":true,"href":"https:\/\/www.nature-conservation-ubfc.com\/emme\/wp-json\/wp\/v2\/comments?post=344"}],"version-history":[{"count":29,"href":"https:\/\/www.nature-conservation-ubfc.com\/emme\/wp-json\/wp\/v2\/pages\/344\/revisions"}],"predecessor-version":[{"id":2292,"href":"https:\/\/www.nature-conservation-ubfc.com\/emme\/wp-json\/wp\/v2\/pages\/344\/revisions\/2292"}],"wp:attachment":[{"href":"https:\/\/www.nature-conservation-ubfc.com\/emme\/wp-json\/wp\/v2\/media?parent=344"}],"curies":[{"name":"wp","href":"https:\/\/api.w.org\/{rel}","templated":true}]}}

<p>[et_pb_section bb_built= »1&Prime; admin_label= »section » inner_width= »90% » inner_max_width= »1200px » background_color_gradient_stops= »#2b87da 0%|#29c4a9 100% »][et_pb_row admin_label= »row » background_position= »top_left » background_repeat= »repeat » background_size= »initial » width= »90% » max_width= »1200px » _builder_version= »4.11.4&Prime; background_color_gradient_stops= »#2b87da 0%|#29c4a9 100% »][et_pb_column type= »4_4&Prime; custom_padding__hover= »||| » custom_padding= »||| » background_color_gradient_stops= »#2b87da 0%|#29c4a9 100% »][et_pb_text _builder_version= »4.25.1&Prime; background_layout= »light » text_orientation= »left » background_color_gradient_stops= »#2b87da 0%|#29c4a9 100% »]</p>
<p>Capacité d’accueil : 16 étudiants en M1 et en M2</p>
<p>Enseigné en anglais à 85%, avec tous les supports et examens pouvant être fournis en anglais également.</p>
<p>NOUVEAU (8/12/2026): Dépôt du dossier de candidature sur (i) eCandidat <strong>pour les candidats nationaux </strong>(résidant en France)<strong> et internationaux</strong> (hors procédure Études en France) <strong>du 2 février au 15 avril 2026</strong>; (ii) sur Campus France (procédure Études en France) du <strong>19 janvier au 12 mars 2026</strong>.</p>
<p>Pour postuler, cliquez sur <a href="http://admission.univ-fcomte.fr/procedure.php" target="_blank" rel="noopener noreferrer">http://admission.univ-fcomte.fr/procedure.php</a></p>
<p><strong>Constitution du dossier de candidature :</strong></p>
<ul>
<li>Un CV rappelant les étapes du cursus, les mentions obtenues et toute autre expérience (stage, expérience professionnelle) permettant d&rsquo;apprécier les acquis et compétences</li>
<li>Une copie de chaque diplôme obtenu après le baccalauréat</li>
<li>Un relevé de notes de chaque semestre du cursus de licence (jusqu&rsquo;au premier semestre de L3 au moins)</li>
<li>Une lettre de motivation précisant le projet professionnel</li>
<li>Deux avis d&rsquo;enseignants ou/et encadrants impliqués dans le cursus précédent ou/et l&rsquo;encadrement de stage</li>
<li>Dans le cas d&rsquo;un Master en d&rsquo;alternance: une lettre d&rsquo;un potentiel employeur attestant d&rsquo;un contact ou d&rsquo;un engagement</li>
</ul>
<p><strong>Conditions d&rsquo;examen des candidatures :</strong></p>
<ul>
<li>Examen par la commission de recrutement du parcours EMME</li>
<li>Après examen des dossiers de candidature, un nombre restreint de candidats pourra être retenu pour un entretien téléphonique individuel avec les membres de la commission de recrutement</li>
</ul>
<p><strong>Critères d&rsquo;examen des candidatures :</strong></p>
<ul>
<li style="list-style-type: none">
<ul>
<li style="list-style-type: none">
<ul>
<li>Adéquation du cursus (mention et parcours suivis en licence)</li>
<li>Qualité du cursus (notes globales obtenues à chaque semestre de licence, classement dans les promotions, mentions)</li>
<li>Stages effectués dans le cursus et hors cursus (cohérence thématique, durée, éventuellement évaluation appliquée)</li>
<li>Motivation et projet professionnel</li>
<li>Avis des personnes référentes (enseignants, encadrants).</li>
</ul>
</li>
</ul>
</li>
</ul>
<p><strong>Pré-requis :</strong></p>
<p>Licence en Biologie &#8211; Ecologie ou équivalent</p>
<p>Connaissances de base en biologie, écologie, biostatistique, anglais (niveau B1 minimum, B2 conseillé)</p>
<p>[/et_pb_text][/et_pb_column][/et_pb_row][/et_pb_section]</p>

<p>Capacité d’accueil : 16 étudiants en M1 et en M2Enseigné en anglais à 85%, avec tous les supports et examens pouvant être fournis en anglais également.NOUVEAU (8/12/2026): Dépôt du dossier de candidature sur (i) eCandidat pour les candidats nationaux (résidant en France) et internationaux (hors procédure Études en France) du 2 février au 15 avril [&hellip;]</p>

<!-- This site is optimized with the Yoast SEO plugin v22.8 - https://yoast.com/wordpress/plugins/seo/ -->
<title>Inscription - EMME</title>
<meta name="robots" content="index, follow, max-snippet:-1, max-image-preview:large, max-video-preview:-1" />
<link rel="canonical" href="https://www.nature-conservation-ubfc.com/emme/fr/inscription/" />
<meta property="og:locale" content="fr_FR" />
<meta property="og:type" content="article" />
<meta property="og:title" content="Inscription - EMME" />
<meta property="og:description" content="Capacité d’accueil : 16 étudiants en M1 et en M2Enseigné en anglais à 85%, avec tous les supports et examens pouvant être fournis en anglais également.NOUVEAU (8/12/2026): Dépôt du dossier de candidature sur (i) eCandidat pour les candidats nationaux (résidant en France) et internationaux (hors procédure Études en France) du 2 février au 15 avril [&hellip;]" />
<meta property="og:url" content="https://www.nature-conservation-ubfc.com/emme/fr/inscription/" />
<meta property="og:site_name" content="EMME" />
<meta property="article:modified_time" content="2025-12-08T07:53:30+00:00" />
<meta name="twitter:card" content="summary_large_image" />
<meta name="twitter:label1" content="Durée de lecture estimée" />
	<meta name="twitter:data1" content="2 minutes" />
<script type="application/ld+json" class="yoast-schema-graph">{"@context":"https://schema.org","@graph":[{"@type":"WebPage","@id":"https://www.nature-conservation-ubfc.com/emme/fr/inscription/","url":"https://www.nature-conservation-ubfc.com/emme/fr/inscription/","name":"Inscription - EMME","isPartOf":{"@id":"https://www.nature-conservation-ubfc.com/emme/#website"},"datePublished":"2017-06-23T13:44:44+00:00","dateModified":"2025-12-08T07:53:30+00:00","breadcrumb":{"@id":"https://www.nature-conservation-ubfc.com/emme/fr/inscription/#breadcrumb"},"inLanguage":"fr-FR","potentialAction":[{"@type":"ReadAction","target":["https://www.nature-conservation-ubfc.com/emme/fr/inscription/"]}]},{"@type":"BreadcrumbList","@id":"https://www.nature-conservation-ubfc.com/emme/fr/inscription/#breadcrumb","itemListElement":[{"@type":"ListItem","position":1,"name":"Accueil","item":"https://www.nature-conservation-ubfc.com/emme/fr/"},{"@type":"ListItem","position":2,"name":"Inscription"}]},{"@type":"WebSite","@id":"https://www.nature-conservation-ubfc.com/emme/#website","url":"https://www.nature-conservation-ubfc.com/emme/","name":"EMME","description":"","potentialAction":[{"@type":"SearchAction","target":{"@type":"EntryPoint","urlTemplate":"https://www.nature-conservation-ubfc.com/emme/?s={search_term_string}"},"query-input":"required name=search_term_string"}],"inLanguage":"fr-FR"}]}</script>
<!-- / Yoast SEO plugin. -->

Capacité d’accueil : 16 étudiants en M1 et en M2Enseigné en anglais à 85%, avec tous les supports et examens pouvant être fournis en anglais également.NOUVEAU (8/12/2026): Dépôt du dossier de candidature sur (i) eCandidat pour les candidats nationaux (résidant en France) et internationaux (hors procédure Études en France) du 2 février au 15 avril [&hellip;]
