{"id":2244,"date":"2024-01-17T14:22:22","date_gmt":"2024-01-17T13:22:22","guid":{"rendered":"https:\/\/www.nature-conservation-ubfc.com\/emme\/?page_id=2244"},"modified":"2024-11-04T13:35:52","modified_gmt":"2024-11-04T12:35:52","slug":"competences-visees-et-programme","status":"publish","type":"page","link":"https:\/\/www.nature-conservation-ubfc.com\/emme\/fr\/competences-visees-et-programme\/","title":{"rendered":"Comp\u00e9tences vis\u00e9es et programme"},"content":{"rendered":"<p>A compter de la rentr\u00e9e 2024-2025, le Master structure ses enseignements et ses \u00e9valuations autour de la validation de 3 grandes comp\u00e9tences correspondant aux attentes du monde professionnel vis\u00e9 par la formation (bureaux d\u2019\u00e9tude, collectivit\u00e9s, secteur associatif, agences gouvernementales, recherche\u2026) :<\/p>\n<ul>\n<li>Int\u00e9grer les connaissances fondamentales en \u00e9cologie et conservation<\/li>\n<li>Piloter un projet en \u00e9cologie et conservation jusqu&rsquo;\u00e0 la communication des r\u00e9sultats<\/li>\n<li>Acqu\u00e9rir et analyser des donn\u00e9es relatives \u00e0 la biodiversit\u00e9 et au fonctionnement des \u00e9cosyst\u00e8mes<\/li>\n<\/ul>\n<p>Les comp\u00e9tences sont comprises comme un savoir-agir complexe qui n\u00e9cessite de combiner plusieurs ressources (savoir-faire, connaissances th\u00e9oriques, bases de donn\u00e9es, litt\u00e9rature, outils techniques\u2026) dans diff\u00e9rentes situations professionnelles. L\u2019\u00e9valuation de ces comp\u00e9tences sera assur\u00e9e graduellement au cours des deux ann\u00e9es du Master, \u00e0 la fois par des \u00e9valuations sp\u00e9cifiques (contr\u00f4les des connaissances\u2026) et des mises en Situation d\u2019Apprentissage et d\u2019Evaluation (SAE\u00a0: stages de longue dur\u00e9e en fin d\u2019ann\u00e9e &#8211; 2 \u00e0 3 mois en M1 et 4 \u00e0 6 mois en M2 &#8211; et projets tuteur\u00e9s en groupe) o\u00f9 l\u2019\u00e9tudiant.e devra produire un travail correspondant \u00e0 une situation professionnelle bien d\u00e9finie et n\u00e9cessitant autonomie, r\u00e9flexion et mobilisation de diff\u00e9rentes comp\u00e9tences.<\/p>\n<p>Le dipl\u00f4me du Master sera d\u00e9livr\u00e9 une fois toutes les comp\u00e9tences valid\u00e9es.<\/p>\n<p>Les enseignements relatifs \u00e0 ces comp\u00e9tences sont r\u00e9partis au cours du Master selon le tableau ci-dessous.<\/p>\n<table width=\"634\">\n<tbody>\n<tr>\n<td width=\"150\"><\/td>\n<td width=\"323\"><\/td>\n<td colspan=\"5\" width=\"161\">ECTS<\/td>\n<\/tr>\n<tr>\n<td width=\"150\">Comp\u00e9tences<\/td>\n<td width=\"323\">Contenu des enseignements<\/td>\n<td width=\"28\">S1<\/td>\n<td width=\"28\">S2<\/td>\n<td width=\"28\">S3<\/td>\n<td width=\"28\">S4<\/td>\n<td width=\"48\">Total<\/td>\n<\/tr>\n<tr>\n<td width=\"150\">Int\u00e9grer les connaissances fondamentales en \u00e9cologie et conservation<\/td>\n<td width=\"323\">Ecologie des populations et communaut\u00e9s<br \/>\nBiologie de la conservation<br \/>\n<em>Deux options parmi<\/em>: faune sauvage et sant\u00e9, \u00e9cotoxicologie, pal\u00e9o-\u00e9cologie, biologie de la conservation<\/td>\n<td width=\"28\">5<\/td>\n<td width=\"28\">9<\/td>\n<td width=\"28\">0<\/td>\n<td width=\"28\">0<\/td>\n<td width=\"48\"><em>14<\/em><\/td>\n<\/tr>\n<tr>\n<td width=\"150\">Piloter un projet en \u00e9cologie et conservation jusqu&rsquo;\u00e0 la communication des r\u00e9sultats<\/td>\n<td width=\"323\">Outils de la gestion de projet<br \/>\nR\u00e9ponse \u00e0 appels \u00e0 projet<\/p>\n<p>Discussion scientifique<br \/>\nTechniques de communication (podcasts\u2026)<br \/>\nR\u00e9daction et analyse critique de documents scientifiques<\/p>\n<p>Droit de l&rsquo;environnement<br \/>\nIntroduction aux acteurs non acad\u00e9miques<br \/>\nEthique et d\u00e9ontologie<br \/>\nApproche socio-anthropologique<\/td>\n<td width=\"28\">10<\/td>\n<td width=\"28\">4<\/td>\n<td width=\"28\">9<\/td>\n<td width=\"28\">0<\/td>\n<td width=\"48\"><em>23<\/em><\/td>\n<\/tr>\n<tr>\n<td width=\"150\">Acqu\u00e9rir et analyser des donn\u00e9es relatives \u00e0 la biodiversit\u00e9 et au fonctionnement des \u00e9cosyst\u00e8mes<\/td>\n<td width=\"323\">SIG et cartographie<br \/>\nConcepts et outils de suivi de la biodiversit\u00e9<\/p>\n<p>Gestion des donn\u00e9es<br \/>\nOutils d&rsquo;analyse de la biodiversit\u00e9<br \/>\nStatistiques multivari\u00e9es<br \/>\nStatistiques spatiales et t\u00e9l\u00e9d\u00e9tection<br \/>\nMod\u00e9lisation dynamique<br \/>\n<em>Plusieurs options dans chaque sp\u00e9cialisation:<\/em><br \/>\nSp\u00e9. taxonomique (plusieurs taxons au choix)<br \/>\nSp\u00e9. m\u00e9thodologique (r\u00e9seaux trophiques, \u00e9cotoxicologie, pal\u00e9o\u00e9cologie\u2026)<\/p>\n<p>Mod\u00e9lisation avanc\u00e9e\u00a0(analyses de s\u00e9ries temporelles, mod\u00e9lisation non-lin\u00e9aire, statistiques spatiales&#8230;)<\/td>\n<td width=\"28\">9<\/td>\n<td width=\"28\">4<\/td>\n<td width=\"28\">15<\/td>\n<td width=\"28\">0<\/td>\n<td width=\"48\"><em>28<\/em><\/td>\n<\/tr>\n<tr>\n<td width=\"150\"><em>Situations d&rsquo;apprentissage et d&rsquo;\u00e9valuation<\/em><\/td>\n<td width=\"323\">Stages de fin de semestre<br \/>\nProjets tuteur\u00e9s<\/p>\n<p>Pr\u00e9paration au projet professionnel<\/td>\n<td width=\"28\">6<\/td>\n<td width=\"28\">13<\/td>\n<td width=\"28\">6<\/td>\n<td width=\"28\">30<\/td>\n<td width=\"48\"><em>55<\/em><\/td>\n<\/tr>\n<tr>\n<td width=\"150\">Total<\/td>\n<td width=\"323\">&nbsp;<\/td>\n<td width=\"28\"><em>30<\/em><\/td>\n<td width=\"28\"><em>30<\/em><\/td>\n<td width=\"28\"><em>30<\/em><\/td>\n<td width=\"28\"><em>30<\/em><\/td>\n<td width=\"48\"><em>120<\/em><\/td>\n<\/tr>\n<\/tbody>\n<\/table>\n","protected":false},"excerpt":{"rendered":"<p>A compter de la rentr\u00e9e 2024-2025, le Master structure ses enseignements et ses \u00e9valuations autour de la validation de 3 grandes comp\u00e9tences correspondant aux attentes du monde professionnel vis\u00e9 par la formation (bureaux d\u2019\u00e9tude, collectivit\u00e9s, secteur associatif, agences gouvernementales, recherche\u2026) : Int\u00e9grer les connaissances fondamentales en \u00e9cologie et conservation Piloter un projet en \u00e9cologie et [&hellip;]<\/p>\n","protected":false},"author":6,"featured_media":0,"parent":0,"menu_order":0,"comment_status":"closed","ping_status":"closed","template":"","meta":{"_et_pb_use_builder":"","_et_pb_old_content":"","_et_gb_content_width":"","footnotes":""},"yoast_head":"<!-- This site is optimized with the Yoast SEO plugin v22.8 - https:\/\/yoast.com\/wordpress\/plugins\/seo\/ -->\n<title>Comp\u00e9tences vis\u00e9es et programme - EMME<\/title>\n<meta name=\"robots\" content=\"index, follow, max-snippet:-1, max-image-preview:large, max-video-preview:-1\" \/>\n<link rel=\"canonical\" href=\"https:\/\/www.nature-conservation-ubfc.com\/emme\/fr\/competences-visees-et-programme\/\" \/>\n<meta property=\"og:locale\" content=\"fr_FR\" \/>\n<meta property=\"og:type\" content=\"article\" \/>\n<meta property=\"og:title\" content=\"Comp\u00e9tences vis\u00e9es et programme - EMME\" \/>\n<meta property=\"og:description\" content=\"A compter de la rentr\u00e9e 2024-2025, le Master structure ses enseignements et ses \u00e9valuations autour de la validation de 3 grandes comp\u00e9tences correspondant aux attentes du monde professionnel vis\u00e9 par la formation (bureaux d\u2019\u00e9tude, collectivit\u00e9s, secteur associatif, agences gouvernementales, recherche\u2026) : Int\u00e9grer les connaissances fondamentales en \u00e9cologie et conservation Piloter un projet en \u00e9cologie et [&hellip;]\" \/>\n<meta property=\"og:url\" content=\"https:\/\/www.nature-conservation-ubfc.com\/emme\/fr\/competences-visees-et-programme\/\" \/>\n<meta property=\"og:site_name\" content=\"EMME\" \/>\n<meta property=\"article:modified_time\" content=\"2024-11-04T12:35:52+00:00\" \/>\n<meta name=\"twitter:card\" content=\"summary_large_image\" \/>\n<meta name=\"twitter:label1\" content=\"Dur\u00e9e de lecture estim\u00e9e\" \/>\n\t<meta name=\"twitter:data1\" content=\"2 minutes\" \/>\n<script type=\"application\/ld+json\" class=\"yoast-schema-graph\">{\"@context\":\"https:\/\/schema.org\",\"@graph\":[{\"@type\":\"WebPage\",\"@id\":\"https:\/\/www.nature-conservation-ubfc.com\/emme\/fr\/competences-visees-et-programme\/\",\"url\":\"https:\/\/www.nature-conservation-ubfc.com\/emme\/fr\/competences-visees-et-programme\/\",\"name\":\"Comp\u00e9tences vis\u00e9es et programme - EMME\",\"isPartOf\":{\"@id\":\"https:\/\/www.nature-conservation-ubfc.com\/emme\/#website\"},\"datePublished\":\"2024-01-17T13:22:22+00:00\",\"dateModified\":\"2024-11-04T12:35:52+00:00\",\"breadcrumb\":{\"@id\":\"https:\/\/www.nature-conservation-ubfc.com\/emme\/fr\/competences-visees-et-programme\/#breadcrumb\"},\"inLanguage\":\"fr-FR\",\"potentialAction\":[{\"@type\":\"ReadAction\",\"target\":[\"https:\/\/www.nature-conservation-ubfc.com\/emme\/fr\/competences-visees-et-programme\/\"]}]},{\"@type\":\"BreadcrumbList\",\"@id\":\"https:\/\/www.nature-conservation-ubfc.com\/emme\/fr\/competences-visees-et-programme\/#breadcrumb\",\"itemListElement\":[{\"@type\":\"ListItem\",\"position\":1,\"name\":\"Accueil\",\"item\":\"https:\/\/www.nature-conservation-ubfc.com\/emme\/fr\/\"},{\"@type\":\"ListItem\",\"position\":2,\"name\":\"Comp\u00e9tences vis\u00e9es et programme\"}]},{\"@type\":\"WebSite\",\"@id\":\"https:\/\/www.nature-conservation-ubfc.com\/emme\/#website\",\"url\":\"https:\/\/www.nature-conservation-ubfc.com\/emme\/\",\"name\":\"EMME\",\"description\":\"\",\"potentialAction\":[{\"@type\":\"SearchAction\",\"target\":{\"@type\":\"EntryPoint\",\"urlTemplate\":\"https:\/\/www.nature-conservation-ubfc.com\/emme\/?s={search_term_string}\"},\"query-input\":\"required name=search_term_string\"}],\"inLanguage\":\"fr-FR\"}]}<\/script>\n<!-- \/ Yoast SEO plugin. -->","yoast_head_json":{"title":"Comp\u00e9tences vis\u00e9es et programme - EMME","robots":{"index":"index","follow":"follow","max-snippet":"max-snippet:-1","max-image-preview":"max-image-preview:large","max-video-preview":"max-video-preview:-1"},"canonical":"https:\/\/www.nature-conservation-ubfc.com\/emme\/fr\/competences-visees-et-programme\/","og_locale":"fr_FR","og_type":"article","og_title":"Comp\u00e9tences vis\u00e9es et programme - EMME","og_description":"A compter de la rentr\u00e9e 2024-2025, le Master structure ses enseignements et ses \u00e9valuations autour de la validation de 3 grandes comp\u00e9tences correspondant aux attentes du monde professionnel vis\u00e9 par la formation (bureaux d\u2019\u00e9tude, collectivit\u00e9s, secteur associatif, agences gouvernementales, recherche\u2026) : Int\u00e9grer les connaissances fondamentales en \u00e9cologie et conservation Piloter un projet en \u00e9cologie et [&hellip;]","og_url":"https:\/\/www.nature-conservation-ubfc.com\/emme\/fr\/competences-visees-et-programme\/","og_site_name":"EMME","article_modified_time":"2024-11-04T12:35:52+00:00","twitter_card":"summary_large_image","twitter_misc":{"Dur\u00e9e de lecture estim\u00e9e":"2 minutes"},"schema":{"@context":"https:\/\/schema.org","@graph":[{"@type":"WebPage","@id":"https:\/\/www.nature-conservation-ubfc.com\/emme\/fr\/competences-visees-et-programme\/","url":"https:\/\/www.nature-conservation-ubfc.com\/emme\/fr\/competences-visees-et-programme\/","name":"Comp\u00e9tences vis\u00e9es et programme - EMME","isPartOf":{"@id":"https:\/\/www.nature-conservation-ubfc.com\/emme\/#website"},"datePublished":"2024-01-17T13:22:22+00:00","dateModified":"2024-11-04T12:35:52+00:00","breadcrumb":{"@id":"https:\/\/www.nature-conservation-ubfc.com\/emme\/fr\/competences-visees-et-programme\/#breadcrumb"},"inLanguage":"fr-FR","potentialAction":[{"@type":"ReadAction","target":["https:\/\/www.nature-conservation-ubfc.com\/emme\/fr\/competences-visees-et-programme\/"]}]},{"@type":"BreadcrumbList","@id":"https:\/\/www.nature-conservation-ubfc.com\/emme\/fr\/competences-visees-et-programme\/#breadcrumb","itemListElement":[{"@type":"ListItem","position":1,"name":"Accueil","item":"https:\/\/www.nature-conservation-ubfc.com\/emme\/fr\/"},{"@type":"ListItem","position":2,"name":"Comp\u00e9tences vis\u00e9es et programme"}]},{"@type":"WebSite","@id":"https:\/\/www.nature-conservation-ubfc.com\/emme\/#website","url":"https:\/\/www.nature-conservation-ubfc.com\/emme\/","name":"EMME","description":"","potentialAction":[{"@type":"SearchAction","target":{"@type":"EntryPoint","urlTemplate":"https:\/\/www.nature-conservation-ubfc.com\/emme\/?s={search_term_string}"},"query-input":"required name=search_term_string"}],"inLanguage":"fr-FR"}]}},"_links":{"self":[{"href":"https:\/\/www.nature-conservation-ubfc.com\/emme\/wp-json\/wp\/v2\/pages\/2244"}],"collection":[{"href":"https:\/\/www.nature-conservation-ubfc.com\/emme\/wp-json\/wp\/v2\/pages"}],"about":[{"href":"https:\/\/www.nature-conservation-ubfc.com\/emme\/wp-json\/wp\/v2\/types\/page"}],"author":[{"embeddable":true,"href":"https:\/\/www.nature-conservation-ubfc.com\/emme\/wp-json\/wp\/v2\/users\/6"}],"replies":[{"embeddable":true,"href":"https:\/\/www.nature-conservation-ubfc.com\/emme\/wp-json\/wp\/v2\/comments?post=2244"}],"version-history":[{"count":8,"href":"https:\/\/www.nature-conservation-ubfc.com\/emme\/wp-json\/wp\/v2\/pages\/2244\/revisions"}],"predecessor-version":[{"id":2277,"href":"https:\/\/www.nature-conservation-ubfc.com\/emme\/wp-json\/wp\/v2\/pages\/2244\/revisions\/2277"}],"wp:attachment":[{"href":"https:\/\/www.nature-conservation-ubfc.com\/emme\/wp-json\/wp\/v2\/media?parent=2244"}],"curies":[{"name":"wp","href":"https:\/\/api.w.org\/{rel}","templated":true}]}}

Compétences visées et programme

<p>A compter de la rentrée 2024-2025, le Master structure ses enseignements et ses évaluations autour de la validation de 3 grandes compétences correspondant aux attentes du monde professionnel visé par la formation (bureaux d’étude, collectivités, secteur associatif, agences gouvernementales, recherche…) :</p>
<ul>
<li>Intégrer les connaissances fondamentales en écologie et conservation</li>
<li>Piloter un projet en écologie et conservation jusqu&rsquo;à la communication des résultats</li>
<li>Acquérir et analyser des données relatives à la biodiversité et au fonctionnement des écosystèmes</li>
</ul>
<p>Les compétences sont comprises comme un savoir-agir complexe qui nécessite de combiner plusieurs ressources (savoir-faire, connaissances théoriques, bases de données, littérature, outils techniques…) dans différentes situations professionnelles. L’évaluation de ces compétences sera assurée graduellement au cours des deux années du Master, à la fois par des évaluations spécifiques (contrôles des connaissances…) et des mises en Situation d’Apprentissage et d’Evaluation (SAE : stages de longue durée en fin d’année &#8211; 2 à 3 mois en M1 et 4 à 6 mois en M2 &#8211; et projets tuteurés en groupe) où l’étudiant.e devra produire un travail correspondant à une situation professionnelle bien définie et nécessitant autonomie, réflexion et mobilisation de différentes compétences.</p>
<p>Le diplôme du Master sera délivré une fois toutes les compétences validées.</p>
<p>Les enseignements relatifs à ces compétences sont répartis au cours du Master selon le tableau ci-dessous.</p>
<table width="634">
<tbody>
<tr>
<td width="150"></td>
<td width="323"></td>
<td colspan="5" width="161">ECTS</td>
</tr>
<tr>
<td width="150">Compétences</td>
<td width="323">Contenu des enseignements</td>
<td width="28">S1</td>
<td width="28">S2</td>
<td width="28">S3</td>
<td width="28">S4</td>
<td width="48">Total</td>
</tr>
<tr>
<td width="150">Intégrer les connaissances fondamentales en écologie et conservation</td>
<td width="323">Ecologie des populations et communautés<br />
Biologie de la conservation<br />
<em>Deux options parmi</em>: faune sauvage et santé, écotoxicologie, paléo-écologie, biologie de la conservation</td>
<td width="28">5</td>
<td width="28">9</td>
<td width="28">0</td>
<td width="28">0</td>
<td width="48"><em>14</em></td>
</tr>
<tr>
<td width="150">Piloter un projet en écologie et conservation jusqu&rsquo;à la communication des résultats</td>
<td width="323">Outils de la gestion de projet<br />
Réponse à appels à projet</p>
<p>Discussion scientifique<br />
Techniques de communication (podcasts…)<br />
Rédaction et analyse critique de documents scientifiques</p>
<p>Droit de l&rsquo;environnement<br />
Introduction aux acteurs non académiques<br />
Ethique et déontologie<br />
Approche socio-anthropologique</td>
<td width="28">10</td>
<td width="28">4</td>
<td width="28">9</td>
<td width="28">0</td>
<td width="48"><em>23</em></td>
</tr>
<tr>
<td width="150">Acquérir et analyser des données relatives à la biodiversité et au fonctionnement des écosystèmes</td>
<td width="323">SIG et cartographie<br />
Concepts et outils de suivi de la biodiversité</p>
<p>Gestion des données<br />
Outils d&rsquo;analyse de la biodiversité<br />
Statistiques multivariées<br />
Statistiques spatiales et télédétection<br />
Modélisation dynamique<br />
<em>Plusieurs options dans chaque spécialisation:</em><br />
Spé. taxonomique (plusieurs taxons au choix)<br />
Spé. méthodologique (réseaux trophiques, écotoxicologie, paléoécologie…)</p>
<p>Modélisation avancée (analyses de séries temporelles, modélisation non-linéaire, statistiques spatiales&#8230;)</td>
<td width="28">9</td>
<td width="28">4</td>
<td width="28">15</td>
<td width="28">0</td>
<td width="48"><em>28</em></td>
</tr>
<tr>
<td width="150"><em>Situations d&rsquo;apprentissage et d&rsquo;évaluation</em></td>
<td width="323">Stages de fin de semestre<br />
Projets tuteurés</p>
<p>Préparation au projet professionnel</td>
<td width="28">6</td>
<td width="28">13</td>
<td width="28">6</td>
<td width="28">30</td>
<td width="48"><em>55</em></td>
</tr>
<tr>
<td width="150">Total</td>
<td width="323">&nbsp;</td>
<td width="28"><em>30</em></td>
<td width="28"><em>30</em></td>
<td width="28"><em>30</em></td>
<td width="28"><em>30</em></td>
<td width="48"><em>120</em></td>
</tr>
</tbody>
</table>

<p>A compter de la rentrée 2024-2025, le Master structure ses enseignements et ses évaluations autour de la validation de 3 grandes compétences correspondant aux attentes du monde professionnel visé par la formation (bureaux d’étude, collectivités, secteur associatif, agences gouvernementales, recherche…) : Intégrer les connaissances fondamentales en écologie et conservation Piloter un projet en écologie et [&hellip;]</p>

<!-- This site is optimized with the Yoast SEO plugin v22.8 - https://yoast.com/wordpress/plugins/seo/ -->
<title>Compétences visées et programme - EMME</title>
<meta name="robots" content="index, follow, max-snippet:-1, max-image-preview:large, max-video-preview:-1" />
<link rel="canonical" href="https://www.nature-conservation-ubfc.com/emme/fr/competences-visees-et-programme/" />
<meta property="og:locale" content="fr_FR" />
<meta property="og:type" content="article" />
<meta property="og:title" content="Compétences visées et programme - EMME" />
<meta property="og:description" content="A compter de la rentrée 2024-2025, le Master structure ses enseignements et ses évaluations autour de la validation de 3 grandes compétences correspondant aux attentes du monde professionnel visé par la formation (bureaux d’étude, collectivités, secteur associatif, agences gouvernementales, recherche…) : Intégrer les connaissances fondamentales en écologie et conservation Piloter un projet en écologie et [&hellip;]" />
<meta property="og:url" content="https://www.nature-conservation-ubfc.com/emme/fr/competences-visees-et-programme/" />
<meta property="og:site_name" content="EMME" />
<meta property="article:modified_time" content="2024-11-04T12:35:52+00:00" />
<meta name="twitter:card" content="summary_large_image" />
<meta name="twitter:label1" content="Durée de lecture estimée" />
	<meta name="twitter:data1" content="2 minutes" />
<script type="application/ld+json" class="yoast-schema-graph">{"@context":"https://schema.org","@graph":[{"@type":"WebPage","@id":"https://www.nature-conservation-ubfc.com/emme/fr/competences-visees-et-programme/","url":"https://www.nature-conservation-ubfc.com/emme/fr/competences-visees-et-programme/","name":"Compétences visées et programme - EMME","isPartOf":{"@id":"https://www.nature-conservation-ubfc.com/emme/#website"},"datePublished":"2024-01-17T13:22:22+00:00","dateModified":"2024-11-04T12:35:52+00:00","breadcrumb":{"@id":"https://www.nature-conservation-ubfc.com/emme/fr/competences-visees-et-programme/#breadcrumb"},"inLanguage":"fr-FR","potentialAction":[{"@type":"ReadAction","target":["https://www.nature-conservation-ubfc.com/emme/fr/competences-visees-et-programme/"]}]},{"@type":"BreadcrumbList","@id":"https://www.nature-conservation-ubfc.com/emme/fr/competences-visees-et-programme/#breadcrumb","itemListElement":[{"@type":"ListItem","position":1,"name":"Accueil","item":"https://www.nature-conservation-ubfc.com/emme/fr/"},{"@type":"ListItem","position":2,"name":"Compétences visées et programme"}]},{"@type":"WebSite","@id":"https://www.nature-conservation-ubfc.com/emme/#website","url":"https://www.nature-conservation-ubfc.com/emme/","name":"EMME","description":"","potentialAction":[{"@type":"SearchAction","target":{"@type":"EntryPoint","urlTemplate":"https://www.nature-conservation-ubfc.com/emme/?s={search_term_string}"},"query-input":"required name=search_term_string"}],"inLanguage":"fr-FR"}]}</script>
<!-- / Yoast SEO plugin. -->

Compétences visées et programme - EMME

A compter de la rentrée 2024-2025, le Master structure ses enseignements et ses évaluations autour de la validation de 3 grandes compétences correspondant aux attentes du monde professionnel visé par la formation (bureaux d’étude, collectivités, secteur associatif, agences gouvernementales, recherche…) : Intégrer les connaissances fondamentales en écologie et conservation Piloter un projet en écologie et [&hellip;]
