{"id":2222,"date":"2023-03-20T11:23:26","date_gmt":"2023-03-20T10:23:26","guid":{"rendered":"https:\/\/www.nature-conservation-ubfc.com\/emme\/?page_id=2222"},"modified":"2023-03-20T11:23:26","modified_gmt":"2023-03-20T10:23:26","slug":"mobilite-internationale","status":"publish","type":"page","link":"https:\/\/www.nature-conservation-ubfc.com\/emme\/fr\/mobilite-internationale\/","title":{"rendered":"Mobilit\u00e9 internationale"},"content":{"rendered":"<p>La mobilit\u00e9 \u00e0 l&rsquo;international au cours du Master peut \u00eatre envisag\u00e9e de deux fa\u00e7ons:<\/p>\n<ul>\n<li>R\u00e9aliser votre stage de M1 et\/ou M2 dans une structure d&rsquo;accueil \u00e0 l&rsquo;\u00e9tranger (<a href=\"https:\/\/www.nature-conservation-ubfc.com\/emme\/fr\/structures-daccueil-de-stages\/\">voir la page d\u00e9di\u00e9e<\/a>).<\/li>\n<li>R\u00e9aliser un semestre ou une ann\u00e9e dans le cadre d&rsquo;un programme d&rsquo;\u00e9change. Le programme ERASMUS vous offre la possibilit\u00e9 d&rsquo;\u00e9tudier dans le <a href=\"https:\/\/www.nord.no\/en\/studies\/master-of-science-in-biology-and-aquaculture#&amp;acd=988f05c5-a5f4-5e2f-7e96-ef71698f3013\">Master Biosciences<\/a> de l&rsquo;Universit\u00e9 de Nord, en Norv\u00e8ge.<\/li>\n<\/ul>\n","protected":false},"excerpt":{"rendered":"<p>La mobilit\u00e9 \u00e0 l&rsquo;international au cours du Master peut \u00eatre envisag\u00e9e de deux fa\u00e7ons: R\u00e9aliser votre stage de M1 et\/ou M2 dans une structure d&rsquo;accueil \u00e0 l&rsquo;\u00e9tranger (voir la page d\u00e9di\u00e9e). R\u00e9aliser un semestre ou une ann\u00e9e dans le cadre d&rsquo;un programme d&rsquo;\u00e9change. Le programme ERASMUS vous offre la possibilit\u00e9 d&rsquo;\u00e9tudier dans le Master Biosciences [&hellip;]<\/p>\n","protected":false},"author":6,"featured_media":0,"parent":0,"menu_order":0,"comment_status":"closed","ping_status":"closed","template":"","meta":{"_et_pb_use_builder":"","_et_pb_old_content":"","_et_gb_content_width":"","footnotes":""},"yoast_head":"<!-- This site is optimized with the Yoast SEO plugin v22.8 - https:\/\/yoast.com\/wordpress\/plugins\/seo\/ -->\n<title>Mobilit\u00e9 internationale - EMME<\/title>\n<meta name=\"robots\" content=\"index, follow, max-snippet:-1, max-image-preview:large, max-video-preview:-1\" \/>\n<link rel=\"canonical\" href=\"https:\/\/www.nature-conservation-ubfc.com\/emme\/fr\/mobilite-internationale\/\" \/>\n<meta property=\"og:locale\" content=\"fr_FR\" \/>\n<meta property=\"og:type\" content=\"article\" \/>\n<meta property=\"og:title\" content=\"Mobilit\u00e9 internationale - EMME\" \/>\n<meta property=\"og:description\" content=\"La mobilit\u00e9 \u00e0 l&rsquo;international au cours du Master peut \u00eatre envisag\u00e9e de deux fa\u00e7ons: R\u00e9aliser votre stage de M1 et\/ou M2 dans une structure d&rsquo;accueil \u00e0 l&rsquo;\u00e9tranger (voir la page d\u00e9di\u00e9e). R\u00e9aliser un semestre ou une ann\u00e9e dans le cadre d&rsquo;un programme d&rsquo;\u00e9change. Le programme ERASMUS vous offre la possibilit\u00e9 d&rsquo;\u00e9tudier dans le Master Biosciences [&hellip;]\" \/>\n<meta property=\"og:url\" content=\"https:\/\/www.nature-conservation-ubfc.com\/emme\/fr\/mobilite-internationale\/\" \/>\n<meta property=\"og:site_name\" content=\"EMME\" \/>\n<meta name=\"twitter:card\" content=\"summary_large_image\" \/>\n<meta name=\"twitter:label1\" content=\"Dur\u00e9e de lecture estim\u00e9e\" \/>\n\t<meta name=\"twitter:data1\" content=\"1 minute\" \/>\n<script type=\"application\/ld+json\" class=\"yoast-schema-graph\">{\"@context\":\"https:\/\/schema.org\",\"@graph\":[{\"@type\":\"WebPage\",\"@id\":\"https:\/\/www.nature-conservation-ubfc.com\/emme\/fr\/mobilite-internationale\/\",\"url\":\"https:\/\/www.nature-conservation-ubfc.com\/emme\/fr\/mobilite-internationale\/\",\"name\":\"Mobilit\u00e9 internationale - EMME\",\"isPartOf\":{\"@id\":\"https:\/\/www.nature-conservation-ubfc.com\/emme\/#website\"},\"datePublished\":\"2023-03-20T10:23:26+00:00\",\"dateModified\":\"2023-03-20T10:23:26+00:00\",\"breadcrumb\":{\"@id\":\"https:\/\/www.nature-conservation-ubfc.com\/emme\/fr\/mobilite-internationale\/#breadcrumb\"},\"inLanguage\":\"fr-FR\",\"potentialAction\":[{\"@type\":\"ReadAction\",\"target\":[\"https:\/\/www.nature-conservation-ubfc.com\/emme\/fr\/mobilite-internationale\/\"]}]},{\"@type\":\"BreadcrumbList\",\"@id\":\"https:\/\/www.nature-conservation-ubfc.com\/emme\/fr\/mobilite-internationale\/#breadcrumb\",\"itemListElement\":[{\"@type\":\"ListItem\",\"position\":1,\"name\":\"Accueil\",\"item\":\"https:\/\/www.nature-conservation-ubfc.com\/emme\/fr\/\"},{\"@type\":\"ListItem\",\"position\":2,\"name\":\"Mobilit\u00e9 internationale\"}]},{\"@type\":\"WebSite\",\"@id\":\"https:\/\/www.nature-conservation-ubfc.com\/emme\/#website\",\"url\":\"https:\/\/www.nature-conservation-ubfc.com\/emme\/\",\"name\":\"EMME\",\"description\":\"\",\"potentialAction\":[{\"@type\":\"SearchAction\",\"target\":{\"@type\":\"EntryPoint\",\"urlTemplate\":\"https:\/\/www.nature-conservation-ubfc.com\/emme\/?s={search_term_string}\"},\"query-input\":\"required name=search_term_string\"}],\"inLanguage\":\"fr-FR\"}]}<\/script>\n<!-- \/ Yoast SEO plugin. -->","yoast_head_json":{"title":"Mobilit\u00e9 internationale - EMME","robots":{"index":"index","follow":"follow","max-snippet":"max-snippet:-1","max-image-preview":"max-image-preview:large","max-video-preview":"max-video-preview:-1"},"canonical":"https:\/\/www.nature-conservation-ubfc.com\/emme\/fr\/mobilite-internationale\/","og_locale":"fr_FR","og_type":"article","og_title":"Mobilit\u00e9 internationale - EMME","og_description":"La mobilit\u00e9 \u00e0 l&rsquo;international au cours du Master peut \u00eatre envisag\u00e9e de deux fa\u00e7ons: R\u00e9aliser votre stage de M1 et\/ou M2 dans une structure d&rsquo;accueil \u00e0 l&rsquo;\u00e9tranger (voir la page d\u00e9di\u00e9e). R\u00e9aliser un semestre ou une ann\u00e9e dans le cadre d&rsquo;un programme d&rsquo;\u00e9change. Le programme ERASMUS vous offre la possibilit\u00e9 d&rsquo;\u00e9tudier dans le Master Biosciences [&hellip;]","og_url":"https:\/\/www.nature-conservation-ubfc.com\/emme\/fr\/mobilite-internationale\/","og_site_name":"EMME","twitter_card":"summary_large_image","twitter_misc":{"Dur\u00e9e de lecture estim\u00e9e":"1 minute"},"schema":{"@context":"https:\/\/schema.org","@graph":[{"@type":"WebPage","@id":"https:\/\/www.nature-conservation-ubfc.com\/emme\/fr\/mobilite-internationale\/","url":"https:\/\/www.nature-conservation-ubfc.com\/emme\/fr\/mobilite-internationale\/","name":"Mobilit\u00e9 internationale - EMME","isPartOf":{"@id":"https:\/\/www.nature-conservation-ubfc.com\/emme\/#website"},"datePublished":"2023-03-20T10:23:26+00:00","dateModified":"2023-03-20T10:23:26+00:00","breadcrumb":{"@id":"https:\/\/www.nature-conservation-ubfc.com\/emme\/fr\/mobilite-internationale\/#breadcrumb"},"inLanguage":"fr-FR","potentialAction":[{"@type":"ReadAction","target":["https:\/\/www.nature-conservation-ubfc.com\/emme\/fr\/mobilite-internationale\/"]}]},{"@type":"BreadcrumbList","@id":"https:\/\/www.nature-conservation-ubfc.com\/emme\/fr\/mobilite-internationale\/#breadcrumb","itemListElement":[{"@type":"ListItem","position":1,"name":"Accueil","item":"https:\/\/www.nature-conservation-ubfc.com\/emme\/fr\/"},{"@type":"ListItem","position":2,"name":"Mobilit\u00e9 internationale"}]},{"@type":"WebSite","@id":"https:\/\/www.nature-conservation-ubfc.com\/emme\/#website","url":"https:\/\/www.nature-conservation-ubfc.com\/emme\/","name":"EMME","description":"","potentialAction":[{"@type":"SearchAction","target":{"@type":"EntryPoint","urlTemplate":"https:\/\/www.nature-conservation-ubfc.com\/emme\/?s={search_term_string}"},"query-input":"required name=search_term_string"}],"inLanguage":"fr-FR"}]}},"_links":{"self":[{"href":"https:\/\/www.nature-conservation-ubfc.com\/emme\/wp-json\/wp\/v2\/pages\/2222"}],"collection":[{"href":"https:\/\/www.nature-conservation-ubfc.com\/emme\/wp-json\/wp\/v2\/pages"}],"about":[{"href":"https:\/\/www.nature-conservation-ubfc.com\/emme\/wp-json\/wp\/v2\/types\/page"}],"author":[{"embeddable":true,"href":"https:\/\/www.nature-conservation-ubfc.com\/emme\/wp-json\/wp\/v2\/users\/6"}],"replies":[{"embeddable":true,"href":"https:\/\/www.nature-conservation-ubfc.com\/emme\/wp-json\/wp\/v2\/comments?post=2222"}],"version-history":[{"count":1,"href":"https:\/\/www.nature-conservation-ubfc.com\/emme\/wp-json\/wp\/v2\/pages\/2222\/revisions"}],"predecessor-version":[{"id":2223,"href":"https:\/\/www.nature-conservation-ubfc.com\/emme\/wp-json\/wp\/v2\/pages\/2222\/revisions\/2223"}],"wp:attachment":[{"href":"https:\/\/www.nature-conservation-ubfc.com\/emme\/wp-json\/wp\/v2\/media?parent=2222"}],"curies":[{"name":"wp","href":"https:\/\/api.w.org\/{rel}","templated":true}]}}

Mobilité internationale

<p>La mobilité à l&rsquo;international au cours du Master peut être envisagée de deux façons:</p>
<ul>
<li>Réaliser votre stage de M1 et/ou M2 dans une structure d&rsquo;accueil à l&rsquo;étranger (<a href="https://www.nature-conservation-ubfc.com/emme/fr/structures-daccueil-de-stages/">voir la page dédiée</a>).</li>
<li>Réaliser un semestre ou une année dans le cadre d&rsquo;un programme d&rsquo;échange. Le programme ERASMUS vous offre la possibilité d&rsquo;étudier dans le <a href="https://www.nord.no/en/studies/master-of-science-in-biology-and-aquaculture#&amp;acd=988f05c5-a5f4-5e2f-7e96-ef71698f3013">Master Biosciences</a> de l&rsquo;Université de Nord, en Norvège.</li>
</ul>

<p>La mobilité à l&rsquo;international au cours du Master peut être envisagée de deux façons: Réaliser votre stage de M1 et/ou M2 dans une structure d&rsquo;accueil à l&rsquo;étranger (voir la page dédiée). Réaliser un semestre ou une année dans le cadre d&rsquo;un programme d&rsquo;échange. Le programme ERASMUS vous offre la possibilité d&rsquo;étudier dans le Master Biosciences [&hellip;]</p>

<!-- This site is optimized with the Yoast SEO plugin v22.8 - https://yoast.com/wordpress/plugins/seo/ -->
<title>Mobilité internationale - EMME</title>
<meta name="robots" content="index, follow, max-snippet:-1, max-image-preview:large, max-video-preview:-1" />
<link rel="canonical" href="https://www.nature-conservation-ubfc.com/emme/fr/mobilite-internationale/" />
<meta property="og:locale" content="fr_FR" />
<meta property="og:type" content="article" />
<meta property="og:title" content="Mobilité internationale - EMME" />
<meta property="og:description" content="La mobilité à l&rsquo;international au cours du Master peut être envisagée de deux façons: Réaliser votre stage de M1 et/ou M2 dans une structure d&rsquo;accueil à l&rsquo;étranger (voir la page dédiée). Réaliser un semestre ou une année dans le cadre d&rsquo;un programme d&rsquo;échange. Le programme ERASMUS vous offre la possibilité d&rsquo;étudier dans le Master Biosciences [&hellip;]" />
<meta property="og:url" content="https://www.nature-conservation-ubfc.com/emme/fr/mobilite-internationale/" />
<meta property="og:site_name" content="EMME" />
<meta name="twitter:card" content="summary_large_image" />
<meta name="twitter:label1" content="Durée de lecture estimée" />
	<meta name="twitter:data1" content="1 minute" />
<script type="application/ld+json" class="yoast-schema-graph">{"@context":"https://schema.org","@graph":[{"@type":"WebPage","@id":"https://www.nature-conservation-ubfc.com/emme/fr/mobilite-internationale/","url":"https://www.nature-conservation-ubfc.com/emme/fr/mobilite-internationale/","name":"Mobilité internationale - EMME","isPartOf":{"@id":"https://www.nature-conservation-ubfc.com/emme/#website"},"datePublished":"2023-03-20T10:23:26+00:00","dateModified":"2023-03-20T10:23:26+00:00","breadcrumb":{"@id":"https://www.nature-conservation-ubfc.com/emme/fr/mobilite-internationale/#breadcrumb"},"inLanguage":"fr-FR","potentialAction":[{"@type":"ReadAction","target":["https://www.nature-conservation-ubfc.com/emme/fr/mobilite-internationale/"]}]},{"@type":"BreadcrumbList","@id":"https://www.nature-conservation-ubfc.com/emme/fr/mobilite-internationale/#breadcrumb","itemListElement":[{"@type":"ListItem","position":1,"name":"Accueil","item":"https://www.nature-conservation-ubfc.com/emme/fr/"},{"@type":"ListItem","position":2,"name":"Mobilité internationale"}]},{"@type":"WebSite","@id":"https://www.nature-conservation-ubfc.com/emme/#website","url":"https://www.nature-conservation-ubfc.com/emme/","name":"EMME","description":"","potentialAction":[{"@type":"SearchAction","target":{"@type":"EntryPoint","urlTemplate":"https://www.nature-conservation-ubfc.com/emme/?s={search_term_string}"},"query-input":"required name=search_term_string"}],"inLanguage":"fr-FR"}]}</script>
<!-- / Yoast SEO plugin. -->

Mobilité internationale - EMME

La mobilité à l&rsquo;international au cours du Master peut être envisagée de deux façons: Réaliser votre stage de M1 et/ou M2 dans une structure d&rsquo;accueil à l&rsquo;étranger (voir la page dédiée). Réaliser un semestre ou une année dans le cadre d&rsquo;un programme d&rsquo;échange. Le programme ERASMUS vous offre la possibilité d&rsquo;étudier dans le Master Biosciences [&hellip;]
