{"id":137,"date":"2017-05-31T20:23:45","date_gmt":"2017-05-31T18:23:45","guid":{"rendered":"https:\/\/www.nature-conservation-ubfc.com\/emme\/?page_id=137"},"modified":"2017-09-02T11:40:17","modified_gmt":"2017-09-02T09:40:17","slug":"mentions-legales","status":"publish","type":"page","link":"https:\/\/www.nature-conservation-ubfc.com\/emme\/fr\/mentions-legales\/","title":{"rendered":"Mentions l\u00e9gales"},"content":{"rendered":"<p>[et_pb_section bb_built=\u00a0\u00bb1&Prime; admin_label=\u00a0\u00bbsection\u00a0\u00bb][et_pb_row admin_label=\u00a0\u00bbrow\u00a0\u00bb background_position=\u00a0\u00bbtop_left\u00a0\u00bb background_repeat=\u00a0\u00bbrepeat\u00a0\u00bb background_size=\u00a0\u00bbinitial\u00a0\u00bb][et_pb_column type=\u00a0\u00bb4_4&Prime;][et_pb_text admin_label=\u00a0\u00bbMentions l\u00e9gales\u00a0\u00bb _builder_version=\u00a0\u00bb3.0.50&Prime; background_layout=\u00a0\u00bblight\u00a0\u00bb text_orientation=\u00a0\u00bbleft\u00a0\u00bb border_style=\u00a0\u00bbsolid\u00a0\u00bb]<\/p>\n<p><strong>Site Internet publi\u00e9 par :<\/strong><\/p>\n<p>Master EMME<br \/>\nUniversit\u00e9 de Franche-Comt\u00e9 \u2013 CNRS<br \/>\nUMR 6249 Chrono-environnement<br \/>\nUFR Sciences et Techniques<br \/>\n16, Route de Gray<br \/>\nF-25030 Besan\u00e7on cedex<\/p>\n<p>&nbsp;<\/p>\n<p><strong>Site Internet cr\u00e9\u00e9 par :<\/strong><\/p>\n<p>Identit\u00e9 visuelle et cr\u00e9ations graphiques : Alxdesign \u2013\u00a0<a href=\"http:\/\/www.alxdesign.com\" target=\"_blank\" rel=\"noopener noreferrer\">www.alxdesign.com<\/a><br \/>\nD\u00e9veloppement : 1dpixel &#8211; <a href=\"http:\/\/www.1dpixel.com\" target=\"_blank\" rel=\"noopener noreferrer\">www.1dpixel.com<\/a><\/p>\n<p>&nbsp;<\/p>\n<p><strong>Site Internet h\u00e9berg\u00e9 par :<\/strong><\/p>\n<p>1&amp;1 Internet S.A.R.L. au capital de 100.000 euros.<br \/>\nBrauerstr. 48<br \/>\n76135 Karlsruhe<br \/>\nAllemagne<br \/>\nT\u00e9l : 0825 080 020<\/p>\n<p>&nbsp;<\/p>\n<p><strong>Loi \u00ab Informatique et Libert\u00e9s \u00bb<\/strong><\/p>\n<p>En application de la Loi n\u00b0 78-17 du 6 janvier 1978 relative \u00e0 l\u2019Informatique, aux Fichiers et aux Libert\u00e9s, vous disposez des droits d\u2019opposition (art. 26 de la loi), d\u2019acc\u00e8s (art.34 \u00e0 38 de la loi) et de rectification (art. 36 de la loi) des donn\u00e9es vous concernant. Ainsi, vous pouvez exiger que soient rectifi\u00e9es, compl\u00e9t\u00e9es, mises \u00e0 jour ou effac\u00e9es les informations vous concernant qui sont inexactes, incompl\u00e8tes, \u00e9quivoques, p\u00e9rim\u00e9es ou dont la collecte ou l\u2019utilisation, la communication ou la conservation est interdite.<\/p>\n<p>&nbsp;<\/p>\n<p><strong>Liens hypertextes<\/strong><\/p>\n<p>Tous sites ayant un lien hypertexte avec notre Site (un lien hypertexte ciblant le pr\u00e9sent site ou \u00e9tabli au d\u00e9part de celui-ci), ne sont pas sous contr\u00f4le de la f\u00e9d\u00e9ration r\u00e9gionale qui d\u00e9cline toute responsabilit\u00e9 quant \u00e0 leur contenu. L\u2019utilisateur est seul responsable de leur utilisation.<\/p>\n<p>&nbsp;<\/p>\n<p><strong>Cookies<\/strong><\/p>\n<p>Les cookies que nous \u00e9mettons nous permettent d\u2019\u00e9tablir des statistiques de fr\u00e9quentation de notre site, de m\u00e9moriser des informations saisies dans des formulaires, g\u00e9rer et s\u00e9curiser l\u2019acc\u00e8s \u00e0 des espaces r\u00e9serv\u00e9s et personnels tels que votre compte.<br \/>\nVous avez la possibilit\u00e9 de vous opposer \u00e0 l\u2019enregistrement de cookies en d\u00e9sactivant cette fonction de votre navigateur dans les pr\u00e9f\u00e9rences de celui-ci.<\/p>\n<p>[\/et_pb_text][\/et_pb_column][\/et_pb_row][\/et_pb_section]<\/p>\n","protected":false},"excerpt":{"rendered":"<p>Site Internet publi\u00e9 par : Master EMME Universit\u00e9 de Franche-Comt\u00e9 \u2013 CNRS UMR 6249 Chrono-environnement UFR Sciences et Techniques 16, Route de Gray F-25030 Besan\u00e7on cedex &nbsp; Site Internet cr\u00e9\u00e9 par : Identit\u00e9 visuelle et cr\u00e9ations graphiques : Alxdesign \u2013\u00a0www.alxdesign.com D\u00e9veloppement : 1dpixel &#8211; www.1dpixel.com &nbsp; Site Internet h\u00e9berg\u00e9 par : 1&amp;1 Internet S.A.R.L. au [&hellip;]<\/p>\n","protected":false},"author":4,"featured_media":0,"parent":0,"menu_order":0,"comment_status":"closed","ping_status":"closed","template":"","meta":{"_et_pb_use_builder":"on","_et_pb_old_content":"<p><strong>Site Internet publi\u00e9 par :<\/strong><\/p><p>Master EMME<br \/> b\u00e2timent Gabriel, 3e \u00e9tage, aile nord<br \/> universit\u00e9 de Bourgogne<br \/> 6 boulevard Gabriel<br \/> 21000 Dijon<\/p><p>\u00a0<\/p><p><strong>Site Internet cr\u00e9\u00e9 par :<\/strong><\/p><p>Webdesign : Alxdesign \u2013\u00a0<a href=\"http:\/\/www.alxdesign.com\" target=\"_blank\" rel=\"noopener noreferrer\">www.alxdesign.com<\/a><br \/> D\u00e9veloppement : 1dpixel - <a href=\"http:\/\/www.1dpixel.com\" target=\"_blank\" rel=\"noopener noreferrer\">www.1dpixel.com<\/a><\/p><p>\u00a0<\/p><p><strong>Site Internet h\u00e9berg\u00e9 par :<\/strong><\/p><p>1&1 Internet S.A.R.L. au capital de 100.000 euros.<br \/> Brauerstr. 48<br \/> 76135 Karlsruhe<br \/> Allemagne<br \/> T\u00e9l : 0825 080 020<\/p><p>\u00a0<\/p><p><strong>Loi \u00ab Informatique et Libert\u00e9s \u00bb<\/strong><\/p><p>En application de la Loi n\u00b0 78-17 du 6 janvier 1978 relative \u00e0 l\u2019Informatique, aux Fichiers et aux Libert\u00e9s, vous disposez des droits d\u2019opposition (art. 26 de la loi), d\u2019acc\u00e8s (art.34 \u00e0 38 de la loi) et de rectification (art. 36 de la loi) des donn\u00e9es vous concernant. Ainsi, vous pouvez exiger que soient rectifi\u00e9es, compl\u00e9t\u00e9es, mises \u00e0 jour ou effac\u00e9es les informations vous concernant qui sont inexactes, incompl\u00e8tes, \u00e9quivoques, p\u00e9rim\u00e9es ou dont la collecte ou l\u2019utilisation, la communication ou la conservation est interdite.<\/p><p>\u00a0<\/p><p><strong>Liens hypertextes<\/strong><\/p><p>Tous sites ayant un lien hypertexte avec notre Site (un lien hypertexte ciblant le pr\u00e9sent site ou \u00e9tabli au d\u00e9part de celui-ci), ne sont pas sous contr\u00f4le de la f\u00e9d\u00e9ration r\u00e9gionale qui d\u00e9cline toute responsabilit\u00e9 quant \u00e0 leur contenu. L\u2019utilisateur est seul responsable de leur utilisation.<\/p><p>\u00a0<\/p><p><strong>Cookies<\/strong><\/p><p>Les cookies que nous \u00e9mettons nous permettent d\u2019\u00e9tablir des statistiques de fr\u00e9quentation de notre site, de m\u00e9moriser des informations saisies dans des formulaires, g\u00e9rer et s\u00e9curiser l\u2019acc\u00e8s \u00e0 des espaces r\u00e9serv\u00e9s et personnels tels que votre compte.<br \/> Vous avez la possibilit\u00e9 de vous opposer \u00e0 l\u2019enregistrement de cookies en d\u00e9sactivant cette fonction de votre navigateur dans les pr\u00e9f\u00e9rences de celui-ci.<\/p>","_et_gb_content_width":"","footnotes":""},"yoast_head":"<!-- This site is optimized with the Yoast SEO plugin v22.8 - https:\/\/yoast.com\/wordpress\/plugins\/seo\/ -->\n<title>Mentions l\u00e9gales - EMME<\/title>\n<meta name=\"robots\" content=\"index, follow, max-snippet:-1, max-image-preview:large, max-video-preview:-1\" \/>\n<link rel=\"canonical\" href=\"https:\/\/www.nature-conservation-ubfc.com\/emme\/fr\/mentions-legales\/\" \/>\n<meta property=\"og:locale\" content=\"fr_FR\" \/>\n<meta property=\"og:type\" content=\"article\" \/>\n<meta property=\"og:title\" content=\"Mentions l\u00e9gales - EMME\" \/>\n<meta property=\"og:description\" content=\"Site Internet publi\u00e9 par : Master EMME Universit\u00e9 de Franche-Comt\u00e9 \u2013 CNRS UMR 6249 Chrono-environnement UFR Sciences et Techniques 16, Route de Gray F-25030 Besan\u00e7on cedex &nbsp; Site Internet cr\u00e9\u00e9 par : Identit\u00e9 visuelle et cr\u00e9ations graphiques : Alxdesign \u2013\u00a0www.alxdesign.com D\u00e9veloppement : 1dpixel - www.1dpixel.com &nbsp; Site Internet h\u00e9berg\u00e9 par : 1&amp;1 Internet S.A.R.L. au [&hellip;]\" \/>\n<meta property=\"og:url\" content=\"https:\/\/www.nature-conservation-ubfc.com\/emme\/fr\/mentions-legales\/\" \/>\n<meta property=\"og:site_name\" content=\"EMME\" \/>\n<meta property=\"article:modified_time\" content=\"2017-09-02T09:40:17+00:00\" \/>\n<meta name=\"twitter:card\" content=\"summary_large_image\" \/>\n<meta name=\"twitter:label1\" content=\"Dur\u00e9e de lecture estim\u00e9e\" \/>\n\t<meta name=\"twitter:data1\" content=\"2 minutes\" \/>\n<script type=\"application\/ld+json\" class=\"yoast-schema-graph\">{\"@context\":\"https:\/\/schema.org\",\"@graph\":[{\"@type\":\"WebPage\",\"@id\":\"https:\/\/www.nature-conservation-ubfc.com\/emme\/fr\/mentions-legales\/\",\"url\":\"https:\/\/www.nature-conservation-ubfc.com\/emme\/fr\/mentions-legales\/\",\"name\":\"Mentions l\u00e9gales - EMME\",\"isPartOf\":{\"@id\":\"https:\/\/www.nature-conservation-ubfc.com\/emme\/#website\"},\"datePublished\":\"2017-05-31T18:23:45+00:00\",\"dateModified\":\"2017-09-02T09:40:17+00:00\",\"breadcrumb\":{\"@id\":\"https:\/\/www.nature-conservation-ubfc.com\/emme\/fr\/mentions-legales\/#breadcrumb\"},\"inLanguage\":\"fr-FR\",\"potentialAction\":[{\"@type\":\"ReadAction\",\"target\":[\"https:\/\/www.nature-conservation-ubfc.com\/emme\/fr\/mentions-legales\/\"]}]},{\"@type\":\"BreadcrumbList\",\"@id\":\"https:\/\/www.nature-conservation-ubfc.com\/emme\/fr\/mentions-legales\/#breadcrumb\",\"itemListElement\":[{\"@type\":\"ListItem\",\"position\":1,\"name\":\"Accueil\",\"item\":\"https:\/\/www.nature-conservation-ubfc.com\/emme\/fr\/\"},{\"@type\":\"ListItem\",\"position\":2,\"name\":\"Mentions l\u00e9gales\"}]},{\"@type\":\"WebSite\",\"@id\":\"https:\/\/www.nature-conservation-ubfc.com\/emme\/#website\",\"url\":\"https:\/\/www.nature-conservation-ubfc.com\/emme\/\",\"name\":\"EMME\",\"description\":\"\",\"potentialAction\":[{\"@type\":\"SearchAction\",\"target\":{\"@type\":\"EntryPoint\",\"urlTemplate\":\"https:\/\/www.nature-conservation-ubfc.com\/emme\/?s={search_term_string}\"},\"query-input\":\"required name=search_term_string\"}],\"inLanguage\":\"fr-FR\"}]}<\/script>\n<!-- \/ Yoast SEO plugin. -->","yoast_head_json":{"title":"Mentions l\u00e9gales - EMME","robots":{"index":"index","follow":"follow","max-snippet":"max-snippet:-1","max-image-preview":"max-image-preview:large","max-video-preview":"max-video-preview:-1"},"canonical":"https:\/\/www.nature-conservation-ubfc.com\/emme\/fr\/mentions-legales\/","og_locale":"fr_FR","og_type":"article","og_title":"Mentions l\u00e9gales - EMME","og_description":"Site Internet publi\u00e9 par : Master EMME Universit\u00e9 de Franche-Comt\u00e9 \u2013 CNRS UMR 6249 Chrono-environnement UFR Sciences et Techniques 16, Route de Gray F-25030 Besan\u00e7on cedex &nbsp; Site Internet cr\u00e9\u00e9 par : Identit\u00e9 visuelle et cr\u00e9ations graphiques : Alxdesign \u2013\u00a0www.alxdesign.com D\u00e9veloppement : 1dpixel - www.1dpixel.com &nbsp; Site Internet h\u00e9berg\u00e9 par : 1&amp;1 Internet S.A.R.L. au [&hellip;]","og_url":"https:\/\/www.nature-conservation-ubfc.com\/emme\/fr\/mentions-legales\/","og_site_name":"EMME","article_modified_time":"2017-09-02T09:40:17+00:00","twitter_card":"summary_large_image","twitter_misc":{"Dur\u00e9e de lecture estim\u00e9e":"2 minutes"},"schema":{"@context":"https:\/\/schema.org","@graph":[{"@type":"WebPage","@id":"https:\/\/www.nature-conservation-ubfc.com\/emme\/fr\/mentions-legales\/","url":"https:\/\/www.nature-conservation-ubfc.com\/emme\/fr\/mentions-legales\/","name":"Mentions l\u00e9gales - EMME","isPartOf":{"@id":"https:\/\/www.nature-conservation-ubfc.com\/emme\/#website"},"datePublished":"2017-05-31T18:23:45+00:00","dateModified":"2017-09-02T09:40:17+00:00","breadcrumb":{"@id":"https:\/\/www.nature-conservation-ubfc.com\/emme\/fr\/mentions-legales\/#breadcrumb"},"inLanguage":"fr-FR","potentialAction":[{"@type":"ReadAction","target":["https:\/\/www.nature-conservation-ubfc.com\/emme\/fr\/mentions-legales\/"]}]},{"@type":"BreadcrumbList","@id":"https:\/\/www.nature-conservation-ubfc.com\/emme\/fr\/mentions-legales\/#breadcrumb","itemListElement":[{"@type":"ListItem","position":1,"name":"Accueil","item":"https:\/\/www.nature-conservation-ubfc.com\/emme\/fr\/"},{"@type":"ListItem","position":2,"name":"Mentions l\u00e9gales"}]},{"@type":"WebSite","@id":"https:\/\/www.nature-conservation-ubfc.com\/emme\/#website","url":"https:\/\/www.nature-conservation-ubfc.com\/emme\/","name":"EMME","description":"","potentialAction":[{"@type":"SearchAction","target":{"@type":"EntryPoint","urlTemplate":"https:\/\/www.nature-conservation-ubfc.com\/emme\/?s={search_term_string}"},"query-input":"required name=search_term_string"}],"inLanguage":"fr-FR"}]}},"_links":{"self":[{"href":"https:\/\/www.nature-conservation-ubfc.com\/emme\/wp-json\/wp\/v2\/pages\/137"}],"collection":[{"href":"https:\/\/www.nature-conservation-ubfc.com\/emme\/wp-json\/wp\/v2\/pages"}],"about":[{"href":"https:\/\/www.nature-conservation-ubfc.com\/emme\/wp-json\/wp\/v2\/types\/page"}],"author":[{"embeddable":true,"href":"https:\/\/www.nature-conservation-ubfc.com\/emme\/wp-json\/wp\/v2\/users\/4"}],"replies":[{"embeddable":true,"href":"https:\/\/www.nature-conservation-ubfc.com\/emme\/wp-json\/wp\/v2\/comments?post=137"}],"version-history":[{"count":6,"href":"https:\/\/www.nature-conservation-ubfc.com\/emme\/wp-json\/wp\/v2\/pages\/137\/revisions"}],"predecessor-version":[{"id":538,"href":"https:\/\/www.nature-conservation-ubfc.com\/emme\/wp-json\/wp\/v2\/pages\/137\/revisions\/538"}],"wp:attachment":[{"href":"https:\/\/www.nature-conservation-ubfc.com\/emme\/wp-json\/wp\/v2\/media?parent=137"}],"curies":[{"name":"wp","href":"https:\/\/api.w.org\/{rel}","templated":true}]}}