{"id":135,"date":"2017-05-31T20:23:31","date_gmt":"2017-05-31T18:23:31","guid":{"rendered":"https:\/\/www.nature-conservation-ubfc.com\/emme\/?page_id=135"},"modified":"2017-09-02T11:39:00","modified_gmt":"2017-09-02T09:39:00","slug":"liens","status":"publish","type":"page","link":"https:\/\/www.nature-conservation-ubfc.com\/emme\/fr\/liens\/","title":{"rendered":"Liens"},"content":{"rendered":"<p>[et_pb_section bb_built=\u00a0\u00bb1&Prime; admin_label=\u00a0\u00bbsection\u00a0\u00bb][et_pb_row admin_label=\u00a0\u00bbrow\u00a0\u00bb background_position=\u00a0\u00bbtop_left\u00a0\u00bb background_repeat=\u00a0\u00bbrepeat\u00a0\u00bb background_size=\u00a0\u00bbinitial\u00a0\u00bb][et_pb_column type=\u00a0\u00bb4_4&Prime;][et_pb_text admin_label=\u00a0\u00bbLiens\u00a0\u00bb _builder_version=\u00a0\u00bb3.0.50&Prime; background_layout=\u00a0\u00bblight\u00a0\u00bb text_orientation=\u00a0\u00bbleft\u00a0\u00bb border_style=\u00a0\u00bbsolid\u00a0\u00bb]<\/p>\n<p>Une part importante des terrains d&rsquo;\u00e9tude de Chrono-environnement, l&rsquo;unit\u00e9 de recherche porteuse du Master, est situ\u00e9e dans le Massif Jurassien et dans un certain nombre de pays \u00e9trangers. Visitez les sites de la Zone Atelier Arc Jurassien (<a href=\"https:\/\/zaaj.univ-fcomte.fr\/\" target=\"_blank\" rel=\"noopener noreferrer\">https:\/\/zaaj.univ-fcomte.fr\/<\/a>) et du GDRI Ecosystem Health and Environmental Disease Ecology (<a href=\"https:\/\/gdri-ehede.univ-fcomte.fr\/\" target=\"_blank\" rel=\"noopener noreferrer\">https:\/\/gdri-ehede.univ-fcomte.fr\/<\/a>) !<\/p>\n<p>[\/et_pb_text][\/et_pb_column][\/et_pb_row][\/et_pb_section]<\/p>\n","protected":false},"excerpt":{"rendered":"<p>Une part importante des terrains d&rsquo;\u00e9tude de Chrono-environnement, l&rsquo;unit\u00e9 de recherche porteuse du Master, est situ\u00e9e dans le Massif Jurassien et dans un certain nombre de pays \u00e9trangers. Visitez les sites de la Zone Atelier Arc Jurassien (https:\/\/zaaj.univ-fcomte.fr\/) et du GDRI Ecosystem Health and Environmental Disease Ecology (https:\/\/gdri-ehede.univ-fcomte.fr\/) !<\/p>\n","protected":false},"author":4,"featured_media":0,"parent":0,"menu_order":0,"comment_status":"closed","ping_status":"closed","template":"","meta":{"_et_pb_use_builder":"on","_et_pb_old_content":"<h2>universit\u00e9 de Bourgogne<\/h2><p><a href=\"http:\/\/biogeosciences.u-bourgogne.fr\/fr\/\" target=\"_blank\" rel=\"noopener noreferrer\">UMR CNRS Biog\u00e9osciences<\/a> : le site de l'unit\u00e9 mixte de recherche UMR CNRS 5561 Biog\u00e9osciences \u00e0 laquelle est rattach\u00e9e une partie de l'\u00e9quipe enseignante de la fili\u00e8re BOP<br \/> <a href=\"http:\/\/www6.dijon.inra.fr\/umragroecologie\/\" target=\"_blank\" rel=\"noopener noreferrer\">UMR Agro\u00e9cologie<\/a> a laquelle est rattach\u00e9e une autre partie importante de l'\u00e9quipe enseignante de la fili\u00e8re BOP<br \/> <a href=\"http:\/\/ufr-svte.u-bourgogne.fr\" target=\"_blank\" rel=\"noopener noreferrer\">UFR des sciences de la vie, de la terre et de l'environnement<\/a><br \/> <a href=\"http:\/\/ufr-svte.u-bourgogne.fr\/scolarite\/emplois-du-temps.html\" target=\"_blank\" rel=\"noopener noreferrer\">emplois du temps du L1 au M2 sur la page de l'UFR<\/a><br \/> <a href=\"http:\/\/www.ecoledoctoralee2s.com\" target=\"_blank\" rel=\"noopener noreferrer\">Ecole doctorale E2S<\/a> (inscription en th\u00e8se, services et aides financi\u00e8res aux doctorants, etc.)<br \/> <a href=\"http:\/\/search.ebscohost.com\/login.aspx?direct=true&custid=s5524354&db=edspub&type=44&plp=1&lang=fr\" target=\"_blank\" rel=\"noopener noreferrer\">A-to-Z : catalogues des revues scientifiques<\/a> accessibles depuis l'universit\u00e9 de Bourgogne<\/p><h2>organismes de recherche partenaires<\/h2><p><a href=\"http:\/\/www.agrosupdijon.fr\" target=\"_blank\" rel=\"noopener noreferrer\">Agrosup Dijon<\/a><br \/> <a href=\"http:\/\/www.cnrs.fr\" target=\"_blank\" rel=\"noopener noreferrer\">CNRS<\/a>, Centre Nationale de la Recherche Scientifique<br \/> <a href=\"http:\/\/www.inra.fr\" target=\"_blank\" rel=\"noopener noreferrer\">INRA<\/a>, Institut National de la Recherche Agronomique<\/p><h2>soci\u00e9t\u00e9s savantes<\/h2><p><a href=\"https:\/\/www.sfecologie.org\" target=\"_blank\" rel=\"noopener noreferrer\">Soci\u00e9t\u00e9 Fran\u00e7aise d'Ecologie, SFE<\/a><br \/> <a href=\"http:\/\/www.sfeca.fr\" target=\"_blank\" rel=\"noopener noreferrer\">Soci\u00e9t\u00e9 Fran\u00e7aise pour l'\u00c9tude du Comportement Animal, SFECA<\/a><br \/> <a href=\"http:\/\/www.asab.org\" target=\"_blank\" rel=\"noopener noreferrer\">Association for the Study of Animal Behaviour, ASAB<\/a>. Cette soci\u00e9t\u00e9 savante anglaise est sans doute la plus influente sur le plan international en mati\u00e8re de comportement animal. Elle \u00e9dite la revue de r\u00e9f\u00e9rence \"Animal Behaviour\", organise plusieurs colloques par an et offre r\u00e9guli\u00e8rement des bourses \u00e9tudiantes<br \/> <a href=\"http:\/\/www.animalbehaviorsociety.org\/web\/index.php\" target=\"_blank\" rel=\"noopener noreferrer\">Animal Behavior Society<\/a>. Cette soci\u00e9t\u00e9 savante am\u00e9ricaine diffuse, entre autre, beaucoup d'offres de stage, th\u00e8se, post-doc en comportement animal.<br \/> Soci\u00e9t\u00e9 Qu\u00e9becoise pour l'Etude Biologique du Comportement, SQEBC<br \/> European Society for Evolutionary Biology, ESEB<br \/> Association Fran\u00e7aise de Limnologie<br \/> Soci\u00e9t\u00e9 d\u2019Etudes Ornithologiques de France, SEOF<\/p><h2>associations \u00e9tudiantes<\/h2><p>Groupe Naturaliste universitaire de Bourgogne<br \/> Plume, r\u00e9seau de vulgarisation scientifique<\/p><h2>vie pratique \u00e0 Dijon<\/h2><p>site de la ville de Dijon<br \/> Crous, service de la vie \u00e9tudiante \u00e0 Dijon<\/p>","_et_gb_content_width":"","footnotes":""},"yoast_head":"<!-- This site is optimized with the Yoast SEO plugin v22.8 - https:\/\/yoast.com\/wordpress\/plugins\/seo\/ -->\n<title>Liens - EMME<\/title>\n<meta name=\"robots\" content=\"index, follow, max-snippet:-1, max-image-preview:large, max-video-preview:-1\" \/>\n<link rel=\"canonical\" href=\"https:\/\/www.nature-conservation-ubfc.com\/emme\/fr\/liens\/\" \/>\n<meta property=\"og:locale\" content=\"fr_FR\" \/>\n<meta property=\"og:type\" content=\"article\" \/>\n<meta property=\"og:title\" content=\"Liens - EMME\" \/>\n<meta property=\"og:description\" content=\"Une part importante des terrains d&#039;\u00e9tude de Chrono-environnement, l&#039;unit\u00e9 de recherche porteuse du Master, est situ\u00e9e dans le Massif Jurassien et dans un certain nombre de pays \u00e9trangers. Visitez les sites de la Zone Atelier Arc Jurassien (https:\/\/zaaj.univ-fcomte.fr\/) et du GDRI Ecosystem Health and Environmental Disease Ecology (https:\/\/gdri-ehede.univ-fcomte.fr\/) !\" \/>\n<meta property=\"og:url\" content=\"https:\/\/www.nature-conservation-ubfc.com\/emme\/fr\/liens\/\" \/>\n<meta property=\"og:site_name\" content=\"EMME\" \/>\n<meta property=\"article:modified_time\" content=\"2017-09-02T09:39:00+00:00\" \/>\n<meta name=\"twitter:card\" content=\"summary_large_image\" \/>\n<meta name=\"twitter:label1\" content=\"Dur\u00e9e de lecture estim\u00e9e\" \/>\n\t<meta name=\"twitter:data1\" content=\"1 minute\" \/>\n<script type=\"application\/ld+json\" class=\"yoast-schema-graph\">{\"@context\":\"https:\/\/schema.org\",\"@graph\":[{\"@type\":\"WebPage\",\"@id\":\"https:\/\/www.nature-conservation-ubfc.com\/emme\/fr\/liens\/\",\"url\":\"https:\/\/www.nature-conservation-ubfc.com\/emme\/fr\/liens\/\",\"name\":\"Liens - EMME\",\"isPartOf\":{\"@id\":\"https:\/\/www.nature-conservation-ubfc.com\/emme\/#website\"},\"datePublished\":\"2017-05-31T18:23:31+00:00\",\"dateModified\":\"2017-09-02T09:39:00+00:00\",\"breadcrumb\":{\"@id\":\"https:\/\/www.nature-conservation-ubfc.com\/emme\/fr\/liens\/#breadcrumb\"},\"inLanguage\":\"fr-FR\",\"potentialAction\":[{\"@type\":\"ReadAction\",\"target\":[\"https:\/\/www.nature-conservation-ubfc.com\/emme\/fr\/liens\/\"]}]},{\"@type\":\"BreadcrumbList\",\"@id\":\"https:\/\/www.nature-conservation-ubfc.com\/emme\/fr\/liens\/#breadcrumb\",\"itemListElement\":[{\"@type\":\"ListItem\",\"position\":1,\"name\":\"Accueil\",\"item\":\"https:\/\/www.nature-conservation-ubfc.com\/emme\/fr\/\"},{\"@type\":\"ListItem\",\"position\":2,\"name\":\"Liens\"}]},{\"@type\":\"WebSite\",\"@id\":\"https:\/\/www.nature-conservation-ubfc.com\/emme\/#website\",\"url\":\"https:\/\/www.nature-conservation-ubfc.com\/emme\/\",\"name\":\"EMME\",\"description\":\"\",\"potentialAction\":[{\"@type\":\"SearchAction\",\"target\":{\"@type\":\"EntryPoint\",\"urlTemplate\":\"https:\/\/www.nature-conservation-ubfc.com\/emme\/?s={search_term_string}\"},\"query-input\":\"required name=search_term_string\"}],\"inLanguage\":\"fr-FR\"}]}<\/script>\n<!-- \/ Yoast SEO plugin. -->","yoast_head_json":{"title":"Liens - EMME","robots":{"index":"index","follow":"follow","max-snippet":"max-snippet:-1","max-image-preview":"max-image-preview:large","max-video-preview":"max-video-preview:-1"},"canonical":"https:\/\/www.nature-conservation-ubfc.com\/emme\/fr\/liens\/","og_locale":"fr_FR","og_type":"article","og_title":"Liens - EMME","og_description":"Une part importante des terrains d'\u00e9tude de Chrono-environnement, l'unit\u00e9 de recherche porteuse du Master, est situ\u00e9e dans le Massif Jurassien et dans un certain nombre de pays \u00e9trangers. Visitez les sites de la Zone Atelier Arc Jurassien (https:\/\/zaaj.univ-fcomte.fr\/) et du GDRI Ecosystem Health and Environmental Disease Ecology (https:\/\/gdri-ehede.univ-fcomte.fr\/) !","og_url":"https:\/\/www.nature-conservation-ubfc.com\/emme\/fr\/liens\/","og_site_name":"EMME","article_modified_time":"2017-09-02T09:39:00+00:00","twitter_card":"summary_large_image","twitter_misc":{"Dur\u00e9e de lecture estim\u00e9e":"1 minute"},"schema":{"@context":"https:\/\/schema.org","@graph":[{"@type":"WebPage","@id":"https:\/\/www.nature-conservation-ubfc.com\/emme\/fr\/liens\/","url":"https:\/\/www.nature-conservation-ubfc.com\/emme\/fr\/liens\/","name":"Liens - EMME","isPartOf":{"@id":"https:\/\/www.nature-conservation-ubfc.com\/emme\/#website"},"datePublished":"2017-05-31T18:23:31+00:00","dateModified":"2017-09-02T09:39:00+00:00","breadcrumb":{"@id":"https:\/\/www.nature-conservation-ubfc.com\/emme\/fr\/liens\/#breadcrumb"},"inLanguage":"fr-FR","potentialAction":[{"@type":"ReadAction","target":["https:\/\/www.nature-conservation-ubfc.com\/emme\/fr\/liens\/"]}]},{"@type":"BreadcrumbList","@id":"https:\/\/www.nature-conservation-ubfc.com\/emme\/fr\/liens\/#breadcrumb","itemListElement":[{"@type":"ListItem","position":1,"name":"Accueil","item":"https:\/\/www.nature-conservation-ubfc.com\/emme\/fr\/"},{"@type":"ListItem","position":2,"name":"Liens"}]},{"@type":"WebSite","@id":"https:\/\/www.nature-conservation-ubfc.com\/emme\/#website","url":"https:\/\/www.nature-conservation-ubfc.com\/emme\/","name":"EMME","description":"","potentialAction":[{"@type":"SearchAction","target":{"@type":"EntryPoint","urlTemplate":"https:\/\/www.nature-conservation-ubfc.com\/emme\/?s={search_term_string}"},"query-input":"required name=search_term_string"}],"inLanguage":"fr-FR"}]}},"_links":{"self":[{"href":"https:\/\/www.nature-conservation-ubfc.com\/emme\/wp-json\/wp\/v2\/pages\/135"}],"collection":[{"href":"https:\/\/www.nature-conservation-ubfc.com\/emme\/wp-json\/wp\/v2\/pages"}],"about":[{"href":"https:\/\/www.nature-conservation-ubfc.com\/emme\/wp-json\/wp\/v2\/types\/page"}],"author":[{"embeddable":true,"href":"https:\/\/www.nature-conservation-ubfc.com\/emme\/wp-json\/wp\/v2\/users\/4"}],"replies":[{"embeddable":true,"href":"https:\/\/www.nature-conservation-ubfc.com\/emme\/wp-json\/wp\/v2\/comments?post=135"}],"version-history":[{"count":8,"href":"https:\/\/www.nature-conservation-ubfc.com\/emme\/wp-json\/wp\/v2\/pages\/135\/revisions"}],"predecessor-version":[{"id":858,"href":"https:\/\/www.nature-conservation-ubfc.com\/emme\/wp-json\/wp\/v2\/pages\/135\/revisions\/858"}],"wp:attachment":[{"href":"https:\/\/www.nature-conservation-ubfc.com\/emme\/wp-json\/wp\/v2\/media?parent=135"}],"curies":[{"name":"wp","href":"https:\/\/api.w.org\/{rel}","templated":true}]}}