{"id":1264,"date":"2019-04-12T10:27:02","date_gmt":"2019-04-12T08:27:02","guid":{"rendered":"https:\/\/www.nature-conservation-ubfc.com\/emme\/?page_id=1264"},"modified":"2019-04-12T10:33:13","modified_gmt":"2019-04-12T08:33:13","slug":"impacts-du-broutage-par-les-cerfs-sambar-rusa-unicolor-introduits","status":"publish","type":"page","link":"https:\/\/www.nature-conservation-ubfc.com\/emme\/fr\/impacts-du-broutage-par-les-cerfs-sambar-rusa-unicolor-introduits\/","title":{"rendered":"Impacts du broutage par les cerfs sambar (Rusa unicolor) introduits"},"content":{"rendered":"<h1>dans les for\u00eats de fr\u00eanes des montagnes des hauts plateaux de Victoria, Australie.<\/h1>\n<h3><img loading=\"lazy\" decoding=\"async\" class=\"aligncenter wp-image-1256 size-medium\" src=\"https:\/\/www.nature-conservation-ubfc.com\/emme\/wp-content\/uploads\/sites\/4\/2019\/04\/sambar-deer-200x300.jpg\" alt=\"\" width=\"200\" height=\"300\" \/>Structure d&rsquo;accueil :<\/h3>\n<p style=\"text-align: justify\">Australian <span style=\"float: none;background-color: transparent;color: #666666;font-family: 'Open Sans',Arial,sans-serif;font-size: 14px;font-style: normal;font-variant: normal;font-weight: 500;letter-spacing: normal;text-align: justify;text-decoration: none;text-indent: 0px\">National <\/span>University, Fenner School of Environment and Society.<\/p>\n<h3 style=\"text-align: justify\">Contexte :<\/h3>\n<p style=\"text-align: justify\">Le projet implique des travaux de terrain dans les hautes for\u00eats humides des hauts plateaux centraux de Victoria, notamment pour le suivi de la pr\u00e9sence et de l\u2019impact des cerfs Sambar (<i>Rusa unicolor<\/i>) (excr\u00e9ments, plantes brout\u00e9es, traces).<\/p>\n<h3 style=\"text-align: justify\">Objectifs scientifiques :<\/h3>\n<p style=\"text-align: justify\" align=\"justify\">Les objectifs scientifiques comprennent\u00a0: 1) La corr\u00e9lation de la pr\u00e9sence de cerfs Sambar avec l\u2019\u00e2ge de la for\u00eat, le r\u00e9gime foncier, la s\u00e9v\u00e9rit\u00e9 plus ou moins importante des feux ou les impacts de l\u2019exploitation foresti\u00e8re et autres variables topographiques environnementales qui d\u00e9terminent la localisation et l&rsquo;abondance des cerfs\u00a0 2) Quelles esp\u00e8ces v\u00e9g\u00e9tales sont les plus impact\u00e9es par le broutage des cerfs 3) Les impacts du broutage par les cerfs sur la r\u00e9g\u00e9n\u00e9ration des plantes apr\u00e8s un feu ou une exploitation foresti\u00e8re 4) Des suggestions de potentielles actions de gestion pour les gestionnaires fonciers.<\/p>\n<h3 style=\"text-align: justify\" align=\"justify\">Modalit\u00e9s de r\u00e9alisation (techniques, travail \u00e0 effectuer, workflow, etc.) :<\/h3>\n<p style=\"text-align: justify\">Le projet sera mis en relation avec un suivi \u00e0 long terme d\u00e9j\u00e0 existant et mis en place sur 200 sites. Le suivi impliquera la visite des sites, la r\u00e9alisation des relev\u00e9s de terrain, la saisie et l\u2019analyse des donn\u00e9es. Le travail sera principalement r\u00e9alis\u00e9 les Lundis-Vendredis avec des contributions possibles durant les week-ends.<\/p>\n<h3 style=\"text-align: justify\">Comp\u00e9tences souhait\u00e9es :<\/h3>\n<ul style=\"text-align: justify;list-style-type: disc\">\n<li>T<span style=\"font-size: medium\">ravail en autonomie en for\u00eat <\/span><\/li>\n<li>O<span style=\"font-size: medium\">bservation et r\u00e9colte de donn\u00e9es<\/span><\/li>\n<li><span style=\"font-size: medium\">Parler, lire et \u00e9crire en anglais<\/span><\/li>\n<li>C<span style=\"font-size: medium\">omp\u00e9tences de bases en premiers soins (incluant le traitement des morsures de serpents)<\/span><\/li>\n<li><span style=\"font-size: medium\">Orientation<\/span><\/li>\n<li><span style=\"font-size: medium\">Conduite manuelle d\u2019un 4&#215;4<\/span><\/li>\n<li><span style=\"font-size: medium\">Utilisation d\u2019une tron\u00e7onneuse (non n\u00e9cessaire)<\/span><\/li>\n<li><span style=\"font-size: medium\">Comp\u00e9tences g\u00e9n\u00e9rales de terrain.<\/span><\/li>\n<\/ul>\n<p style=\"text-align: justify\"><span style=\"font-size: medium\">Il est souhait\u00e9 que le stagiaire participe aux autres aspects des travaux de suivi \u00e0 long terme comprenant le suivi nocturne des opossums et des phalangers volants (petits marsupiaux).<\/span><\/p>\n<p>&nbsp;<\/p>\n","protected":false},"excerpt":{"rendered":"<p>dans les for\u00eats de fr\u00eanes des montagnes des hauts plateaux de Victoria, Australie. Structure d&rsquo;accueil : Australian National University, Fenner School of Environment and Society. Contexte : Le projet implique des travaux de terrain dans les hautes for\u00eats humides des hauts plateaux centraux de Victoria, notamment pour le suivi de la pr\u00e9sence et de l\u2019impact [&hellip;]<\/p>\n","protected":false},"author":6,"featured_media":0,"parent":0,"menu_order":0,"comment_status":"closed","ping_status":"closed","template":"","meta":{"_et_pb_use_builder":"","_et_pb_old_content":"","_et_gb_content_width":"","footnotes":""},"yoast_head":"<!-- This site is optimized with the Yoast SEO plugin v22.8 - https:\/\/yoast.com\/wordpress\/plugins\/seo\/ -->\n<title>Impacts du broutage par les cerfs sambar (Rusa unicolor) introduits - EMME<\/title>\n<meta name=\"robots\" content=\"index, follow, max-snippet:-1, max-image-preview:large, max-video-preview:-1\" \/>\n<link rel=\"canonical\" href=\"https:\/\/www.nature-conservation-ubfc.com\/emme\/fr\/impacts-du-broutage-par-les-cerfs-sambar-rusa-unicolor-introduits\/\" \/>\n<meta property=\"og:locale\" content=\"fr_FR\" \/>\n<meta property=\"og:type\" content=\"article\" \/>\n<meta property=\"og:title\" content=\"Impacts du broutage par les cerfs sambar (Rusa unicolor) introduits - EMME\" \/>\n<meta property=\"og:description\" content=\"dans les for\u00eats de fr\u00eanes des montagnes des hauts plateaux de Victoria, Australie. Structure d&rsquo;accueil : Australian National University, Fenner School of Environment and Society. Contexte : Le projet implique des travaux de terrain dans les hautes for\u00eats humides des hauts plateaux centraux de Victoria, notamment pour le suivi de la pr\u00e9sence et de l\u2019impact [&hellip;]\" \/>\n<meta property=\"og:url\" content=\"https:\/\/www.nature-conservation-ubfc.com\/emme\/fr\/impacts-du-broutage-par-les-cerfs-sambar-rusa-unicolor-introduits\/\" \/>\n<meta property=\"og:site_name\" content=\"EMME\" \/>\n<meta property=\"article:modified_time\" content=\"2019-04-12T08:33:13+00:00\" \/>\n<meta property=\"og:image\" content=\"https:\/\/www.nature-conservation-ubfc.com\/emme\/wp-content\/uploads\/sites\/4\/2019\/04\/sambar-deer-200x300.jpg\" \/>\n<meta name=\"twitter:card\" content=\"summary_large_image\" \/>\n<meta name=\"twitter:label1\" content=\"Dur\u00e9e de lecture estim\u00e9e\" \/>\n\t<meta name=\"twitter:data1\" content=\"2 minutes\" \/>\n<script type=\"application\/ld+json\" class=\"yoast-schema-graph\">{\"@context\":\"https:\/\/schema.org\",\"@graph\":[{\"@type\":\"WebPage\",\"@id\":\"https:\/\/www.nature-conservation-ubfc.com\/emme\/fr\/impacts-du-broutage-par-les-cerfs-sambar-rusa-unicolor-introduits\/\",\"url\":\"https:\/\/www.nature-conservation-ubfc.com\/emme\/fr\/impacts-du-broutage-par-les-cerfs-sambar-rusa-unicolor-introduits\/\",\"name\":\"Impacts du broutage par les cerfs sambar (Rusa unicolor) introduits - EMME\",\"isPartOf\":{\"@id\":\"https:\/\/www.nature-conservation-ubfc.com\/emme\/#website\"},\"primaryImageOfPage\":{\"@id\":\"https:\/\/www.nature-conservation-ubfc.com\/emme\/fr\/impacts-du-broutage-par-les-cerfs-sambar-rusa-unicolor-introduits\/#primaryimage\"},\"image\":{\"@id\":\"https:\/\/www.nature-conservation-ubfc.com\/emme\/fr\/impacts-du-broutage-par-les-cerfs-sambar-rusa-unicolor-introduits\/#primaryimage\"},\"thumbnailUrl\":\"https:\/\/www.nature-conservation-ubfc.com\/emme\/wp-content\/uploads\/sites\/4\/2019\/04\/sambar-deer-200x300.jpg\",\"datePublished\":\"2019-04-12T08:27:02+00:00\",\"dateModified\":\"2019-04-12T08:33:13+00:00\",\"breadcrumb\":{\"@id\":\"https:\/\/www.nature-conservation-ubfc.com\/emme\/fr\/impacts-du-broutage-par-les-cerfs-sambar-rusa-unicolor-introduits\/#breadcrumb\"},\"inLanguage\":\"fr-FR\",\"potentialAction\":[{\"@type\":\"ReadAction\",\"target\":[\"https:\/\/www.nature-conservation-ubfc.com\/emme\/fr\/impacts-du-broutage-par-les-cerfs-sambar-rusa-unicolor-introduits\/\"]}]},{\"@type\":\"ImageObject\",\"inLanguage\":\"fr-FR\",\"@id\":\"https:\/\/www.nature-conservation-ubfc.com\/emme\/fr\/impacts-du-broutage-par-les-cerfs-sambar-rusa-unicolor-introduits\/#primaryimage\",\"url\":\"https:\/\/www.nature-conservation-ubfc.com\/emme\/wp-content\/uploads\/sites\/4\/2019\/04\/sambar-deer-200x300.jpg\",\"contentUrl\":\"https:\/\/www.nature-conservation-ubfc.com\/emme\/wp-content\/uploads\/sites\/4\/2019\/04\/sambar-deer-200x300.jpg\"},{\"@type\":\"BreadcrumbList\",\"@id\":\"https:\/\/www.nature-conservation-ubfc.com\/emme\/fr\/impacts-du-broutage-par-les-cerfs-sambar-rusa-unicolor-introduits\/#breadcrumb\",\"itemListElement\":[{\"@type\":\"ListItem\",\"position\":1,\"name\":\"Accueil\",\"item\":\"https:\/\/www.nature-conservation-ubfc.com\/emme\/fr\/\"},{\"@type\":\"ListItem\",\"position\":2,\"name\":\"Impacts du broutage par les cerfs sambar (Rusa unicolor) introduits\"}]},{\"@type\":\"WebSite\",\"@id\":\"https:\/\/www.nature-conservation-ubfc.com\/emme\/#website\",\"url\":\"https:\/\/www.nature-conservation-ubfc.com\/emme\/\",\"name\":\"EMME\",\"description\":\"\",\"potentialAction\":[{\"@type\":\"SearchAction\",\"target\":{\"@type\":\"EntryPoint\",\"urlTemplate\":\"https:\/\/www.nature-conservation-ubfc.com\/emme\/?s={search_term_string}\"},\"query-input\":\"required name=search_term_string\"}],\"inLanguage\":\"fr-FR\"}]}<\/script>\n<!-- \/ Yoast SEO plugin. -->","yoast_head_json":{"title":"Impacts du broutage par les cerfs sambar (Rusa unicolor) introduits - EMME","robots":{"index":"index","follow":"follow","max-snippet":"max-snippet:-1","max-image-preview":"max-image-preview:large","max-video-preview":"max-video-preview:-1"},"canonical":"https:\/\/www.nature-conservation-ubfc.com\/emme\/fr\/impacts-du-broutage-par-les-cerfs-sambar-rusa-unicolor-introduits\/","og_locale":"fr_FR","og_type":"article","og_title":"Impacts du broutage par les cerfs sambar (Rusa unicolor) introduits - EMME","og_description":"dans les for\u00eats de fr\u00eanes des montagnes des hauts plateaux de Victoria, Australie. Structure d&rsquo;accueil : Australian National University, Fenner School of Environment and Society. Contexte : Le projet implique des travaux de terrain dans les hautes for\u00eats humides des hauts plateaux centraux de Victoria, notamment pour le suivi de la pr\u00e9sence et de l\u2019impact [&hellip;]","og_url":"https:\/\/www.nature-conservation-ubfc.com\/emme\/fr\/impacts-du-broutage-par-les-cerfs-sambar-rusa-unicolor-introduits\/","og_site_name":"EMME","article_modified_time":"2019-04-12T08:33:13+00:00","og_image":[{"url":"https:\/\/www.nature-conservation-ubfc.com\/emme\/wp-content\/uploads\/sites\/4\/2019\/04\/sambar-deer-200x300.jpg"}],"twitter_card":"summary_large_image","twitter_misc":{"Dur\u00e9e de lecture estim\u00e9e":"2 minutes"},"schema":{"@context":"https:\/\/schema.org","@graph":[{"@type":"WebPage","@id":"https:\/\/www.nature-conservation-ubfc.com\/emme\/fr\/impacts-du-broutage-par-les-cerfs-sambar-rusa-unicolor-introduits\/","url":"https:\/\/www.nature-conservation-ubfc.com\/emme\/fr\/impacts-du-broutage-par-les-cerfs-sambar-rusa-unicolor-introduits\/","name":"Impacts du broutage par les cerfs sambar (Rusa unicolor) introduits - EMME","isPartOf":{"@id":"https:\/\/www.nature-conservation-ubfc.com\/emme\/#website"},"primaryImageOfPage":{"@id":"https:\/\/www.nature-conservation-ubfc.com\/emme\/fr\/impacts-du-broutage-par-les-cerfs-sambar-rusa-unicolor-introduits\/#primaryimage"},"image":{"@id":"https:\/\/www.nature-conservation-ubfc.com\/emme\/fr\/impacts-du-broutage-par-les-cerfs-sambar-rusa-unicolor-introduits\/#primaryimage"},"thumbnailUrl":"https:\/\/www.nature-conservation-ubfc.com\/emme\/wp-content\/uploads\/sites\/4\/2019\/04\/sambar-deer-200x300.jpg","datePublished":"2019-04-12T08:27:02+00:00","dateModified":"2019-04-12T08:33:13+00:00","breadcrumb":{"@id":"https:\/\/www.nature-conservation-ubfc.com\/emme\/fr\/impacts-du-broutage-par-les-cerfs-sambar-rusa-unicolor-introduits\/#breadcrumb"},"inLanguage":"fr-FR","potentialAction":[{"@type":"ReadAction","target":["https:\/\/www.nature-conservation-ubfc.com\/emme\/fr\/impacts-du-broutage-par-les-cerfs-sambar-rusa-unicolor-introduits\/"]}]},{"@type":"ImageObject","inLanguage":"fr-FR","@id":"https:\/\/www.nature-conservation-ubfc.com\/emme\/fr\/impacts-du-broutage-par-les-cerfs-sambar-rusa-unicolor-introduits\/#primaryimage","url":"https:\/\/www.nature-conservation-ubfc.com\/emme\/wp-content\/uploads\/sites\/4\/2019\/04\/sambar-deer-200x300.jpg","contentUrl":"https:\/\/www.nature-conservation-ubfc.com\/emme\/wp-content\/uploads\/sites\/4\/2019\/04\/sambar-deer-200x300.jpg"},{"@type":"BreadcrumbList","@id":"https:\/\/www.nature-conservation-ubfc.com\/emme\/fr\/impacts-du-broutage-par-les-cerfs-sambar-rusa-unicolor-introduits\/#breadcrumb","itemListElement":[{"@type":"ListItem","position":1,"name":"Accueil","item":"https:\/\/www.nature-conservation-ubfc.com\/emme\/fr\/"},{"@type":"ListItem","position":2,"name":"Impacts du broutage par les cerfs sambar (Rusa unicolor) introduits"}]},{"@type":"WebSite","@id":"https:\/\/www.nature-conservation-ubfc.com\/emme\/#website","url":"https:\/\/www.nature-conservation-ubfc.com\/emme\/","name":"EMME","description":"","potentialAction":[{"@type":"SearchAction","target":{"@type":"EntryPoint","urlTemplate":"https:\/\/www.nature-conservation-ubfc.com\/emme\/?s={search_term_string}"},"query-input":"required name=search_term_string"}],"inLanguage":"fr-FR"}]}},"_links":{"self":[{"href":"https:\/\/www.nature-conservation-ubfc.com\/emme\/wp-json\/wp\/v2\/pages\/1264"}],"collection":[{"href":"https:\/\/www.nature-conservation-ubfc.com\/emme\/wp-json\/wp\/v2\/pages"}],"about":[{"href":"https:\/\/www.nature-conservation-ubfc.com\/emme\/wp-json\/wp\/v2\/types\/page"}],"author":[{"embeddable":true,"href":"https:\/\/www.nature-conservation-ubfc.com\/emme\/wp-json\/wp\/v2\/users\/6"}],"replies":[{"embeddable":true,"href":"https:\/\/www.nature-conservation-ubfc.com\/emme\/wp-json\/wp\/v2\/comments?post=1264"}],"version-history":[{"count":12,"href":"https:\/\/www.nature-conservation-ubfc.com\/emme\/wp-json\/wp\/v2\/pages\/1264\/revisions"}],"predecessor-version":[{"id":1279,"href":"https:\/\/www.nature-conservation-ubfc.com\/emme\/wp-json\/wp\/v2\/pages\/1264\/revisions\/1279"}],"wp:attachment":[{"href":"https:\/\/www.nature-conservation-ubfc.com\/emme\/wp-json\/wp\/v2\/media?parent=1264"}],"curies":[{"name":"wp","href":"https:\/\/api.w.org\/{rel}","templated":true}]}}