{"id":623,"date":"2017-06-22T11:27:25","date_gmt":"2017-06-22T09:27:25","guid":{"rendered":"https:\/\/www.nature-conservation-ubfc.com\/bewm\/?page_id=623"},"modified":"2019-10-03T11:58:13","modified_gmt":"2019-10-03T09:58:13","slug":"emploi-du-temps-m2","status":"publish","type":"page","link":"https:\/\/www.nature-conservation-ubfc.com\/bewm\/fr\/emploi-du-temps-m2\/","title":{"rendered":"Emploi du temps M2"},"content":{"rendered":"<p>[et_pb_section bb_built=\u00a0\u00bb1&Prime; admin_label=\u00a0\u00bbsection\u00a0\u00bb][et_pb_row admin_label=\u00a0\u00bbrow\u00a0\u00bb background_position=\u00a0\u00bbtop_left\u00a0\u00bb background_repeat=\u00a0\u00bbrepeat\u00a0\u00bb background_size=\u00a0\u00bbinitial\u00a0\u00bb][et_pb_column type=\u00a0\u00bb4_4&Prime;][et_pb_text _builder_version=\u00a0\u00bb3.17.2&Prime;]<\/p>\n<p style=\"text-align: justify\">L\u2019emploi du temps \u00e0 jour est consultable directement sur\u00a0<a href=\"https:\/\/ent.u-bourgogne.fr\">l&rsquo;ENT environnement num\u00e9rique de travail de l&rsquo;universit\u00e9 (avec votre compte de connexion).<\/a>\u00a0L&#8217;emploi du temps est donn\u00e9 \u00e0 l&rsquo;avance seulement \u00e0 titre indicatif. Il peut \u00eatre modifi\u00e9 \u00e0 tout moment en fonction des contraintes qui s&rsquo;exercent sur les enseignants, des contraintes climatiques affectant les sorties sur le terrain ou d&rsquo;autres impond\u00e9rables. Il est donc tr\u00e8s important de consulter r\u00e9guli\u00e8rement l&#8217;emploi du temps en ligne pour \u00eatre averti en temps r\u00e9el des changements op\u00e9r\u00e9s.<\/p>\n<p><strong>Dates \u00e0 retenir<\/strong><\/p>\n<p>Rentr\u00e9e et d\u00e9but du 1er semestre : 10 septembre 2019<br \/>\nFin des cours du 1er semestre : 21 d\u00e9cembre 2019<br \/>\nSession d&rsquo;examens du 1er semestre : du 20 au 29 janvier 2020<br \/>\nDates de la p\u00e9riode de stage : 3 f\u00e9vrier au 29 mai 2020 &#8211; possibilit\u00e9 jusqu&rsquo;au 28 ao\u00fbt 2020 pour la session d\u00e9cal\u00e9e<br \/>\nDate limite d&rsquo;envoi des rapports : \u00e0 d\u00e9finir<\/p>\n<p>Date de soutenance orale des rapports de stage : entre le 22 et le 26 juin 2020 &#8211; d\u00e9but septembre 2020 pour la session d\u00e9cal\u00e9e<br \/>\nSeconde session d&rsquo;examens (en cas d&rsquo;\u00e9chec \u00e0 la premi\u00e8re session) : du 9 au 10 juillet 2020<\/p>\n<p>Fin de pr\u00e9sence obligatoire (et publication des r\u00e9sultats) : 11 juillet 2020<\/p>\n<p>[\/et_pb_text][\/et_pb_column][\/et_pb_row][\/et_pb_section]<\/p>\n","protected":false},"excerpt":{"rendered":"<p>L\u2019emploi du temps \u00e0 jour est consultable directement sur\u00a0l&rsquo;ENT environnement num\u00e9rique de travail de l&rsquo;universit\u00e9 (avec votre compte de connexion).\u00a0L&#8217;emploi du temps est donn\u00e9 \u00e0 l&rsquo;avance seulement \u00e0 titre indicatif. Il peut \u00eatre modifi\u00e9 \u00e0 tout moment en fonction des contraintes qui s&rsquo;exercent sur les enseignants, des contraintes climatiques affectant les sorties sur le terrain [&hellip;]<\/p>\n","protected":false},"author":3,"featured_media":0,"parent":0,"menu_order":0,"comment_status":"closed","ping_status":"closed","template":"","meta":{"_et_pb_use_builder":"on","_et_pb_old_content":"","_et_gb_content_width":"","footnotes":""},"yoast_head":"<!-- This site is optimized with the Yoast SEO plugin v22.8 - https:\/\/yoast.com\/wordpress\/plugins\/seo\/ -->\n<title>Emploi du temps M2 - BEWM<\/title>\n<meta name=\"robots\" content=\"index, follow, max-snippet:-1, max-image-preview:large, max-video-preview:-1\" \/>\n<link rel=\"canonical\" href=\"https:\/\/www.nature-conservation-ubfc.com\/bewm\/fr\/emploi-du-temps-m2\/\" \/>\n<meta property=\"og:locale\" content=\"fr_FR\" \/>\n<meta property=\"og:type\" content=\"article\" \/>\n<meta property=\"og:title\" content=\"Emploi du temps M2 - BEWM\" \/>\n<meta property=\"og:description\" content=\"L\u2019emploi du temps \u00e0 jour est consultable directement sur\u00a0l&#039;ENT environnement num\u00e9rique de travail de l&#039;universit\u00e9 (avec votre compte de connexion).\u00a0L&#039;emploi du temps est donn\u00e9 \u00e0 l&#039;avance seulement \u00e0 titre indicatif. Il peut \u00eatre modifi\u00e9 \u00e0 tout moment en fonction des contraintes qui s&#039;exercent sur les enseignants, des contraintes climatiques affectant les sorties sur le terrain [&hellip;]\" \/>\n<meta property=\"og:url\" content=\"https:\/\/www.nature-conservation-ubfc.com\/bewm\/fr\/emploi-du-temps-m2\/\" \/>\n<meta property=\"og:site_name\" content=\"BEWM\" \/>\n<meta property=\"article:modified_time\" content=\"2019-10-03T09:58:13+00:00\" \/>\n<meta name=\"twitter:card\" content=\"summary_large_image\" \/>\n<meta name=\"twitter:label1\" content=\"Dur\u00e9e de lecture estim\u00e9e\" \/>\n\t<meta name=\"twitter:data1\" content=\"1 minute\" \/>\n<script type=\"application\/ld+json\" class=\"yoast-schema-graph\">{\"@context\":\"https:\/\/schema.org\",\"@graph\":[{\"@type\":\"WebPage\",\"@id\":\"https:\/\/www.nature-conservation-ubfc.com\/bewm\/fr\/emploi-du-temps-m2\/\",\"url\":\"https:\/\/www.nature-conservation-ubfc.com\/bewm\/fr\/emploi-du-temps-m2\/\",\"name\":\"Emploi du temps M2 - BEWM\",\"isPartOf\":{\"@id\":\"https:\/\/www.nature-conservation-ubfc.com\/bewm\/#website\"},\"datePublished\":\"2017-06-22T09:27:25+00:00\",\"dateModified\":\"2019-10-03T09:58:13+00:00\",\"breadcrumb\":{\"@id\":\"https:\/\/www.nature-conservation-ubfc.com\/bewm\/fr\/emploi-du-temps-m2\/#breadcrumb\"},\"inLanguage\":\"fr-FR\",\"potentialAction\":[{\"@type\":\"ReadAction\",\"target\":[\"https:\/\/www.nature-conservation-ubfc.com\/bewm\/fr\/emploi-du-temps-m2\/\"]}]},{\"@type\":\"BreadcrumbList\",\"@id\":\"https:\/\/www.nature-conservation-ubfc.com\/bewm\/fr\/emploi-du-temps-m2\/#breadcrumb\",\"itemListElement\":[{\"@type\":\"ListItem\",\"position\":1,\"name\":\"Accueil\",\"item\":\"https:\/\/www.nature-conservation-ubfc.com\/bewm\/fr\/\"},{\"@type\":\"ListItem\",\"position\":2,\"name\":\"Emploi du temps M2\"}]},{\"@type\":\"WebSite\",\"@id\":\"https:\/\/www.nature-conservation-ubfc.com\/bewm\/#website\",\"url\":\"https:\/\/www.nature-conservation-ubfc.com\/bewm\/\",\"name\":\"BEWM\",\"description\":\"\",\"potentialAction\":[{\"@type\":\"SearchAction\",\"target\":{\"@type\":\"EntryPoint\",\"urlTemplate\":\"https:\/\/www.nature-conservation-ubfc.com\/bewm\/?s={search_term_string}\"},\"query-input\":\"required name=search_term_string\"}],\"inLanguage\":\"fr-FR\"}]}<\/script>\n<!-- \/ Yoast SEO plugin. -->","yoast_head_json":{"title":"Emploi du temps M2 - BEWM","robots":{"index":"index","follow":"follow","max-snippet":"max-snippet:-1","max-image-preview":"max-image-preview:large","max-video-preview":"max-video-preview:-1"},"canonical":"https:\/\/www.nature-conservation-ubfc.com\/bewm\/fr\/emploi-du-temps-m2\/","og_locale":"fr_FR","og_type":"article","og_title":"Emploi du temps M2 - BEWM","og_description":"L\u2019emploi du temps \u00e0 jour est consultable directement sur\u00a0l'ENT environnement num\u00e9rique de travail de l'universit\u00e9 (avec votre compte de connexion).\u00a0L'emploi du temps est donn\u00e9 \u00e0 l'avance seulement \u00e0 titre indicatif. Il peut \u00eatre modifi\u00e9 \u00e0 tout moment en fonction des contraintes qui s'exercent sur les enseignants, des contraintes climatiques affectant les sorties sur le terrain [&hellip;]","og_url":"https:\/\/www.nature-conservation-ubfc.com\/bewm\/fr\/emploi-du-temps-m2\/","og_site_name":"BEWM","article_modified_time":"2019-10-03T09:58:13+00:00","twitter_card":"summary_large_image","twitter_misc":{"Dur\u00e9e de lecture estim\u00e9e":"1 minute"},"schema":{"@context":"https:\/\/schema.org","@graph":[{"@type":"WebPage","@id":"https:\/\/www.nature-conservation-ubfc.com\/bewm\/fr\/emploi-du-temps-m2\/","url":"https:\/\/www.nature-conservation-ubfc.com\/bewm\/fr\/emploi-du-temps-m2\/","name":"Emploi du temps M2 - BEWM","isPartOf":{"@id":"https:\/\/www.nature-conservation-ubfc.com\/bewm\/#website"},"datePublished":"2017-06-22T09:27:25+00:00","dateModified":"2019-10-03T09:58:13+00:00","breadcrumb":{"@id":"https:\/\/www.nature-conservation-ubfc.com\/bewm\/fr\/emploi-du-temps-m2\/#breadcrumb"},"inLanguage":"fr-FR","potentialAction":[{"@type":"ReadAction","target":["https:\/\/www.nature-conservation-ubfc.com\/bewm\/fr\/emploi-du-temps-m2\/"]}]},{"@type":"BreadcrumbList","@id":"https:\/\/www.nature-conservation-ubfc.com\/bewm\/fr\/emploi-du-temps-m2\/#breadcrumb","itemListElement":[{"@type":"ListItem","position":1,"name":"Accueil","item":"https:\/\/www.nature-conservation-ubfc.com\/bewm\/fr\/"},{"@type":"ListItem","position":2,"name":"Emploi du temps M2"}]},{"@type":"WebSite","@id":"https:\/\/www.nature-conservation-ubfc.com\/bewm\/#website","url":"https:\/\/www.nature-conservation-ubfc.com\/bewm\/","name":"BEWM","description":"","potentialAction":[{"@type":"SearchAction","target":{"@type":"EntryPoint","urlTemplate":"https:\/\/www.nature-conservation-ubfc.com\/bewm\/?s={search_term_string}"},"query-input":"required name=search_term_string"}],"inLanguage":"fr-FR"}]}},"_links":{"self":[{"href":"https:\/\/www.nature-conservation-ubfc.com\/bewm\/wp-json\/wp\/v2\/pages\/623"}],"collection":[{"href":"https:\/\/www.nature-conservation-ubfc.com\/bewm\/wp-json\/wp\/v2\/pages"}],"about":[{"href":"https:\/\/www.nature-conservation-ubfc.com\/bewm\/wp-json\/wp\/v2\/types\/page"}],"author":[{"embeddable":true,"href":"https:\/\/www.nature-conservation-ubfc.com\/bewm\/wp-json\/wp\/v2\/users\/3"}],"replies":[{"embeddable":true,"href":"https:\/\/www.nature-conservation-ubfc.com\/bewm\/wp-json\/wp\/v2\/comments?post=623"}],"version-history":[{"count":20,"href":"https:\/\/www.nature-conservation-ubfc.com\/bewm\/wp-json\/wp\/v2\/pages\/623\/revisions"}],"predecessor-version":[{"id":1621,"href":"https:\/\/www.nature-conservation-ubfc.com\/bewm\/wp-json\/wp\/v2\/pages\/623\/revisions\/1621"}],"wp:attachment":[{"href":"https:\/\/www.nature-conservation-ubfc.com\/bewm\/wp-json\/wp\/v2\/media?parent=623"}],"curies":[{"name":"wp","href":"https:\/\/api.w.org\/{rel}","templated":true}]}}

<p>[et_pb_section bb_built= »1&Prime; admin_label= »section »][et_pb_row admin_label= »row » background_position= »top_left » background_repeat= »repeat » background_size= »initial »][et_pb_column type= »4_4&Prime;][et_pb_text _builder_version= »3.17.2&Prime;]</p>
<p style="text-align: justify">L’emploi du temps à jour est consultable directement sur <a href="https://ent.u-bourgogne.fr">l&rsquo;ENT environnement numérique de travail de l&rsquo;université (avec votre compte de connexion).</a> L&#8217;emploi du temps est donné à l&rsquo;avance seulement à titre indicatif. Il peut être modifié à tout moment en fonction des contraintes qui s&rsquo;exercent sur les enseignants, des contraintes climatiques affectant les sorties sur le terrain ou d&rsquo;autres impondérables. Il est donc très important de consulter régulièrement l&#8217;emploi du temps en ligne pour être averti en temps réel des changements opérés.</p>
<p><strong>Dates à retenir</strong></p>
<p>Rentrée et début du 1er semestre : 10 septembre 2019<br />
Fin des cours du 1er semestre : 21 décembre 2019<br />
Session d&rsquo;examens du 1er semestre : du 20 au 29 janvier 2020<br />
Dates de la période de stage : 3 février au 29 mai 2020 &#8211; possibilité jusqu&rsquo;au 28 août 2020 pour la session décalée<br />
Date limite d&rsquo;envoi des rapports : à définir</p>
<p>Date de soutenance orale des rapports de stage : entre le 22 et le 26 juin 2020 &#8211; début septembre 2020 pour la session décalée<br />
Seconde session d&rsquo;examens (en cas d&rsquo;échec à la première session) : du 9 au 10 juillet 2020</p>
<p>Fin de présence obligatoire (et publication des résultats) : 11 juillet 2020</p>
<p>[/et_pb_text][/et_pb_column][/et_pb_row][/et_pb_section]</p>

<p>L’emploi du temps à jour est consultable directement sur l&rsquo;ENT environnement numérique de travail de l&rsquo;université (avec votre compte de connexion). L&#8217;emploi du temps est donné à l&rsquo;avance seulement à titre indicatif. Il peut être modifié à tout moment en fonction des contraintes qui s&rsquo;exercent sur les enseignants, des contraintes climatiques affectant les sorties sur le terrain [&hellip;]</p>

<!-- This site is optimized with the Yoast SEO plugin v22.8 - https://yoast.com/wordpress/plugins/seo/ -->
<title>Emploi du temps M2 - BEWM</title>
<meta name="robots" content="index, follow, max-snippet:-1, max-image-preview:large, max-video-preview:-1" />
<link rel="canonical" href="https://www.nature-conservation-ubfc.com/bewm/fr/emploi-du-temps-m2/" />
<meta property="og:locale" content="fr_FR" />
<meta property="og:type" content="article" />
<meta property="og:title" content="Emploi du temps M2 - BEWM" />
<meta property="og:description" content="L’emploi du temps à jour est consultable directement sur l&#039;ENT environnement numérique de travail de l&#039;université (avec votre compte de connexion). L&#039;emploi du temps est donné à l&#039;avance seulement à titre indicatif. Il peut être modifié à tout moment en fonction des contraintes qui s&#039;exercent sur les enseignants, des contraintes climatiques affectant les sorties sur le terrain [&hellip;]" />
<meta property="og:url" content="https://www.nature-conservation-ubfc.com/bewm/fr/emploi-du-temps-m2/" />
<meta property="og:site_name" content="BEWM" />
<meta property="article:modified_time" content="2019-10-03T09:58:13+00:00" />
<meta name="twitter:card" content="summary_large_image" />
<meta name="twitter:label1" content="Durée de lecture estimée" />
	<meta name="twitter:data1" content="1 minute" />
<script type="application/ld+json" class="yoast-schema-graph">{"@context":"https://schema.org","@graph":[{"@type":"WebPage","@id":"https://www.nature-conservation-ubfc.com/bewm/fr/emploi-du-temps-m2/","url":"https://www.nature-conservation-ubfc.com/bewm/fr/emploi-du-temps-m2/","name":"Emploi du temps M2 - BEWM","isPartOf":{"@id":"https://www.nature-conservation-ubfc.com/bewm/#website"},"datePublished":"2017-06-22T09:27:25+00:00","dateModified":"2019-10-03T09:58:13+00:00","breadcrumb":{"@id":"https://www.nature-conservation-ubfc.com/bewm/fr/emploi-du-temps-m2/#breadcrumb"},"inLanguage":"fr-FR","potentialAction":[{"@type":"ReadAction","target":["https://www.nature-conservation-ubfc.com/bewm/fr/emploi-du-temps-m2/"]}]},{"@type":"BreadcrumbList","@id":"https://www.nature-conservation-ubfc.com/bewm/fr/emploi-du-temps-m2/#breadcrumb","itemListElement":[{"@type":"ListItem","position":1,"name":"Accueil","item":"https://www.nature-conservation-ubfc.com/bewm/fr/"},{"@type":"ListItem","position":2,"name":"Emploi du temps M2"}]},{"@type":"WebSite","@id":"https://www.nature-conservation-ubfc.com/bewm/#website","url":"https://www.nature-conservation-ubfc.com/bewm/","name":"BEWM","description":"","potentialAction":[{"@type":"SearchAction","target":{"@type":"EntryPoint","urlTemplate":"https://www.nature-conservation-ubfc.com/bewm/?s={search_term_string}"},"query-input":"required name=search_term_string"}],"inLanguage":"fr-FR"}]}</script>
<!-- / Yoast SEO plugin. -->

L’emploi du temps à jour est consultable directement sur l'ENT environnement numérique de travail de l'université (avec votre compte de connexion). L'emploi du temps est donné à l'avance seulement à titre indicatif. Il peut être modifié à tout moment en fonction des contraintes qui s'exercent sur les enseignants, des contraintes climatiques affectant les sorties sur le terrain [&hellip;]
