{"id":621,"date":"2017-06-22T11:27:11","date_gmt":"2017-06-22T09:27:11","guid":{"rendered":"https:\/\/www.nature-conservation-ubfc.com\/bewm\/?page_id=621"},"modified":"2019-10-02T14:39:18","modified_gmt":"2019-10-02T12:39:18","slug":"emploi-du-temps-m1","status":"publish","type":"page","link":"https:\/\/www.nature-conservation-ubfc.com\/bewm\/fr\/emploi-du-temps-m1\/","title":{"rendered":"Emploi du temps M1"},"content":{"rendered":"<p>[et_pb_section bb_built=\u00a0\u00bb1&Prime; admin_label=\u00a0\u00bbsection\u00a0\u00bb][et_pb_row admin_label=\u00a0\u00bbrow\u00a0\u00bb background_position=\u00a0\u00bbtop_left\u00a0\u00bb background_repeat=\u00a0\u00bbrepeat\u00a0\u00bb background_size=\u00a0\u00bbinitial\u00a0\u00bb][et_pb_column type=\u00a0\u00bb4_4&Prime;][et_pb_text _builder_version=\u00a0\u00bb3.17.2&Prime;]<\/p>\n<p style=\"text-align: justify\">L\u2019emploi du temps \u00e0 jour est consultable directement sur\u00a0<a href=\"https:\/\/ent.u-bourgogne.fr\">l&rsquo;ENT environnement num\u00e9rique de travail de l&rsquo;universit\u00e9 (avec votre compte de connexion).<\/a> Il est donn\u00e9 \u00e0 l&rsquo;avance seulement \u00e0 titre indicatif. Il peut \u00eatre modifi\u00e9 \u00e0 tout moment en fonction des contraintes qui s&rsquo;exercent sur les enseignants, des contraintes climatiques affectant les sorties sur le terrain ou d&rsquo;autres impond\u00e9rables. Il est donc tr\u00e8s important de consulter r\u00e9guli\u00e8rement l&#8217;emploi du temps en ligne pour \u00eatre averti en temps r\u00e9el des changements op\u00e9r\u00e9s.<\/p>\n<p><strong>Dates \u00e0 retenir<\/strong><\/p>\n<p>Rentr\u00e9e et d\u00e9but du premier semestre : 9 septembre 2019<br \/>\nFin des cours du premier semestre : 21 d\u00e9cembre 2019<br \/>\nSession d&rsquo;examens du premier semestre : du 6 au 10 janvier 2020<br \/>\nReprise des cours et d\u00e9but du second semestre : 13 janvier 2020<br \/>\nSession d&rsquo;examens du second semestre : du 2 au 13 mars 2020 (examens) et fin juin 2020 (oral\/stage)<\/p>\n<p>Fen\u00eatre de temps lib\u00e9r\u00e9e pour r\u00e9aliser le stage de deux mois : du 16 mars au 13 juin 2020<\/p>\n<p>Seconde session d&rsquo;examens : du 6 au 10 juillet 2020<\/p>\n<p>Fin de pr\u00e9sence obligatoire (et publication des r\u00e9sultats) : 11 juillet 2020<\/p>\n<p>[\/et_pb_text][\/et_pb_column][\/et_pb_row][\/et_pb_section]<\/p>\n","protected":false},"excerpt":{"rendered":"<p>L\u2019emploi du temps \u00e0 jour est consultable directement sur\u00a0l&rsquo;ENT environnement num\u00e9rique de travail de l&rsquo;universit\u00e9 (avec votre compte de connexion). Il est donn\u00e9 \u00e0 l&rsquo;avance seulement \u00e0 titre indicatif. Il peut \u00eatre modifi\u00e9 \u00e0 tout moment en fonction des contraintes qui s&rsquo;exercent sur les enseignants, des contraintes climatiques affectant les sorties sur le terrain ou [&hellip;]<\/p>\n","protected":false},"author":3,"featured_media":0,"parent":0,"menu_order":0,"comment_status":"closed","ping_status":"closed","template":"","meta":{"_et_pb_use_builder":"on","_et_pb_old_content":"","_et_gb_content_width":"","footnotes":""},"yoast_head":"<!-- This site is optimized with the Yoast SEO plugin v22.8 - https:\/\/yoast.com\/wordpress\/plugins\/seo\/ -->\n<title>Emploi du temps M1 - BEWM<\/title>\n<meta name=\"robots\" content=\"index, follow, max-snippet:-1, max-image-preview:large, max-video-preview:-1\" \/>\n<link rel=\"canonical\" href=\"https:\/\/www.nature-conservation-ubfc.com\/bewm\/fr\/emploi-du-temps-m1\/\" \/>\n<meta property=\"og:locale\" content=\"fr_FR\" \/>\n<meta property=\"og:type\" content=\"article\" \/>\n<meta property=\"og:title\" content=\"Emploi du temps M1 - BEWM\" \/>\n<meta property=\"og:description\" content=\"L\u2019emploi du temps \u00e0 jour est consultable directement sur\u00a0l&#039;ENT environnement num\u00e9rique de travail de l&#039;universit\u00e9 (avec votre compte de connexion). Il est donn\u00e9 \u00e0 l&#039;avance seulement \u00e0 titre indicatif. Il peut \u00eatre modifi\u00e9 \u00e0 tout moment en fonction des contraintes qui s&#039;exercent sur les enseignants, des contraintes climatiques affectant les sorties sur le terrain ou [&hellip;]\" \/>\n<meta property=\"og:url\" content=\"https:\/\/www.nature-conservation-ubfc.com\/bewm\/fr\/emploi-du-temps-m1\/\" \/>\n<meta property=\"og:site_name\" content=\"BEWM\" \/>\n<meta property=\"article:modified_time\" content=\"2019-10-02T12:39:18+00:00\" \/>\n<meta name=\"twitter:card\" content=\"summary_large_image\" \/>\n<meta name=\"twitter:label1\" content=\"Dur\u00e9e de lecture estim\u00e9e\" \/>\n\t<meta name=\"twitter:data1\" content=\"1 minute\" \/>\n<script type=\"application\/ld+json\" class=\"yoast-schema-graph\">{\"@context\":\"https:\/\/schema.org\",\"@graph\":[{\"@type\":\"WebPage\",\"@id\":\"https:\/\/www.nature-conservation-ubfc.com\/bewm\/fr\/emploi-du-temps-m1\/\",\"url\":\"https:\/\/www.nature-conservation-ubfc.com\/bewm\/fr\/emploi-du-temps-m1\/\",\"name\":\"Emploi du temps M1 - BEWM\",\"isPartOf\":{\"@id\":\"https:\/\/www.nature-conservation-ubfc.com\/bewm\/#website\"},\"datePublished\":\"2017-06-22T09:27:11+00:00\",\"dateModified\":\"2019-10-02T12:39:18+00:00\",\"breadcrumb\":{\"@id\":\"https:\/\/www.nature-conservation-ubfc.com\/bewm\/fr\/emploi-du-temps-m1\/#breadcrumb\"},\"inLanguage\":\"fr-FR\",\"potentialAction\":[{\"@type\":\"ReadAction\",\"target\":[\"https:\/\/www.nature-conservation-ubfc.com\/bewm\/fr\/emploi-du-temps-m1\/\"]}]},{\"@type\":\"BreadcrumbList\",\"@id\":\"https:\/\/www.nature-conservation-ubfc.com\/bewm\/fr\/emploi-du-temps-m1\/#breadcrumb\",\"itemListElement\":[{\"@type\":\"ListItem\",\"position\":1,\"name\":\"Accueil\",\"item\":\"https:\/\/www.nature-conservation-ubfc.com\/bewm\/fr\/\"},{\"@type\":\"ListItem\",\"position\":2,\"name\":\"Emploi du temps M1\"}]},{\"@type\":\"WebSite\",\"@id\":\"https:\/\/www.nature-conservation-ubfc.com\/bewm\/#website\",\"url\":\"https:\/\/www.nature-conservation-ubfc.com\/bewm\/\",\"name\":\"BEWM\",\"description\":\"\",\"potentialAction\":[{\"@type\":\"SearchAction\",\"target\":{\"@type\":\"EntryPoint\",\"urlTemplate\":\"https:\/\/www.nature-conservation-ubfc.com\/bewm\/?s={search_term_string}\"},\"query-input\":\"required name=search_term_string\"}],\"inLanguage\":\"fr-FR\"}]}<\/script>\n<!-- \/ Yoast SEO plugin. -->","yoast_head_json":{"title":"Emploi du temps M1 - BEWM","robots":{"index":"index","follow":"follow","max-snippet":"max-snippet:-1","max-image-preview":"max-image-preview:large","max-video-preview":"max-video-preview:-1"},"canonical":"https:\/\/www.nature-conservation-ubfc.com\/bewm\/fr\/emploi-du-temps-m1\/","og_locale":"fr_FR","og_type":"article","og_title":"Emploi du temps M1 - BEWM","og_description":"L\u2019emploi du temps \u00e0 jour est consultable directement sur\u00a0l'ENT environnement num\u00e9rique de travail de l'universit\u00e9 (avec votre compte de connexion). Il est donn\u00e9 \u00e0 l'avance seulement \u00e0 titre indicatif. Il peut \u00eatre modifi\u00e9 \u00e0 tout moment en fonction des contraintes qui s'exercent sur les enseignants, des contraintes climatiques affectant les sorties sur le terrain ou [&hellip;]","og_url":"https:\/\/www.nature-conservation-ubfc.com\/bewm\/fr\/emploi-du-temps-m1\/","og_site_name":"BEWM","article_modified_time":"2019-10-02T12:39:18+00:00","twitter_card":"summary_large_image","twitter_misc":{"Dur\u00e9e de lecture estim\u00e9e":"1 minute"},"schema":{"@context":"https:\/\/schema.org","@graph":[{"@type":"WebPage","@id":"https:\/\/www.nature-conservation-ubfc.com\/bewm\/fr\/emploi-du-temps-m1\/","url":"https:\/\/www.nature-conservation-ubfc.com\/bewm\/fr\/emploi-du-temps-m1\/","name":"Emploi du temps M1 - BEWM","isPartOf":{"@id":"https:\/\/www.nature-conservation-ubfc.com\/bewm\/#website"},"datePublished":"2017-06-22T09:27:11+00:00","dateModified":"2019-10-02T12:39:18+00:00","breadcrumb":{"@id":"https:\/\/www.nature-conservation-ubfc.com\/bewm\/fr\/emploi-du-temps-m1\/#breadcrumb"},"inLanguage":"fr-FR","potentialAction":[{"@type":"ReadAction","target":["https:\/\/www.nature-conservation-ubfc.com\/bewm\/fr\/emploi-du-temps-m1\/"]}]},{"@type":"BreadcrumbList","@id":"https:\/\/www.nature-conservation-ubfc.com\/bewm\/fr\/emploi-du-temps-m1\/#breadcrumb","itemListElement":[{"@type":"ListItem","position":1,"name":"Accueil","item":"https:\/\/www.nature-conservation-ubfc.com\/bewm\/fr\/"},{"@type":"ListItem","position":2,"name":"Emploi du temps M1"}]},{"@type":"WebSite","@id":"https:\/\/www.nature-conservation-ubfc.com\/bewm\/#website","url":"https:\/\/www.nature-conservation-ubfc.com\/bewm\/","name":"BEWM","description":"","potentialAction":[{"@type":"SearchAction","target":{"@type":"EntryPoint","urlTemplate":"https:\/\/www.nature-conservation-ubfc.com\/bewm\/?s={search_term_string}"},"query-input":"required name=search_term_string"}],"inLanguage":"fr-FR"}]}},"_links":{"self":[{"href":"https:\/\/www.nature-conservation-ubfc.com\/bewm\/wp-json\/wp\/v2\/pages\/621"}],"collection":[{"href":"https:\/\/www.nature-conservation-ubfc.com\/bewm\/wp-json\/wp\/v2\/pages"}],"about":[{"href":"https:\/\/www.nature-conservation-ubfc.com\/bewm\/wp-json\/wp\/v2\/types\/page"}],"author":[{"embeddable":true,"href":"https:\/\/www.nature-conservation-ubfc.com\/bewm\/wp-json\/wp\/v2\/users\/3"}],"replies":[{"embeddable":true,"href":"https:\/\/www.nature-conservation-ubfc.com\/bewm\/wp-json\/wp\/v2\/comments?post=621"}],"version-history":[{"count":17,"href":"https:\/\/www.nature-conservation-ubfc.com\/bewm\/wp-json\/wp\/v2\/pages\/621\/revisions"}],"predecessor-version":[{"id":1554,"href":"https:\/\/www.nature-conservation-ubfc.com\/bewm\/wp-json\/wp\/v2\/pages\/621\/revisions\/1554"}],"wp:attachment":[{"href":"https:\/\/www.nature-conservation-ubfc.com\/bewm\/wp-json\/wp\/v2\/media?parent=621"}],"curies":[{"name":"wp","href":"https:\/\/api.w.org\/{rel}","templated":true}]}}

<p>[et_pb_section bb_built= »1&Prime; admin_label= »section »][et_pb_row admin_label= »row » background_position= »top_left » background_repeat= »repeat » background_size= »initial »][et_pb_column type= »4_4&Prime;][et_pb_text _builder_version= »3.17.2&Prime;]</p>
<p style="text-align: justify">L’emploi du temps à jour est consultable directement sur <a href="https://ent.u-bourgogne.fr">l&rsquo;ENT environnement numérique de travail de l&rsquo;université (avec votre compte de connexion).</a> Il est donné à l&rsquo;avance seulement à titre indicatif. Il peut être modifié à tout moment en fonction des contraintes qui s&rsquo;exercent sur les enseignants, des contraintes climatiques affectant les sorties sur le terrain ou d&rsquo;autres impondérables. Il est donc très important de consulter régulièrement l&#8217;emploi du temps en ligne pour être averti en temps réel des changements opérés.</p>
<p><strong>Dates à retenir</strong></p>
<p>Rentrée et début du premier semestre : 9 septembre 2019<br />
Fin des cours du premier semestre : 21 décembre 2019<br />
Session d&rsquo;examens du premier semestre : du 6 au 10 janvier 2020<br />
Reprise des cours et début du second semestre : 13 janvier 2020<br />
Session d&rsquo;examens du second semestre : du 2 au 13 mars 2020 (examens) et fin juin 2020 (oral/stage)</p>
<p>Fenêtre de temps libérée pour réaliser le stage de deux mois : du 16 mars au 13 juin 2020</p>
<p>Seconde session d&rsquo;examens : du 6 au 10 juillet 2020</p>
<p>Fin de présence obligatoire (et publication des résultats) : 11 juillet 2020</p>
<p>[/et_pb_text][/et_pb_column][/et_pb_row][/et_pb_section]</p>

<p>L’emploi du temps à jour est consultable directement sur l&rsquo;ENT environnement numérique de travail de l&rsquo;université (avec votre compte de connexion). Il est donné à l&rsquo;avance seulement à titre indicatif. Il peut être modifié à tout moment en fonction des contraintes qui s&rsquo;exercent sur les enseignants, des contraintes climatiques affectant les sorties sur le terrain ou [&hellip;]</p>

<!-- This site is optimized with the Yoast SEO plugin v22.8 - https://yoast.com/wordpress/plugins/seo/ -->
<title>Emploi du temps M1 - BEWM</title>
<meta name="robots" content="index, follow, max-snippet:-1, max-image-preview:large, max-video-preview:-1" />
<link rel="canonical" href="https://www.nature-conservation-ubfc.com/bewm/fr/emploi-du-temps-m1/" />
<meta property="og:locale" content="fr_FR" />
<meta property="og:type" content="article" />
<meta property="og:title" content="Emploi du temps M1 - BEWM" />
<meta property="og:description" content="L’emploi du temps à jour est consultable directement sur l&#039;ENT environnement numérique de travail de l&#039;université (avec votre compte de connexion). Il est donné à l&#039;avance seulement à titre indicatif. Il peut être modifié à tout moment en fonction des contraintes qui s&#039;exercent sur les enseignants, des contraintes climatiques affectant les sorties sur le terrain ou [&hellip;]" />
<meta property="og:url" content="https://www.nature-conservation-ubfc.com/bewm/fr/emploi-du-temps-m1/" />
<meta property="og:site_name" content="BEWM" />
<meta property="article:modified_time" content="2019-10-02T12:39:18+00:00" />
<meta name="twitter:card" content="summary_large_image" />
<meta name="twitter:label1" content="Durée de lecture estimée" />
	<meta name="twitter:data1" content="1 minute" />
<script type="application/ld+json" class="yoast-schema-graph">{"@context":"https://schema.org","@graph":[{"@type":"WebPage","@id":"https://www.nature-conservation-ubfc.com/bewm/fr/emploi-du-temps-m1/","url":"https://www.nature-conservation-ubfc.com/bewm/fr/emploi-du-temps-m1/","name":"Emploi du temps M1 - BEWM","isPartOf":{"@id":"https://www.nature-conservation-ubfc.com/bewm/#website"},"datePublished":"2017-06-22T09:27:11+00:00","dateModified":"2019-10-02T12:39:18+00:00","breadcrumb":{"@id":"https://www.nature-conservation-ubfc.com/bewm/fr/emploi-du-temps-m1/#breadcrumb"},"inLanguage":"fr-FR","potentialAction":[{"@type":"ReadAction","target":["https://www.nature-conservation-ubfc.com/bewm/fr/emploi-du-temps-m1/"]}]},{"@type":"BreadcrumbList","@id":"https://www.nature-conservation-ubfc.com/bewm/fr/emploi-du-temps-m1/#breadcrumb","itemListElement":[{"@type":"ListItem","position":1,"name":"Accueil","item":"https://www.nature-conservation-ubfc.com/bewm/fr/"},{"@type":"ListItem","position":2,"name":"Emploi du temps M1"}]},{"@type":"WebSite","@id":"https://www.nature-conservation-ubfc.com/bewm/#website","url":"https://www.nature-conservation-ubfc.com/bewm/","name":"BEWM","description":"","potentialAction":[{"@type":"SearchAction","target":{"@type":"EntryPoint","urlTemplate":"https://www.nature-conservation-ubfc.com/bewm/?s={search_term_string}"},"query-input":"required name=search_term_string"}],"inLanguage":"fr-FR"}]}</script>
<!-- / Yoast SEO plugin. -->

L’emploi du temps à jour est consultable directement sur l'ENT environnement numérique de travail de l'université (avec votre compte de connexion). Il est donné à l'avance seulement à titre indicatif. Il peut être modifié à tout moment en fonction des contraintes qui s'exercent sur les enseignants, des contraintes climatiques affectant les sorties sur le terrain ou [&hellip;]
