{"id":526,"date":"2017-06-05T08:12:20","date_gmt":"2017-06-05T06:12:20","guid":{"rendered":"https:\/\/www.nature-conservation-ubfc.com\/bewm\/?page_id=526"},"modified":"2018-11-22T14:49:41","modified_gmt":"2018-11-22T13:49:41","slug":"legal-notices","status":"publish","type":"page","link":"https:\/\/www.nature-conservation-ubfc.com\/bewm\/en\/legal-notices\/","title":{"rendered":"Legal notices"},"content":{"rendered":"<p>[et_pb_section bb_built=\u00a0\u00bb1&Prime; admin_label=\u00a0\u00bbsection\u00a0\u00bb][et_pb_row admin_label=\u00a0\u00bbrow\u00a0\u00bb background_position=\u00a0\u00bbtop_left\u00a0\u00bb background_repeat=\u00a0\u00bbrepeat\u00a0\u00bb background_size=\u00a0\u00bbinitial\u00a0\u00bb][et_pb_column type=\u00a0\u00bb4_4&Prime;][et_pb_text _builder_version=\u00a0\u00bb3.17.2&Prime;]<\/p>\n<p><strong>Site owner:<\/strong><\/p>\n<p>Master BEWM<br \/>\nb\u00e2timent Gabriel, 3e \u00e9tage, aile nord<br \/>\nuniversit\u00e9 de Bourgogne<br \/>\n6 boulevard Gabriel<br \/>\n21000 Dijon<\/p>\n<p>&nbsp;<\/p>\n<p><strong>Website created by:<\/strong><\/p>\n<p>Webdesign : Alxdesign \u2013\u00a0<a href=\"http:\/\/www.alxdesign.com\" target=\"_blank\" rel=\"noopener noreferrer\">www.alxdesign.com<\/a><br \/>\nD\u00e9veloppement : 1dpixel &#8211; <a href=\"http:\/\/www.1dpixel.com\" target=\"_blank\" rel=\"noopener noreferrer\">www.1dpixel.com<\/a><\/p>\n<p>&nbsp;<\/p>\n<p><strong>Website hosted by:<\/strong><\/p>\n<p>1&amp;1 Internet S.A.R.L. au capital de 100.000 euros.<br \/>\nBrauerstr. 48<br \/>\n76135 Karlsruhe<br \/>\nAllemagne<br \/>\nT\u00e9l : 0825 080 020<\/p>\n<p>&nbsp;<\/p>\n<p style=\"text-align: justify\"><strong>Copyright<\/strong><\/p>\n<p style=\"text-align: justify\">Unless explicitly stated to the contrary, all text, images, design and other content is copyright \u00a9 Universit\u00e9 de Bourgogne-Franche Comt\u00e9 and all rights are reserved, although individuals may download, retain and copy website content for their personal use only. Requests for any other reproduction of website content should be made to the Web Content and Editorial Team.<\/p>\n<p style=\"text-align: justify\">\n<p style=\"text-align: justify\"><strong>Legal rules \u00ab\u00a0Computing and Freedom\u00a0\u00bb<\/strong><\/p>\n<p style=\"text-align: justify\">In accordance with the law \u201cComputing and Freedom\u201d (n\u00b0 78-17) of 6 January 1978, you have a right to ask for any modification, rectification or deleting of your personal data.<\/p>\n<p style=\"text-align: justify\">\n<p style=\"text-align: justify\"><strong>Hypertext links<\/strong><\/p>\n<p style=\"text-align: justify\">All websites connected to our own website through a hypertext link (a hypertext link targeting the present site or established at the start of it), are not under the control of the f\u00e9d\u00e9ration r\u00e9gionale that accepts no liability for their content. The user is solely responsible for their use.<\/p>\n<p style=\"text-align: justify\">\n<p style=\"text-align: justify\"><strong>Cookies<\/strong><\/p>\n<p style=\"text-align: justify\">We use cookies. Cookies help us to obtain statistics about how users interact with our site, to memorize information entered in application forms, and to manage and secure personal accesses.<br \/>\nYou may change your browser settings to delete and block cookies.<\/p>\n<p>[\/et_pb_text][\/et_pb_column][\/et_pb_row][et_pb_row admin_label=\u00a0\u00bbrow\u00a0\u00bb background_position=\u00a0\u00bbtop_left\u00a0\u00bb background_repeat=\u00a0\u00bbrepeat\u00a0\u00bb background_size=\u00a0\u00bbinitial\u00a0\u00bb][et_pb_column type=\u00a0\u00bb4_4&Prime;][et_pb_text _builder_version=\u00a0\u00bb3.17.2&Prime;]<\/p>\n<p style=\"text-align: justify\"><strong>Site owner:<\/strong><\/p>\n<p style=\"text-align: justify\">Master BEWM<br \/>\nb\u00e2timent Gabriel, 3e \u00e9tage, aile nord<br \/>\nuniversit\u00e9 de Bourgogne<br \/>\n6 boulevard Gabriel<br \/>\n21000 Dijon<\/p>\n<p style=\"text-align: justify\">\n<p style=\"text-align: justify\"><strong>Website created by:<\/strong><\/p>\n<p style=\"text-align: justify\">Webdesign : Alxdesign \u2013\u00a0<a href=\"http:\/\/www.alxdesign.com\" target=\"_blank\" rel=\"noopener noreferrer\">www.alxdesign.com<\/a><br \/>\nD\u00e9veloppement : 1dpixel &#8211; <a href=\"http:\/\/www.1dpixel.com\" target=\"_blank\" rel=\"noopener noreferrer\">www.1dpixel.com<\/a><\/p>\n<p style=\"text-align: justify\">\n<p style=\"text-align: justify\"><strong>Website hosted by:<\/strong><\/p>\n<p style=\"text-align: justify\">1&amp;1 Internet S.A.R.L. au capital de 100.000 euros.<br \/>\nBrauerstr. 48<br \/>\n76135 Karlsruhe<br \/>\nAllemagne<br \/>\nT\u00e9l : 0825 080 020<\/p>\n<p style=\"text-align: justify\">\n<p style=\"text-align: justify\"><strong>Copyright<\/strong><\/p>\n<p style=\"text-align: justify\">Unless explicitly stated to the contrary, all text, images, design and other content is copyright \u00a9 Universit\u00e9 de Bourgogne-Franche Comt\u00e9 and all rights are reserved, although individuals may download, retain and copy website content for their personal use only. Requests for any other reproduction of website content should be made to the Web Content and Editorial Team.<\/p>\n<p style=\"text-align: justify\">\n<p style=\"text-align: justify\"><strong>Legal rules \u00ab\u00a0Computing and Freedom\u00a0\u00bb<\/strong><\/p>\n<p style=\"text-align: justify\">In accordance with the law \u201cComputing and Freedom\u201d (n\u00b0 78-17) of 6 January 1978, you have a right to ask for any modification, rectification or deleting of your personal data.<\/p>\n<p style=\"text-align: justify\">\n<p style=\"text-align: justify\"><strong>Hypertext links<\/strong><\/p>\n<p style=\"text-align: justify\">All websites connected to our own website through a hypertext link (a hypertext link targeting the present site or established at the start of it), are not under the control of the f\u00e9d\u00e9ration r\u00e9gionale that accepts no liability for their content. The user is solely responsible for their use.<\/p>\n<p style=\"text-align: justify\">\n<p style=\"text-align: justify\"><strong>Cookies<\/strong><\/p>\n<p style=\"text-align: justify\">We use cookies. Cookies help us to obtain statistics about how users interact with our site, to memorize information entered in application forms, and to manage and secure personal accesses.<br \/>\nYou may change your browser settings to delete and block cookies.<\/p>\n<p>[\/et_pb_text][\/et_pb_column][\/et_pb_row][\/et_pb_section]<\/p>\n","protected":false},"excerpt":{"rendered":"<p>Site owner: Master BEWM b\u00e2timent Gabriel, 3e \u00e9tage, aile nord universit\u00e9 de Bourgogne 6 boulevard Gabriel 21000 Dijon &nbsp; Website created by: Webdesign : Alxdesign \u2013\u00a0www.alxdesign.com D\u00e9veloppement : 1dpixel &#8211; www.1dpixel.com &nbsp; Website hosted by: 1&amp;1 Internet S.A.R.L. au capital de 100.000 euros. Brauerstr. 48 76135 Karlsruhe Allemagne T\u00e9l : 0825 080 020 &nbsp; Copyright [&hellip;]<\/p>\n","protected":false},"author":3,"featured_media":0,"parent":0,"menu_order":0,"comment_status":"closed","ping_status":"closed","template":"","meta":{"_et_pb_use_builder":"on","_et_pb_old_content":"","_et_gb_content_width":"","footnotes":""},"yoast_head":"<!-- This site is optimized with the Yoast SEO plugin v22.8 - https:\/\/yoast.com\/wordpress\/plugins\/seo\/ -->\n<title>Legal notices - BEWM<\/title>\n<meta name=\"robots\" content=\"index, follow, max-snippet:-1, max-image-preview:large, max-video-preview:-1\" \/>\n<link rel=\"canonical\" href=\"https:\/\/www.nature-conservation-ubfc.com\/bewm\/en\/legal-notices\/\" \/>\n<meta property=\"og:locale\" content=\"fr_FR\" \/>\n<meta property=\"og:type\" content=\"article\" \/>\n<meta property=\"og:title\" content=\"Legal notices - BEWM\" \/>\n<meta property=\"og:description\" content=\"Site owner: Master BEWM b\u00e2timent Gabriel, 3e \u00e9tage, aile nord universit\u00e9 de Bourgogne 6 boulevard Gabriel 21000 Dijon &nbsp; Website created by: Webdesign : Alxdesign \u2013\u00a0www.alxdesign.com D\u00e9veloppement : 1dpixel - www.1dpixel.com &nbsp; Website hosted by: 1&amp;1 Internet S.A.R.L. au capital de 100.000 euros. Brauerstr. 48 76135 Karlsruhe Allemagne T\u00e9l : 0825 080 020 &nbsp; Copyright [&hellip;]\" \/>\n<meta property=\"og:url\" content=\"https:\/\/www.nature-conservation-ubfc.com\/bewm\/en\/legal-notices\/\" \/>\n<meta property=\"og:site_name\" content=\"BEWM\" \/>\n<meta property=\"article:modified_time\" content=\"2018-11-22T13:49:41+00:00\" \/>\n<meta name=\"twitter:card\" content=\"summary_large_image\" \/>\n<meta name=\"twitter:label1\" content=\"Dur\u00e9e de lecture estim\u00e9e\" \/>\n\t<meta name=\"twitter:data1\" content=\"3 minutes\" \/>\n<script type=\"application\/ld+json\" class=\"yoast-schema-graph\">{\"@context\":\"https:\/\/schema.org\",\"@graph\":[{\"@type\":\"WebPage\",\"@id\":\"https:\/\/www.nature-conservation-ubfc.com\/bewm\/en\/legal-notices\/\",\"url\":\"https:\/\/www.nature-conservation-ubfc.com\/bewm\/en\/legal-notices\/\",\"name\":\"Legal notices - BEWM\",\"isPartOf\":{\"@id\":\"https:\/\/www.nature-conservation-ubfc.com\/bewm\/#website\"},\"datePublished\":\"2017-06-05T06:12:20+00:00\",\"dateModified\":\"2018-11-22T13:49:41+00:00\",\"breadcrumb\":{\"@id\":\"https:\/\/www.nature-conservation-ubfc.com\/bewm\/en\/legal-notices\/#breadcrumb\"},\"inLanguage\":\"fr-FR\",\"potentialAction\":[{\"@type\":\"ReadAction\",\"target\":[\"https:\/\/www.nature-conservation-ubfc.com\/bewm\/en\/legal-notices\/\"]}]},{\"@type\":\"BreadcrumbList\",\"@id\":\"https:\/\/www.nature-conservation-ubfc.com\/bewm\/en\/legal-notices\/#breadcrumb\",\"itemListElement\":[{\"@type\":\"ListItem\",\"position\":1,\"name\":\"Accueil\",\"item\":\"https:\/\/www.nature-conservation-ubfc.com\/bewm\/fr\/\"},{\"@type\":\"ListItem\",\"position\":2,\"name\":\"Legal notices\"}]},{\"@type\":\"WebSite\",\"@id\":\"https:\/\/www.nature-conservation-ubfc.com\/bewm\/#website\",\"url\":\"https:\/\/www.nature-conservation-ubfc.com\/bewm\/\",\"name\":\"BEWM\",\"description\":\"\",\"potentialAction\":[{\"@type\":\"SearchAction\",\"target\":{\"@type\":\"EntryPoint\",\"urlTemplate\":\"https:\/\/www.nature-conservation-ubfc.com\/bewm\/?s={search_term_string}\"},\"query-input\":\"required name=search_term_string\"}],\"inLanguage\":\"fr-FR\"}]}<\/script>\n<!-- \/ Yoast SEO plugin. -->","yoast_head_json":{"title":"Legal notices - BEWM","robots":{"index":"index","follow":"follow","max-snippet":"max-snippet:-1","max-image-preview":"max-image-preview:large","max-video-preview":"max-video-preview:-1"},"canonical":"https:\/\/www.nature-conservation-ubfc.com\/bewm\/en\/legal-notices\/","og_locale":"fr_FR","og_type":"article","og_title":"Legal notices - BEWM","og_description":"Site owner: Master BEWM b\u00e2timent Gabriel, 3e \u00e9tage, aile nord universit\u00e9 de Bourgogne 6 boulevard Gabriel 21000 Dijon &nbsp; Website created by: Webdesign : Alxdesign \u2013\u00a0www.alxdesign.com D\u00e9veloppement : 1dpixel - www.1dpixel.com &nbsp; Website hosted by: 1&amp;1 Internet S.A.R.L. au capital de 100.000 euros. Brauerstr. 48 76135 Karlsruhe Allemagne T\u00e9l : 0825 080 020 &nbsp; Copyright [&hellip;]","og_url":"https:\/\/www.nature-conservation-ubfc.com\/bewm\/en\/legal-notices\/","og_site_name":"BEWM","article_modified_time":"2018-11-22T13:49:41+00:00","twitter_card":"summary_large_image","twitter_misc":{"Dur\u00e9e de lecture estim\u00e9e":"3 minutes"},"schema":{"@context":"https:\/\/schema.org","@graph":[{"@type":"WebPage","@id":"https:\/\/www.nature-conservation-ubfc.com\/bewm\/en\/legal-notices\/","url":"https:\/\/www.nature-conservation-ubfc.com\/bewm\/en\/legal-notices\/","name":"Legal notices - BEWM","isPartOf":{"@id":"https:\/\/www.nature-conservation-ubfc.com\/bewm\/#website"},"datePublished":"2017-06-05T06:12:20+00:00","dateModified":"2018-11-22T13:49:41+00:00","breadcrumb":{"@id":"https:\/\/www.nature-conservation-ubfc.com\/bewm\/en\/legal-notices\/#breadcrumb"},"inLanguage":"fr-FR","potentialAction":[{"@type":"ReadAction","target":["https:\/\/www.nature-conservation-ubfc.com\/bewm\/en\/legal-notices\/"]}]},{"@type":"BreadcrumbList","@id":"https:\/\/www.nature-conservation-ubfc.com\/bewm\/en\/legal-notices\/#breadcrumb","itemListElement":[{"@type":"ListItem","position":1,"name":"Accueil","item":"https:\/\/www.nature-conservation-ubfc.com\/bewm\/fr\/"},{"@type":"ListItem","position":2,"name":"Legal notices"}]},{"@type":"WebSite","@id":"https:\/\/www.nature-conservation-ubfc.com\/bewm\/#website","url":"https:\/\/www.nature-conservation-ubfc.com\/bewm\/","name":"BEWM","description":"","potentialAction":[{"@type":"SearchAction","target":{"@type":"EntryPoint","urlTemplate":"https:\/\/www.nature-conservation-ubfc.com\/bewm\/?s={search_term_string}"},"query-input":"required name=search_term_string"}],"inLanguage":"fr-FR"}]}},"_links":{"self":[{"href":"https:\/\/www.nature-conservation-ubfc.com\/bewm\/wp-json\/wp\/v2\/pages\/526"}],"collection":[{"href":"https:\/\/www.nature-conservation-ubfc.com\/bewm\/wp-json\/wp\/v2\/pages"}],"about":[{"href":"https:\/\/www.nature-conservation-ubfc.com\/bewm\/wp-json\/wp\/v2\/types\/page"}],"author":[{"embeddable":true,"href":"https:\/\/www.nature-conservation-ubfc.com\/bewm\/wp-json\/wp\/v2\/users\/3"}],"replies":[{"embeddable":true,"href":"https:\/\/www.nature-conservation-ubfc.com\/bewm\/wp-json\/wp\/v2\/comments?post=526"}],"version-history":[{"count":7,"href":"https:\/\/www.nature-conservation-ubfc.com\/bewm\/wp-json\/wp\/v2\/pages\/526\/revisions"}],"predecessor-version":[{"id":1456,"href":"https:\/\/www.nature-conservation-ubfc.com\/bewm\/wp-json\/wp\/v2\/pages\/526\/revisions\/1456"}],"wp:attachment":[{"href":"https:\/\/www.nature-conservation-ubfc.com\/bewm\/wp-json\/wp\/v2\/media?parent=526"}],"curies":[{"name":"wp","href":"https:\/\/api.w.org\/{rel}","templated":true}]}}