{"id":1141,"date":"2018-03-17T13:12:34","date_gmt":"2018-03-17T12:12:34","guid":{"rendered":"https:\/\/www.nature-conservation-ubfc.com\/bewm\/?page_id=1141"},"modified":"2018-11-22T14:48:04","modified_gmt":"2018-11-22T13:48:04","slug":"vie-dijon","status":"publish","type":"page","link":"https:\/\/www.nature-conservation-ubfc.com\/bewm\/fr\/vie-dijon\/","title":{"rendered":"La vie \u00e0 Dijon"},"content":{"rendered":"<p>[et_pb_section bb_built=\u00a0\u00bb1&Prime; admin_label=\u00a0\u00bbsection\u00a0\u00bb][et_pb_row admin_label=\u00a0\u00bbrow\u00a0\u00bb background_position=\u00a0\u00bbtop_left\u00a0\u00bb background_repeat=\u00a0\u00bbrepeat\u00a0\u00bb background_size=\u00a0\u00bbinitial\u00a0\u00bb][et_pb_column type=\u00a0\u00bb1_2&Prime;][et_pb_image _builder_version=\u00a0\u00bb3.0.50&Prime; src=\u00a0\u00bbhttps:\/\/www.nature-conservation-ubfc.com\/bewm\/wp-content\/uploads\/sites\/2\/2018\/03\/20161102000833_t-1.jpg\u00a0\u00bb show_in_lightbox=\u00a0\u00bboff\u00a0\u00bb url_new_window=\u00a0\u00bboff\u00a0\u00bb use_overlay=\u00a0\u00bboff\u00a0\u00bb sticky=\u00a0\u00bboff\u00a0\u00bb align=\u00a0\u00bbleft\u00a0\u00bb always_center_on_mobile=\u00a0\u00bbon\u00a0\u00bb border_style=\u00a0\u00bbsolid\u00a0\u00bb force_fullwidth=\u00a0\u00bboff\u00a0\u00bb animation_style=\u00a0\u00bbslide\u00a0\u00bb animation_duration=\u00a0\u00bb500ms\u00a0\u00bb animation_intensity_slide=\u00a0\u00bb10%\u00a0\u00bb animation_direction=\u00a0\u00bbleft\u00a0\u00bb show_bottom_space=\u00a0\u00bbon\u00a0\u00bb \/][et_pb_image _builder_version=\u00a0\u00bb3.0.50&Prime; src=\u00a0\u00bbhttps:\/\/www.nature-conservation-ubfc.com\/bewm\/wp-content\/uploads\/sites\/2\/2018\/03\/Jedna-z-winnic-Burgundii-1-e1521287905282.jpg\u00a0\u00bb show_in_lightbox=\u00a0\u00bboff\u00a0\u00bb url_new_window=\u00a0\u00bboff\u00a0\u00bb use_overlay=\u00a0\u00bboff\u00a0\u00bb sticky=\u00a0\u00bboff\u00a0\u00bb align=\u00a0\u00bbleft\u00a0\u00bb always_center_on_mobile=\u00a0\u00bbon\u00a0\u00bb border_style=\u00a0\u00bbsolid\u00a0\u00bb force_fullwidth=\u00a0\u00bboff\u00a0\u00bb animation_style=\u00a0\u00bbslide\u00a0\u00bb animation_duration=\u00a0\u00bb500ms\u00a0\u00bb animation_intensity_slide=\u00a0\u00bb10%\u00a0\u00bb animation_direction=\u00a0\u00bbleft\u00a0\u00bb show_bottom_space=\u00a0\u00bbon\u00a0\u00bb \/][\/et_pb_column][et_pb_column type=\u00a0\u00bb1_2&Prime;][et_pb_text _builder_version=\u00a0\u00bb3.17.2&Prime;]<\/p>\n<p style=\"text-align: justify\">Ancienne capitale du Duch\u00e9 de Bourgogne, Dijon est une ville de taille moyenne o\u00f9 vous pourrez appr\u00e9cier une vie culturelle dynamique, aussi bien que des \u00e9chapp\u00e9es \u00e0 la campagne et dans les vignes environnantes de la \u00ab\u00a0C\u00f4te d&rsquo;Or\u00a0\u00bb.<\/p>\n<p style=\"text-align: justify\">Dijon poss\u00e8de un large \u00e9ventail de mus\u00e9es et de monuments remarquables et est internationalement reconnue comme une des capitales fran\u00e7aises de la gastronomie. La vie culturelle y est active avec des festivals musicaux et gastronomiques tout au long de l&rsquo;ann\u00e9e. Les attractions de loisirs et culturelles sont nombreuses \u00e0 Dijon, des concerts classiques aux concerts de jazz en passant par les cin\u00e9mas, les march\u00e9s, etc&#8230; Dijon poss\u00e8de \u00e9galement des \u00e9quipes sportives professionnelles de haut niveau (football, basket-ball, handball, rugby, sports de glace), et offre aussi une large diversit\u00e9 d&rsquo;installations sportives pour les amateurs (piscine olympique, patinoire, stades, parcs naturels&#8230;).<\/p>\n<p style=\"text-align: justify\">La vie \u00e0 Dijon est abordable et les logements accessibles. La ville poss\u00e8de des \u00e9quipements et des infrastructures r\u00e9centes avec son tramway et ses lignes de bus.<\/p>\n<p style=\"text-align: justify\">Plus d&rsquo;informations pratiques sont disponibles \u00e0 cette adresse :\u00a0<a href=\"http:\/\/en.u-bourgogne.fr\/admission\/degree-seeking-students.html\" target=\"_blank\" rel=\"noopener\">http:\/\/en.u-bourgogne.fr\/admission\/degree-seeking-students.html<\/a> dans l&rsquo;onglet \u00ab\u00a0Useful information and social life\u00a0\u00bb<\/p>\n<p>[\/et_pb_text][\/et_pb_column][\/et_pb_row][\/et_pb_section]<\/p>\n","protected":false},"excerpt":{"rendered":"<p>Ancienne capitale du Duch\u00e9 de Bourgogne, Dijon est une ville de taille moyenne o\u00f9 vous pourrez appr\u00e9cier une vie culturelle dynamique, aussi bien que des \u00e9chapp\u00e9es \u00e0 la campagne et dans les vignes environnantes de la \u00ab\u00a0C\u00f4te d&rsquo;Or\u00a0\u00bb. Dijon poss\u00e8de un large \u00e9ventail de mus\u00e9es et de monuments remarquables et est internationalement reconnue comme une [&hellip;]<\/p>\n","protected":false},"author":3,"featured_media":0,"parent":0,"menu_order":0,"comment_status":"closed","ping_status":"closed","template":"","meta":{"_et_pb_use_builder":"on","_et_pb_old_content":"","_et_gb_content_width":"","footnotes":""},"yoast_head":"<!-- This site is optimized with the Yoast SEO plugin v22.8 - https:\/\/yoast.com\/wordpress\/plugins\/seo\/ -->\n<title>La vie \u00e0 Dijon - BEWM<\/title>\n<meta name=\"robots\" content=\"index, follow, max-snippet:-1, max-image-preview:large, max-video-preview:-1\" \/>\n<link rel=\"canonical\" href=\"https:\/\/www.nature-conservation-ubfc.com\/bewm\/fr\/vie-dijon\/\" \/>\n<meta property=\"og:locale\" content=\"fr_FR\" \/>\n<meta property=\"og:type\" content=\"article\" \/>\n<meta property=\"og:title\" content=\"La vie \u00e0 Dijon - BEWM\" \/>\n<meta property=\"og:description\" content=\"Ancienne capitale du Duch\u00e9 de Bourgogne, Dijon est une ville de taille moyenne o\u00f9 vous pourrez appr\u00e9cier une vie culturelle dynamique, aussi bien que des \u00e9chapp\u00e9es \u00e0 la campagne et dans les vignes environnantes de la &quot;C\u00f4te d&#039;Or&quot;. Dijon poss\u00e8de un large \u00e9ventail de mus\u00e9es et de monuments remarquables et est internationalement reconnue comme une [&hellip;]\" \/>\n<meta property=\"og:url\" content=\"https:\/\/www.nature-conservation-ubfc.com\/bewm\/fr\/vie-dijon\/\" \/>\n<meta property=\"og:site_name\" content=\"BEWM\" \/>\n<meta property=\"article:modified_time\" content=\"2018-11-22T13:48:04+00:00\" \/>\n<meta name=\"twitter:card\" content=\"summary_large_image\" \/>\n<meta name=\"twitter:label1\" content=\"Dur\u00e9e de lecture estim\u00e9e\" \/>\n\t<meta name=\"twitter:data1\" content=\"2 minutes\" \/>\n<script type=\"application\/ld+json\" class=\"yoast-schema-graph\">{\"@context\":\"https:\/\/schema.org\",\"@graph\":[{\"@type\":\"WebPage\",\"@id\":\"https:\/\/www.nature-conservation-ubfc.com\/bewm\/fr\/vie-dijon\/\",\"url\":\"https:\/\/www.nature-conservation-ubfc.com\/bewm\/fr\/vie-dijon\/\",\"name\":\"La vie \u00e0 Dijon - BEWM\",\"isPartOf\":{\"@id\":\"https:\/\/www.nature-conservation-ubfc.com\/bewm\/#website\"},\"datePublished\":\"2018-03-17T12:12:34+00:00\",\"dateModified\":\"2018-11-22T13:48:04+00:00\",\"breadcrumb\":{\"@id\":\"https:\/\/www.nature-conservation-ubfc.com\/bewm\/fr\/vie-dijon\/#breadcrumb\"},\"inLanguage\":\"fr-FR\",\"potentialAction\":[{\"@type\":\"ReadAction\",\"target\":[\"https:\/\/www.nature-conservation-ubfc.com\/bewm\/fr\/vie-dijon\/\"]}]},{\"@type\":\"BreadcrumbList\",\"@id\":\"https:\/\/www.nature-conservation-ubfc.com\/bewm\/fr\/vie-dijon\/#breadcrumb\",\"itemListElement\":[{\"@type\":\"ListItem\",\"position\":1,\"name\":\"Accueil\",\"item\":\"https:\/\/www.nature-conservation-ubfc.com\/bewm\/fr\/\"},{\"@type\":\"ListItem\",\"position\":2,\"name\":\"La vie \u00e0 Dijon\"}]},{\"@type\":\"WebSite\",\"@id\":\"https:\/\/www.nature-conservation-ubfc.com\/bewm\/#website\",\"url\":\"https:\/\/www.nature-conservation-ubfc.com\/bewm\/\",\"name\":\"BEWM\",\"description\":\"\",\"potentialAction\":[{\"@type\":\"SearchAction\",\"target\":{\"@type\":\"EntryPoint\",\"urlTemplate\":\"https:\/\/www.nature-conservation-ubfc.com\/bewm\/?s={search_term_string}\"},\"query-input\":\"required name=search_term_string\"}],\"inLanguage\":\"fr-FR\"}]}<\/script>\n<!-- \/ Yoast SEO plugin. -->","yoast_head_json":{"title":"La vie \u00e0 Dijon - BEWM","robots":{"index":"index","follow":"follow","max-snippet":"max-snippet:-1","max-image-preview":"max-image-preview:large","max-video-preview":"max-video-preview:-1"},"canonical":"https:\/\/www.nature-conservation-ubfc.com\/bewm\/fr\/vie-dijon\/","og_locale":"fr_FR","og_type":"article","og_title":"La vie \u00e0 Dijon - BEWM","og_description":"Ancienne capitale du Duch\u00e9 de Bourgogne, Dijon est une ville de taille moyenne o\u00f9 vous pourrez appr\u00e9cier une vie culturelle dynamique, aussi bien que des \u00e9chapp\u00e9es \u00e0 la campagne et dans les vignes environnantes de la \"C\u00f4te d'Or\". Dijon poss\u00e8de un large \u00e9ventail de mus\u00e9es et de monuments remarquables et est internationalement reconnue comme une [&hellip;]","og_url":"https:\/\/www.nature-conservation-ubfc.com\/bewm\/fr\/vie-dijon\/","og_site_name":"BEWM","article_modified_time":"2018-11-22T13:48:04+00:00","twitter_card":"summary_large_image","twitter_misc":{"Dur\u00e9e de lecture estim\u00e9e":"2 minutes"},"schema":{"@context":"https:\/\/schema.org","@graph":[{"@type":"WebPage","@id":"https:\/\/www.nature-conservation-ubfc.com\/bewm\/fr\/vie-dijon\/","url":"https:\/\/www.nature-conservation-ubfc.com\/bewm\/fr\/vie-dijon\/","name":"La vie \u00e0 Dijon - BEWM","isPartOf":{"@id":"https:\/\/www.nature-conservation-ubfc.com\/bewm\/#website"},"datePublished":"2018-03-17T12:12:34+00:00","dateModified":"2018-11-22T13:48:04+00:00","breadcrumb":{"@id":"https:\/\/www.nature-conservation-ubfc.com\/bewm\/fr\/vie-dijon\/#breadcrumb"},"inLanguage":"fr-FR","potentialAction":[{"@type":"ReadAction","target":["https:\/\/www.nature-conservation-ubfc.com\/bewm\/fr\/vie-dijon\/"]}]},{"@type":"BreadcrumbList","@id":"https:\/\/www.nature-conservation-ubfc.com\/bewm\/fr\/vie-dijon\/#breadcrumb","itemListElement":[{"@type":"ListItem","position":1,"name":"Accueil","item":"https:\/\/www.nature-conservation-ubfc.com\/bewm\/fr\/"},{"@type":"ListItem","position":2,"name":"La vie \u00e0 Dijon"}]},{"@type":"WebSite","@id":"https:\/\/www.nature-conservation-ubfc.com\/bewm\/#website","url":"https:\/\/www.nature-conservation-ubfc.com\/bewm\/","name":"BEWM","description":"","potentialAction":[{"@type":"SearchAction","target":{"@type":"EntryPoint","urlTemplate":"https:\/\/www.nature-conservation-ubfc.com\/bewm\/?s={search_term_string}"},"query-input":"required name=search_term_string"}],"inLanguage":"fr-FR"}]}},"_links":{"self":[{"href":"https:\/\/www.nature-conservation-ubfc.com\/bewm\/wp-json\/wp\/v2\/pages\/1141"}],"collection":[{"href":"https:\/\/www.nature-conservation-ubfc.com\/bewm\/wp-json\/wp\/v2\/pages"}],"about":[{"href":"https:\/\/www.nature-conservation-ubfc.com\/bewm\/wp-json\/wp\/v2\/types\/page"}],"author":[{"embeddable":true,"href":"https:\/\/www.nature-conservation-ubfc.com\/bewm\/wp-json\/wp\/v2\/users\/3"}],"replies":[{"embeddable":true,"href":"https:\/\/www.nature-conservation-ubfc.com\/bewm\/wp-json\/wp\/v2\/comments?post=1141"}],"version-history":[{"count":4,"href":"https:\/\/www.nature-conservation-ubfc.com\/bewm\/wp-json\/wp\/v2\/pages\/1141\/revisions"}],"predecessor-version":[{"id":1454,"href":"https:\/\/www.nature-conservation-ubfc.com\/bewm\/wp-json\/wp\/v2\/pages\/1141\/revisions\/1454"}],"wp:attachment":[{"href":"https:\/\/www.nature-conservation-ubfc.com\/bewm\/wp-json\/wp\/v2\/media?parent=1141"}],"curies":[{"name":"wp","href":"https:\/\/api.w.org\/{rel}","templated":true}]}}

La vie à Dijon

<p>[et_pb_section bb_built= »1&Prime; admin_label= »section »][et_pb_row admin_label= »row » background_position= »top_left » background_repeat= »repeat » background_size= »initial »][et_pb_column type= »1_2&Prime;][et_pb_image _builder_version= »3.0.50&Prime; src= »https://www.nature-conservation-ubfc.com/bewm/wp-content/uploads/sites/2/2018/03/20161102000833_t-1.jpg » show_in_lightbox= »off » url_new_window= »off » use_overlay= »off » sticky= »off » align= »left » always_center_on_mobile= »on » border_style= »solid » force_fullwidth= »off » animation_style= »slide » animation_duration= »500ms » animation_intensity_slide= »10% » animation_direction= »left » show_bottom_space= »on » /][et_pb_image _builder_version= »3.0.50&Prime; src= »https://www.nature-conservation-ubfc.com/bewm/wp-content/uploads/sites/2/2018/03/Jedna-z-winnic-Burgundii-1-e1521287905282.jpg » show_in_lightbox= »off » url_new_window= »off » use_overlay= »off » sticky= »off » align= »left » always_center_on_mobile= »on » border_style= »solid » force_fullwidth= »off » animation_style= »slide » animation_duration= »500ms » animation_intensity_slide= »10% » animation_direction= »left » show_bottom_space= »on » /][/et_pb_column][et_pb_column type= »1_2&Prime;][et_pb_text _builder_version= »3.17.2&Prime;]</p>
<p style="text-align: justify">Ancienne capitale du Duché de Bourgogne, Dijon est une ville de taille moyenne où vous pourrez apprécier une vie culturelle dynamique, aussi bien que des échappées à la campagne et dans les vignes environnantes de la « Côte d&rsquo;Or ».</p>
<p style="text-align: justify">Dijon possède un large éventail de musées et de monuments remarquables et est internationalement reconnue comme une des capitales françaises de la gastronomie. La vie culturelle y est active avec des festivals musicaux et gastronomiques tout au long de l&rsquo;année. Les attractions de loisirs et culturelles sont nombreuses à Dijon, des concerts classiques aux concerts de jazz en passant par les cinémas, les marchés, etc&#8230; Dijon possède également des équipes sportives professionnelles de haut niveau (football, basket-ball, handball, rugby, sports de glace), et offre aussi une large diversité d&rsquo;installations sportives pour les amateurs (piscine olympique, patinoire, stades, parcs naturels&#8230;).</p>
<p style="text-align: justify">La vie à Dijon est abordable et les logements accessibles. La ville possède des équipements et des infrastructures récentes avec son tramway et ses lignes de bus.</p>
<p style="text-align: justify">Plus d&rsquo;informations pratiques sont disponibles à cette adresse : <a href="http://en.u-bourgogne.fr/admission/degree-seeking-students.html" target="_blank" rel="noopener">http://en.u-bourgogne.fr/admission/degree-seeking-students.html</a> dans l&rsquo;onglet « Useful information and social life »</p>
<p>[/et_pb_text][/et_pb_column][/et_pb_row][/et_pb_section]</p>

<p>Ancienne capitale du Duché de Bourgogne, Dijon est une ville de taille moyenne où vous pourrez apprécier une vie culturelle dynamique, aussi bien que des échappées à la campagne et dans les vignes environnantes de la « Côte d&rsquo;Or ». Dijon possède un large éventail de musées et de monuments remarquables et est internationalement reconnue comme une [&hellip;]</p>

<!-- This site is optimized with the Yoast SEO plugin v22.8 - https://yoast.com/wordpress/plugins/seo/ -->
<title>La vie à Dijon - BEWM</title>
<meta name="robots" content="index, follow, max-snippet:-1, max-image-preview:large, max-video-preview:-1" />
<link rel="canonical" href="https://www.nature-conservation-ubfc.com/bewm/fr/vie-dijon/" />
<meta property="og:locale" content="fr_FR" />
<meta property="og:type" content="article" />
<meta property="og:title" content="La vie à Dijon - BEWM" />
<meta property="og:description" content="Ancienne capitale du Duché de Bourgogne, Dijon est une ville de taille moyenne où vous pourrez apprécier une vie culturelle dynamique, aussi bien que des échappées à la campagne et dans les vignes environnantes de la &quot;Côte d&#039;Or&quot;. Dijon possède un large éventail de musées et de monuments remarquables et est internationalement reconnue comme une [&hellip;]" />
<meta property="og:url" content="https://www.nature-conservation-ubfc.com/bewm/fr/vie-dijon/" />
<meta property="og:site_name" content="BEWM" />
<meta property="article:modified_time" content="2018-11-22T13:48:04+00:00" />
<meta name="twitter:card" content="summary_large_image" />
<meta name="twitter:label1" content="Durée de lecture estimée" />
	<meta name="twitter:data1" content="2 minutes" />
<script type="application/ld+json" class="yoast-schema-graph">{"@context":"https://schema.org","@graph":[{"@type":"WebPage","@id":"https://www.nature-conservation-ubfc.com/bewm/fr/vie-dijon/","url":"https://www.nature-conservation-ubfc.com/bewm/fr/vie-dijon/","name":"La vie à Dijon - BEWM","isPartOf":{"@id":"https://www.nature-conservation-ubfc.com/bewm/#website"},"datePublished":"2018-03-17T12:12:34+00:00","dateModified":"2018-11-22T13:48:04+00:00","breadcrumb":{"@id":"https://www.nature-conservation-ubfc.com/bewm/fr/vie-dijon/#breadcrumb"},"inLanguage":"fr-FR","potentialAction":[{"@type":"ReadAction","target":["https://www.nature-conservation-ubfc.com/bewm/fr/vie-dijon/"]}]},{"@type":"BreadcrumbList","@id":"https://www.nature-conservation-ubfc.com/bewm/fr/vie-dijon/#breadcrumb","itemListElement":[{"@type":"ListItem","position":1,"name":"Accueil","item":"https://www.nature-conservation-ubfc.com/bewm/fr/"},{"@type":"ListItem","position":2,"name":"La vie à Dijon"}]},{"@type":"WebSite","@id":"https://www.nature-conservation-ubfc.com/bewm/#website","url":"https://www.nature-conservation-ubfc.com/bewm/","name":"BEWM","description":"","potentialAction":[{"@type":"SearchAction","target":{"@type":"EntryPoint","urlTemplate":"https://www.nature-conservation-ubfc.com/bewm/?s={search_term_string}"},"query-input":"required name=search_term_string"}],"inLanguage":"fr-FR"}]}</script>
<!-- / Yoast SEO plugin. -->

La vie à Dijon - BEWM

Ancienne capitale du Duché de Bourgogne, Dijon est une ville de taille moyenne où vous pourrez apprécier une vie culturelle dynamique, aussi bien que des échappées à la campagne et dans les vignes environnantes de la "Côte d'Or". Dijon possède un large éventail de musées et de monuments remarquables et est internationalement reconnue comme une [&hellip;]
