{"id":106,"date":"2017-05-29T16:11:49","date_gmt":"2017-05-29T14:11:49","guid":{"rendered":"https:\/\/www.nature-conservation-ubfc.com\/bewm\/?page_id=106"},"modified":"2023-02-07T14:35:42","modified_gmt":"2023-02-07T13:35:42","slug":"accueil","status":"publish","type":"page","link":"https:\/\/www.nature-conservation-ubfc.com\/bewm\/fr\/","title":{"rendered":"Accueil"},"content":{"rendered":"<p>[et_pb_section fb_built=\u00a0\u00bb1&Prime; admin_label=\u00a0\u00bbsection\u00a0\u00bb _builder_version=\u00a0\u00bb3.22&Prime; transparent_background=\u00a0\u00bboff\u00a0\u00bb make_fullwidth=\u00a0\u00bboff\u00a0\u00bb use_custom_width=\u00a0\u00bboff\u00a0\u00bb width_unit=\u00a0\u00bbon\u00a0\u00bb global_colors_info=\u00a0\u00bb{}\u00a0\u00bb][et_pb_row admin_label=\u00a0\u00bbrow\u00a0\u00bb _builder_version=\u00a0\u00bb3.25&Prime; background_size=\u00a0\u00bbinitial\u00a0\u00bb background_position=\u00a0\u00bbtop_left\u00a0\u00bb background_repeat=\u00a0\u00bbrepeat\u00a0\u00bb make_fullwidth=\u00a0\u00bboff\u00a0\u00bb use_custom_width=\u00a0\u00bboff\u00a0\u00bb width_unit=\u00a0\u00bbon\u00a0\u00bb global_colors_info=\u00a0\u00bb{}\u00a0\u00bb][et_pb_column type=\u00a0\u00bb4_4&Prime; _builder_version=\u00a0\u00bb3.25&Prime; custom_padding=\u00a0\u00bb|||\u00a0\u00bb global_colors_info=\u00a0\u00bb{}\u00a0\u00bb custom_padding__hover=\u00a0\u00bb|||\u00a0\u00bb][et_pb_text _builder_version=\u00a0\u00bb4.11.4&Prime; text_font_size=\u00a0\u00bb17px\u00a0\u00bb background_size=\u00a0\u00bbinitial\u00a0\u00bb background_position=\u00a0\u00bbtop_left\u00a0\u00bb background_repeat=\u00a0\u00bbrepeat\u00a0\u00bb border_style=\u00a0\u00bbsolid\u00a0\u00bb global_colors_info=\u00a0\u00bb{}\u00a0\u00bb]<\/p>\n<p style=\"text-align: justify\">Bienvenue sur le site web du <strong>Master Biologie de la Conservation, sp\u00e9cialit\u00e9 Ecologie Comportementale et Gestion de la Faune (ECGF) de l&rsquo;Universit\u00e9 de Bourgogne-Franche Comt\u00e9, France. <\/strong>Soutenu par le <strong>Programme Investissements d&rsquo;Avenir<\/strong>, ce nouveau dipl\u00f4me proposait depuis 2017 un ensemble original d&rsquo;enseignements th\u00e9oriques et pratiques \u00e0 l&rsquo;interface entre l&rsquo;\u00e9cologie comportementale et la biologie de la conservation.<\/p>\n<h3>Le Master BEWM sera d\u00e9finitivement ferm\u00e9 en octobre 2023.<\/h3>\n<p>&nbsp;<\/p>\n<p><strong>Nous ne donnons plus d\u2019information par mail<\/strong>. Pour tout renseignement concernant des offres alternatives de master localement, merci de vous reporter \u00e0 la page \u00ab formation \u00bb des sites de l\u2019Universit\u00e9 de Bourgogne ou de l\u2019UBFC<\/p>\n<p>&nbsp;<\/p>\n<p>[\/et_pb_text][et_pb_text _builder_version=\u00a0\u00bb3.27.4&Prime; global_colors_info=\u00a0\u00bb{}\u00a0\u00bb][\/et_pb_text][\/et_pb_column][\/et_pb_row][\/et_pb_section]<\/p>\n","protected":false},"excerpt":{"rendered":"<p>Bienvenue sur le site web du Master Biologie de la Conservation, sp\u00e9cialit\u00e9 Ecologie Comportementale et Gestion de la Faune (ECGF) de l&rsquo;Universit\u00e9 de Bourgogne-Franche Comt\u00e9, France. Soutenu par le Programme Investissements d&rsquo;Avenir, ce nouveau dipl\u00f4me proposait depuis 2017 un ensemble original d&rsquo;enseignements th\u00e9oriques et pratiques \u00e0 l&rsquo;interface entre l&rsquo;\u00e9cologie comportementale et la biologie de la [&hellip;]<\/p>\n","protected":false},"author":3,"featured_media":0,"parent":0,"menu_order":0,"comment_status":"closed","ping_status":"closed","template":"","meta":{"_et_pb_use_builder":"on","_et_pb_old_content":"","_et_gb_content_width":"","footnotes":""},"yoast_head":"<!-- This site is optimized with the Yoast SEO plugin v22.8 - https:\/\/yoast.com\/wordpress\/plugins\/seo\/ -->\n<title>Accueil - BEWM<\/title>\n<meta name=\"robots\" content=\"index, follow, max-snippet:-1, max-image-preview:large, max-video-preview:-1\" \/>\n<link rel=\"canonical\" href=\"https:\/\/www.nature-conservation-ubfc.com\/bewm\/fr\/\" \/>\n<meta property=\"og:locale\" content=\"fr_FR\" \/>\n<meta property=\"og:type\" content=\"article\" \/>\n<meta property=\"og:title\" content=\"Accueil - BEWM\" \/>\n<meta property=\"og:description\" content=\"Bienvenue sur le site web du Master Biologie de la Conservation, sp\u00e9cialit\u00e9 Ecologie Comportementale et Gestion de la Faune (ECGF) de l&#039;Universit\u00e9 de Bourgogne-Franche Comt\u00e9, France. Soutenu par le Programme Investissements d&#039;Avenir, ce nouveau dipl\u00f4me proposait depuis 2017 un ensemble original d&#039;enseignements th\u00e9oriques et pratiques \u00e0 l&#039;interface entre l&#039;\u00e9cologie comportementale et la biologie de la [&hellip;]\" \/>\n<meta property=\"og:url\" content=\"https:\/\/www.nature-conservation-ubfc.com\/bewm\/fr\/\" \/>\n<meta property=\"og:site_name\" content=\"BEWM\" \/>\n<meta property=\"article:modified_time\" content=\"2023-02-07T13:35:42+00:00\" \/>\n<meta name=\"twitter:card\" content=\"summary_large_image\" \/>\n<meta name=\"twitter:label1\" content=\"Dur\u00e9e de lecture estim\u00e9e\" \/>\n\t<meta name=\"twitter:data1\" content=\"1 minute\" \/>\n<script type=\"application\/ld+json\" class=\"yoast-schema-graph\">{\"@context\":\"https:\/\/schema.org\",\"@graph\":[{\"@type\":\"WebPage\",\"@id\":\"https:\/\/www.nature-conservation-ubfc.com\/bewm\/fr\/\",\"url\":\"https:\/\/www.nature-conservation-ubfc.com\/bewm\/fr\/\",\"name\":\"Accueil - BEWM\",\"isPartOf\":{\"@id\":\"https:\/\/www.nature-conservation-ubfc.com\/bewm\/#website\"},\"datePublished\":\"2017-05-29T14:11:49+00:00\",\"dateModified\":\"2023-02-07T13:35:42+00:00\",\"breadcrumb\":{\"@id\":\"https:\/\/www.nature-conservation-ubfc.com\/bewm\/fr\/#breadcrumb\"},\"inLanguage\":\"fr-FR\",\"potentialAction\":[{\"@type\":\"ReadAction\",\"target\":[\"https:\/\/www.nature-conservation-ubfc.com\/bewm\/fr\/\"]}]},{\"@type\":\"BreadcrumbList\",\"@id\":\"https:\/\/www.nature-conservation-ubfc.com\/bewm\/fr\/#breadcrumb\",\"itemListElement\":[{\"@type\":\"ListItem\",\"position\":1,\"name\":\"Accueil\",\"item\":\"https:\/\/www.nature-conservation-ubfc.com\/bewm\/fr\/\"},{\"@type\":\"ListItem\",\"position\":2,\"name\":\"Accueil\"}]},{\"@type\":\"WebSite\",\"@id\":\"https:\/\/www.nature-conservation-ubfc.com\/bewm\/#website\",\"url\":\"https:\/\/www.nature-conservation-ubfc.com\/bewm\/\",\"name\":\"BEWM\",\"description\":\"\",\"potentialAction\":[{\"@type\":\"SearchAction\",\"target\":{\"@type\":\"EntryPoint\",\"urlTemplate\":\"https:\/\/www.nature-conservation-ubfc.com\/bewm\/?s={search_term_string}\"},\"query-input\":\"required name=search_term_string\"}],\"inLanguage\":\"fr-FR\"}]}<\/script>\n<!-- \/ Yoast SEO plugin. -->","yoast_head_json":{"title":"Accueil - BEWM","robots":{"index":"index","follow":"follow","max-snippet":"max-snippet:-1","max-image-preview":"max-image-preview:large","max-video-preview":"max-video-preview:-1"},"canonical":"https:\/\/www.nature-conservation-ubfc.com\/bewm\/fr\/","og_locale":"fr_FR","og_type":"article","og_title":"Accueil - BEWM","og_description":"Bienvenue sur le site web du Master Biologie de la Conservation, sp\u00e9cialit\u00e9 Ecologie Comportementale et Gestion de la Faune (ECGF) de l'Universit\u00e9 de Bourgogne-Franche Comt\u00e9, France. Soutenu par le Programme Investissements d'Avenir, ce nouveau dipl\u00f4me proposait depuis 2017 un ensemble original d'enseignements th\u00e9oriques et pratiques \u00e0 l'interface entre l'\u00e9cologie comportementale et la biologie de la [&hellip;]","og_url":"https:\/\/www.nature-conservation-ubfc.com\/bewm\/fr\/","og_site_name":"BEWM","article_modified_time":"2023-02-07T13:35:42+00:00","twitter_card":"summary_large_image","twitter_misc":{"Dur\u00e9e de lecture estim\u00e9e":"1 minute"},"schema":{"@context":"https:\/\/schema.org","@graph":[{"@type":"WebPage","@id":"https:\/\/www.nature-conservation-ubfc.com\/bewm\/fr\/","url":"https:\/\/www.nature-conservation-ubfc.com\/bewm\/fr\/","name":"Accueil - BEWM","isPartOf":{"@id":"https:\/\/www.nature-conservation-ubfc.com\/bewm\/#website"},"datePublished":"2017-05-29T14:11:49+00:00","dateModified":"2023-02-07T13:35:42+00:00","breadcrumb":{"@id":"https:\/\/www.nature-conservation-ubfc.com\/bewm\/fr\/#breadcrumb"},"inLanguage":"fr-FR","potentialAction":[{"@type":"ReadAction","target":["https:\/\/www.nature-conservation-ubfc.com\/bewm\/fr\/"]}]},{"@type":"BreadcrumbList","@id":"https:\/\/www.nature-conservation-ubfc.com\/bewm\/fr\/#breadcrumb","itemListElement":[{"@type":"ListItem","position":1,"name":"Accueil","item":"https:\/\/www.nature-conservation-ubfc.com\/bewm\/fr\/"},{"@type":"ListItem","position":2,"name":"Accueil"}]},{"@type":"WebSite","@id":"https:\/\/www.nature-conservation-ubfc.com\/bewm\/#website","url":"https:\/\/www.nature-conservation-ubfc.com\/bewm\/","name":"BEWM","description":"","potentialAction":[{"@type":"SearchAction","target":{"@type":"EntryPoint","urlTemplate":"https:\/\/www.nature-conservation-ubfc.com\/bewm\/?s={search_term_string}"},"query-input":"required name=search_term_string"}],"inLanguage":"fr-FR"}]}},"_links":{"self":[{"href":"https:\/\/www.nature-conservation-ubfc.com\/bewm\/wp-json\/wp\/v2\/pages\/106"}],"collection":[{"href":"https:\/\/www.nature-conservation-ubfc.com\/bewm\/wp-json\/wp\/v2\/pages"}],"about":[{"href":"https:\/\/www.nature-conservation-ubfc.com\/bewm\/wp-json\/wp\/v2\/types\/page"}],"author":[{"embeddable":true,"href":"https:\/\/www.nature-conservation-ubfc.com\/bewm\/wp-json\/wp\/v2\/users\/3"}],"replies":[{"embeddable":true,"href":"https:\/\/www.nature-conservation-ubfc.com\/bewm\/wp-json\/wp\/v2\/comments?post=106"}],"version-history":[{"count":49,"href":"https:\/\/www.nature-conservation-ubfc.com\/bewm\/wp-json\/wp\/v2\/pages\/106\/revisions"}],"predecessor-version":[{"id":1797,"href":"https:\/\/www.nature-conservation-ubfc.com\/bewm\/wp-json\/wp\/v2\/pages\/106\/revisions\/1797"}],"wp:attachment":[{"href":"https:\/\/www.nature-conservation-ubfc.com\/bewm\/wp-json\/wp\/v2\/media?parent=106"}],"curies":[{"name":"wp","href":"https:\/\/api.w.org\/{rel}","templated":true}]}}

<p>[et_pb_section fb_built= »1&Prime; admin_label= »section » _builder_version= »3.22&Prime; transparent_background= »off » make_fullwidth= »off » use_custom_width= »off » width_unit= »on » global_colors_info= »{} »][et_pb_row admin_label= »row » _builder_version= »3.25&Prime; background_size= »initial » background_position= »top_left » background_repeat= »repeat » make_fullwidth= »off » use_custom_width= »off » width_unit= »on » global_colors_info= »{} »][et_pb_column type= »4_4&Prime; _builder_version= »3.25&Prime; custom_padding= »||| » global_colors_info= »{} » custom_padding__hover= »||| »][et_pb_text _builder_version= »4.11.4&Prime; text_font_size= »17px » background_size= »initial » background_position= »top_left » background_repeat= »repeat » border_style= »solid » global_colors_info= »{} »]</p>
<p style="text-align: justify">Bienvenue sur le site web du <strong>Master Biologie de la Conservation, spécialité Ecologie Comportementale et Gestion de la Faune (ECGF) de l&rsquo;Université de Bourgogne-Franche Comté, France. </strong>Soutenu par le <strong>Programme Investissements d&rsquo;Avenir</strong>, ce nouveau diplôme proposait depuis 2017 un ensemble original d&rsquo;enseignements théoriques et pratiques à l&rsquo;interface entre l&rsquo;écologie comportementale et la biologie de la conservation.</p>
<h3>Le Master BEWM sera définitivement fermé en octobre 2023.</h3>
<p>&nbsp;</p>
<p><strong>Nous ne donnons plus d’information par mail</strong>. Pour tout renseignement concernant des offres alternatives de master localement, merci de vous reporter à la page « formation » des sites de l’Université de Bourgogne ou de l’UBFC</p>
<p>&nbsp;</p>
<p>[/et_pb_text][et_pb_text _builder_version= »3.27.4&Prime; global_colors_info= »{} »][/et_pb_text][/et_pb_column][/et_pb_row][/et_pb_section]</p>

<p>Bienvenue sur le site web du Master Biologie de la Conservation, spécialité Ecologie Comportementale et Gestion de la Faune (ECGF) de l&rsquo;Université de Bourgogne-Franche Comté, France. Soutenu par le Programme Investissements d&rsquo;Avenir, ce nouveau diplôme proposait depuis 2017 un ensemble original d&rsquo;enseignements théoriques et pratiques à l&rsquo;interface entre l&rsquo;écologie comportementale et la biologie de la [&hellip;]</p>

<!-- This site is optimized with the Yoast SEO plugin v22.8 - https://yoast.com/wordpress/plugins/seo/ -->
<title>Accueil - BEWM</title>
<meta name="robots" content="index, follow, max-snippet:-1, max-image-preview:large, max-video-preview:-1" />
<link rel="canonical" href="https://www.nature-conservation-ubfc.com/bewm/fr/" />
<meta property="og:locale" content="fr_FR" />
<meta property="og:type" content="article" />
<meta property="og:title" content="Accueil - BEWM" />
<meta property="og:description" content="Bienvenue sur le site web du Master Biologie de la Conservation, spécialité Ecologie Comportementale et Gestion de la Faune (ECGF) de l&#039;Université de Bourgogne-Franche Comté, France. Soutenu par le Programme Investissements d&#039;Avenir, ce nouveau diplôme proposait depuis 2017 un ensemble original d&#039;enseignements théoriques et pratiques à l&#039;interface entre l&#039;écologie comportementale et la biologie de la [&hellip;]" />
<meta property="og:url" content="https://www.nature-conservation-ubfc.com/bewm/fr/" />
<meta property="og:site_name" content="BEWM" />
<meta property="article:modified_time" content="2023-02-07T13:35:42+00:00" />
<meta name="twitter:card" content="summary_large_image" />
<meta name="twitter:label1" content="Durée de lecture estimée" />
	<meta name="twitter:data1" content="1 minute" />
<script type="application/ld+json" class="yoast-schema-graph">{"@context":"https://schema.org","@graph":[{"@type":"WebPage","@id":"https://www.nature-conservation-ubfc.com/bewm/fr/","url":"https://www.nature-conservation-ubfc.com/bewm/fr/","name":"Accueil - BEWM","isPartOf":{"@id":"https://www.nature-conservation-ubfc.com/bewm/#website"},"datePublished":"2017-05-29T14:11:49+00:00","dateModified":"2023-02-07T13:35:42+00:00","breadcrumb":{"@id":"https://www.nature-conservation-ubfc.com/bewm/fr/#breadcrumb"},"inLanguage":"fr-FR","potentialAction":[{"@type":"ReadAction","target":["https://www.nature-conservation-ubfc.com/bewm/fr/"]}]},{"@type":"BreadcrumbList","@id":"https://www.nature-conservation-ubfc.com/bewm/fr/#breadcrumb","itemListElement":[{"@type":"ListItem","position":1,"name":"Accueil","item":"https://www.nature-conservation-ubfc.com/bewm/fr/"},{"@type":"ListItem","position":2,"name":"Accueil"}]},{"@type":"WebSite","@id":"https://www.nature-conservation-ubfc.com/bewm/#website","url":"https://www.nature-conservation-ubfc.com/bewm/","name":"BEWM","description":"","potentialAction":[{"@type":"SearchAction","target":{"@type":"EntryPoint","urlTemplate":"https://www.nature-conservation-ubfc.com/bewm/?s={search_term_string}"},"query-input":"required name=search_term_string"}],"inLanguage":"fr-FR"}]}</script>
<!-- / Yoast SEO plugin. -->

Bienvenue sur le site web du Master Biologie de la Conservation, spécialité Ecologie Comportementale et Gestion de la Faune (ECGF) de l'Université de Bourgogne-Franche Comté, France. Soutenu par le Programme Investissements d'Avenir, ce nouveau diplôme proposait depuis 2017 un ensemble original d'enseignements théoriques et pratiques à l'interface entre l'écologie comportementale et la biologie de la [&hellip;]
